{"id":10157,"date":"2023-03-01T16:18:09","date_gmt":"2023-03-01T15:18:09","guid":{"rendered":"https:\/\/www.focus-obs.org\/test\/"},"modified":"2023-03-07T10:50:02","modified_gmt":"2023-03-07T09:50:02","slug":"25-yr-protection-human-rights-defenders-colombia","status":"publish","type":"page","link":"https:\/\/www.focus-obs.org\/fr\/25-yr-protection-human-rights-defenders-colombia\/","title":{"rendered":"25 ans de r\u00e9glementation pour la protection des d\u00e9fenseur.e.s des droits humains en Colombie"},"content":{"rendered":"\t\t<div data-elementor-type=\"wp-page\" data-elementor-id=\"10157\" class=\"elementor elementor-10157 elementor-10108\" data-elementor-post-type=\"page\">\n\t\t\t\t<div class=\"elementor-element elementor-element-83186c6 e-flex e-con-boxed e-con e-parent\" data-id=\"83186c6\" data-element_type=\"container\" data-settings=\"{&quot;background_background&quot;:&quot;classic&quot;,&quot;jet_parallax_layout_list&quot;:[]}\">\n\t\t\t\t\t<div class=\"e-con-inner\">\n\t\t<div class=\"elementor-element elementor-element-5021ef6 e-flex e-con-boxed e-con e-parent\" data-id=\"5021ef6\" data-element_type=\"container\" data-settings=\"{&quot;jet_parallax_layout_list&quot;:[]}\">\n\t\t\t\t\t<div class=\"e-con-inner\">\n\t\t\t\t<div class=\"elementor-element elementor-element-577374f elementor-widget elementor-widget-heading\" data-id=\"577374f\" data-element_type=\"widget\" data-widget_type=\"heading.default\">\n\t\t\t\t<div class=\"elementor-widget-container\">\n\t\t\t\t\t<h2 class=\"elementor-heading-title elementor-size-default\">25 ans de r\u00e9glementation pour la protection des d\u00e9fenseur.e.s des droits humains en Colombie<\/h2>\t\t\t\t<\/div>\n\t\t\t\t<\/div>\n\t\t\t\t\t<\/div>\n\t\t\t\t<\/div>\n\t\t\t\t\t<\/div>\n\t\t\t\t<\/div>\n\t\t<div class=\"elementor-element elementor-element-d38afce e-flex e-con-boxed e-con e-parent\" data-id=\"d38afce\" data-element_type=\"container\" data-settings=\"{&quot;jet_parallax_layout_list&quot;:[],&quot;background_background&quot;:&quot;classic&quot;}\">\n\t\t\t\t\t<div class=\"e-con-inner\">\n\t\t\t\t<div class=\"elementor-element elementor-element-5d51c92 elementor-widget elementor-widget-text-editor\" data-id=\"5d51c92\" data-element_type=\"widget\" data-widget_type=\"text-editor.default\">\n\t\t\t\t<div class=\"elementor-widget-container\">\n\t\t\t\t\t\t\t\t\t<p>Cela fait 25 ans que le premier m\u00e9canisme de protection des personnes en danger en raison d&rsquo;un conflit arm\u00e9 (d\u00e9cembre 1997) a \u00e9t\u00e9 introduit. Cette loi est la premi\u00e8re politique nationale au monde applicable \u00e0 la protection des d\u00e9fenseur.e.s des droits humains. A cette occasion, Protection International (PI) a r\u00e9alis\u00e9 une infographie, compilant les r\u00e9glementations nationales existantes concernant la protection des d\u00e9fenseur.e.s des droits humains en Colombie. Les r\u00e9glementations sont pr\u00e9sent\u00e9es dans une chronologie et sont regroup\u00e9es par mandats pr\u00e9sidentiels. Ce travail met \u00e9galement en \u00e9vidence les principaux risques auxquels ont \u00e9t\u00e9 confront\u00e9.e.s les d\u00e9fenseur.e.s des droits humains et les leaders sociaux au cours de ces 25 ann\u00e9es, ainsi que le manque continu de protection efficace du droit de d\u00e9fendre les droits humains en Colombie. Bien que l&rsquo;objectif de ce cadre l\u00e9gislatif ait \u00e9t\u00e9 de contrer les agressions contre les d\u00e9fenseur.e.s des droits humains, nous nous demandons: a-t-il \u00e9t\u00e9 utile ? A-t-il \u00e9t\u00e9 suffisant ? A-t-il contribu\u00e9 \u00e0 garantir la vie et le droit de d\u00e9fendre les droits humains ?<\/p>\t\t\t\t\t\t\t\t<\/div>\n\t\t\t\t<\/div>\n\t\t\t\t\t<\/div>\n\t\t\t\t<\/div>\n\t\t<div class=\"elementor-element elementor-element-1fd5509 e-con-full e-flex e-con e-parent\" data-id=\"1fd5509\" data-element_type=\"container\" data-settings=\"{&quot;jet_parallax_layout_list&quot;:[]}\">\n\t\t\t\t<div class=\"elementor-element elementor-element-69718f9 elementor-widget elementor-widget-text-editor\" data-id=\"69718f9\" data-element_type=\"widget\" data-widget_type=\"text-editor.default\">\n\t\t\t\t<div class=\"elementor-widget-container\">\n\t\t\t\t\t\t\t\t\t\n<p><script src=\"https:\/\/cdn.jsdelivr.net\/gh\/worldoptimizer\/HypeActionEvents\/HypeActionEvents.min.js\"><\/script><\/p>\n<div id=\"index_hype_container\" class=\"HYPE_document\" style=\"margin: auto; position: relative; width: 375px; height: 812px; overflow: hidden;\"><noscript>\n\t\t\t<img decoding=\"async\" src=\"\/index.hyperesources\/poster.jpg\" width=\"100%\" height=\"100%\">\n\t\t<\/noscript><script type=\"text\/javascript\" charset=\"utf-8\" src=\"\/index.hyperesources\/index_hype_generated_script.js?35237\"><\/script><\/div>\n\t\t\t\t\t\t\t\t<\/div>\n\t\t\t\t<\/div>\n\t\t\t\t<\/div>\n\t\t<div class=\"elementor-element elementor-element-898358c e-flex e-con-boxed e-con e-parent\" data-id=\"898358c\" data-element_type=\"container\" data-settings=\"{&quot;jet_parallax_layout_list&quot;:[]}\">\n\t\t\t\t\t<div class=\"e-con-inner\">\n\t\t\t\t<div class=\"elementor-element elementor-element-51c03d0 elementor-widget elementor-widget-text-editor\" data-id=\"51c03d0\" data-element_type=\"widget\" data-widget_type=\"text-editor.default\">\n\t\t\t\t<div class=\"elementor-widget-container\">\n\t\t\t\t\t\t\t\t\t<p>Trouvez le texte introductoire <a href=\"https:\/\/www.focus-obs.org\/fr\/documents\/25-years-protection-defenders-colombia-infographic\/\" target=\"_blank\" rel=\"noopener\">ici<\/a>. <\/p>\t\t\t\t\t\t\t\t<\/div>\n\t\t\t\t<\/div>\n\t\t\t\t\t<\/div>\n\t\t\t\t<\/div>\n\t\t\t\t<\/div>\n\t\t","protected":false},"excerpt":{"rendered":"<p>25 ans de r\u00e9glementation pour la protection des d\u00e9fenseur.e.s des droits humains en Colombie Cela fait 25 ans que le premier m\u00e9canisme de protection des personnes en danger en raison d&rsquo;un conflit arm\u00e9 (d\u00e9cembre 1997) a \u00e9t\u00e9 introduit. Cette loi est la premi\u00e8re politique nationale au monde applicable \u00e0 la protection des d\u00e9fenseur.e.s des droits [&hellip;]<\/p>\n","protected":false},"author":1,"featured_media":10031,"parent":0,"menu_order":0,"comment_status":"closed","ping_status":"closed","template":"elementor_header_footer","meta":{"_monsterinsights_skip_tracking":false,"_monsterinsights_sitenote_active":false,"_monsterinsights_sitenote_note":"","_monsterinsights_sitenote_category":0,"footnotes":""},"class_list":["post-10157","page","type-page","status-publish","has-post-thumbnail","hentry"],"_links":{"self":[{"href":"https:\/\/www.focus-obs.org\/fr\/wp-json\/wp\/v2\/pages\/10157","targetHints":{"allow":["GET"]}}],"collection":[{"href":"https:\/\/www.focus-obs.org\/fr\/wp-json\/wp\/v2\/pages"}],"about":[{"href":"https:\/\/www.focus-obs.org\/fr\/wp-json\/wp\/v2\/types\/page"}],"author":[{"embeddable":true,"href":"https:\/\/www.focus-obs.org\/fr\/wp-json\/wp\/v2\/users\/1"}],"replies":[{"embeddable":true,"href":"https:\/\/www.focus-obs.org\/fr\/wp-json\/wp\/v2\/comments?post=10157"}],"version-history":[{"count":21,"href":"https:\/\/www.focus-obs.org\/fr\/wp-json\/wp\/v2\/pages\/10157\/revisions"}],"predecessor-version":[{"id":10272,"href":"https:\/\/www.focus-obs.org\/fr\/wp-json\/wp\/v2\/pages\/10157\/revisions\/10272"}],"wp:featuredmedia":[{"embeddable":true,"href":"https:\/\/www.focus-obs.org\/fr\/wp-json\/wp\/v2\/media\/10031"}],"wp:attachment":[{"href":"https:\/\/www.focus-obs.org\/fr\/wp-json\/wp\/v2\/media?parent=10157"}],"curies":[{"name":"wp","href":"https:\/\/api.w.org\/{rel}","templated":true}]}}

25 ans de réglementation pour la protection des défenseur.e.s des droits humains en Colombie

<div data-elementor-type="wp-page" data-elementor-id="10157" class="elementor elementor-10157 elementor-10108" data-elementor-post-type="page">
				<div class="elementor-element elementor-element-83186c6 e-flex e-con-boxed e-con e-parent" data-id="83186c6" data-element_type="container" data-settings="{&quot;background_background&quot;:&quot;classic&quot;,&quot;jet_parallax_layout_list&quot;:[]}">
					<div class="e-con-inner">
		<div class="elementor-element elementor-element-5021ef6 e-flex e-con-boxed e-con e-parent" data-id="5021ef6" data-element_type="container" data-settings="{&quot;jet_parallax_layout_list&quot;:[]}">
					<div class="e-con-inner">
				<div class="elementor-element elementor-element-577374f elementor-widget elementor-widget-heading" data-id="577374f" data-element_type="widget" data-widget_type="heading.default">
				<div class="elementor-widget-container">
					<h2 class="elementor-heading-title elementor-size-default">25 ans de réglementation pour la protection des défenseur.e.s des droits humains en Colombie</h2>				</div>
				</div>
					</div>
				</div>
					</div>
				</div>
		<div class="elementor-element elementor-element-d38afce e-flex e-con-boxed e-con e-parent" data-id="d38afce" data-element_type="container" data-settings="{&quot;jet_parallax_layout_list&quot;:[],&quot;background_background&quot;:&quot;classic&quot;}">
					<div class="e-con-inner">
				<div class="elementor-element elementor-element-5d51c92 elementor-widget elementor-widget-text-editor" data-id="5d51c92" data-element_type="widget" data-widget_type="text-editor.default">
				<div class="elementor-widget-container">
									<p>Cela fait 25 ans que le premier mécanisme de protection des personnes en danger en raison d&rsquo;un conflit armé (décembre 1997) a été introduit. Cette loi est la première politique nationale au monde applicable à la protection des défenseur.e.s des droits humains. A cette occasion, Protection International (PI) a réalisé une infographie, compilant les réglementations nationales existantes concernant la protection des défenseur.e.s des droits humains en Colombie. Les réglementations sont présentées dans une chronologie et sont regroupées par mandats présidentiels. Ce travail met également en évidence les principaux risques auxquels ont été confronté.e.s les défenseur.e.s des droits humains et les leaders sociaux au cours de ces 25 années, ainsi que le manque continu de protection efficace du droit de défendre les droits humains en Colombie. Bien que l&rsquo;objectif de ce cadre législatif ait été de contrer les agressions contre les défenseur.e.s des droits humains, nous nous demandons: a-t-il été utile ? A-t-il été suffisant ? A-t-il contribué à garantir la vie et le droit de défendre les droits humains ?</p>								</div>
				</div>
					</div>
				</div>
		<div class="elementor-element elementor-element-1fd5509 e-con-full e-flex e-con e-parent" data-id="1fd5509" data-element_type="container" data-settings="{&quot;jet_parallax_layout_list&quot;:[]}">
				<div class="elementor-element elementor-element-69718f9 elementor-widget elementor-widget-text-editor" data-id="69718f9" data-element_type="widget" data-widget_type="text-editor.default">
				<div class="elementor-widget-container">
									
<p><script src="https://cdn.jsdelivr.net/gh/worldoptimizer/HypeActionEvents/HypeActionEvents.min.js"></script></p>
<div id="index_hype_container" class="HYPE_document" style="margin: auto; position: relative; width: 375px; height: 812px; overflow: hidden;"><noscript>
			<img decoding="async" src="/index.hyperesources/poster.jpg" width="100%" height="100%">
		</noscript><script type="text/javascript" charset="utf-8" src="/index.hyperesources/index_hype_generated_script.js?35237"></script></div>
								</div>
				</div>
				</div>
		<div class="elementor-element elementor-element-898358c e-flex e-con-boxed e-con e-parent" data-id="898358c" data-element_type="container" data-settings="{&quot;jet_parallax_layout_list&quot;:[]}">
					<div class="e-con-inner">
				<div class="elementor-element elementor-element-51c03d0 elementor-widget elementor-widget-text-editor" data-id="51c03d0" data-element_type="widget" data-widget_type="text-editor.default">
				<div class="elementor-widget-container">
									<p>Trouvez le texte introductoire <a href="https://www.focus-obs.org/fr/documents/25-years-protection-defenders-colombia-infographic/" target="_blank" rel="noopener">ici</a>. </p>								</div>
				</div>
					</div>
				</div>
				</div>

<p>25 ans de réglementation pour la protection des défenseur.e.s des droits humains en Colombie Cela fait 25 ans que le premier mécanisme de protection des personnes en danger en raison d&rsquo;un conflit armé (décembre 1997) a été introduit. Cette loi est la première politique nationale au monde applicable à la protection des défenseur.e.s des droits [&hellip;]</p>
