{"id":9202,"date":"2023-02-06T17:18:49","date_gmt":"2023-02-06T16:18:49","guid":{"rendered":"https:\/\/www.focus-obs.org\/documents\/cameroon-the-protection-of-human-rights-defenders-in-cameroon\/"},"modified":"2023-02-06T17:26:47","modified_gmt":"2023-02-06T16:26:47","slug":"cameroon-the-protection-of-human-rights-defenders-in-cameroon","status":"publish","type":"documents","link":"https:\/\/www.focus-obs.org\/fr\/documents\/cameroon-the-protection-of-human-rights-defenders-in-cameroon\/","title":{"rendered":"Cameroun: la probl\u00e9matique de la protection des d\u00e9fenseur.e.s des droits humains au Cameroun"},"content":{"rendered":"\n<p class=\"wp-block-paragraph\">Cette publication a \u00e9t\u00e9 publi\u00e9e par le <a href=\"http:\/\/nkafu.org\" target=\"_blank\" rel=\"noreferrer noopener\">Nkafu Policy Institute<\/a> en janvier 2023. Elle comprend une analyse des mesures de protection juridique dont disposent les d\u00e9fenseur.e.s des droits humains au Cameroun ainsi que les d\u00e9veloppements actuels concernant un projet de loi au Cameroun. Elle a \u00e9t\u00e9 r\u00e9dig\u00e9e par Steve Tametong et Vanessa Aboudi.<\/p>\n\n\n\n<p class=\"wp-block-paragraph\">Le document comprend \u00e9galement une courte liste de recommandations concernant la protection des d\u00e9fenseur.e.s des droits humains, notamment la recommandation que le gouvernement adopte une loi sp\u00e9cifique pour la protection des d\u00e9fenseur.e.s des droits humains.<\/p>\n\n\n\n<p class=\"wp-block-paragraph\">Trouvez la publication originale <a href=\"https:\/\/nkafu.org\/the-protection-of-human-rights-defenders-in-cameroon\/\" target=\"_blank\" rel=\"noreferrer noopener\">ici<\/a> en anglais et fran\u00e7ais (<a href=\"https:\/\/nkafu.org\/\" target=\"_blank\" rel=\"noreferrer noopener\">Nkafu Policy Institute<\/a>). <\/p>\n","protected":false},"template":"","document-original-language":[351],"authorship":[206],"type-of-document":[166],"progress":[],"location":[211,426],"class_list":["post-9202","documents","type-documents","status-publish","hentry","document-original-language-en-fr","authorship-societe-civile-et-universites","type-of-document-etude-ou-analyse","location-afrique","location-cameroun"],"yoast_head":"<!-- This site is optimized with the Yoast SEO plugin v28.4 - https:\/\/yoast.com\/product\/yoast-seo-wordpress\/ -->\n<title>Cameroun: la probl\u00e9matique de la protection des d\u00e9fenseur.e.s des droits humains au Cameroun - Focus: The Observatory On Public Policies For Defenders<\/title>\n<meta name=\"robots\" content=\"index, follow, max-snippet:-1, max-image-preview:large, max-video-preview:-1\" \/>\n<link rel=\"canonical\" href=\"https:\/\/www.focus-obs.org\/fr\/documents\/cameroon-the-protection-of-human-rights-defenders-in-cameroon\/\" \/>\n<meta property=\"og:locale\" content=\"fr_FR\" \/>\n<meta property=\"og:type\" content=\"article\" \/>\n<meta property=\"og:title\" content=\"Cameroun: la probl\u00e9matique de la protection des d\u00e9fenseur.e.s des droits humains au Cameroun - Focus: The Observatory On Public Policies For Defenders\" \/>\n<meta property=\"og:description\" content=\"Cette publication a \u00e9t\u00e9 publi\u00e9e par le Nkafu Policy Institute en janvier 2023. Elle comprend une analyse des mesures de protection juridique dont disposent les d\u00e9fenseur.e.s des droits humains au Cameroun ainsi que les d\u00e9veloppements actuels concernant un projet de loi au Cameroun. Elle a \u00e9t\u00e9 r\u00e9dig\u00e9e par Steve Tametong et Vanessa Aboudi. Le document [&hellip;]\" \/>\n<meta property=\"og:url\" content=\"https:\/\/www.focus-obs.org\/fr\/documents\/cameroon-the-protection-of-human-rights-defenders-in-cameroon\/\" \/>\n<meta property=\"og:site_name\" content=\"Focus: The Observatory On Public Policies For Defenders\" \/>\n<meta property=\"article:modified_time\" content=\"2023-02-06T16:26:47+00:00\" \/>\n<meta name=\"twitter:card\" content=\"summary_large_image\" \/>\n<meta name=\"twitter:label1\" content=\"Dur\u00e9e de lecture estim\u00e9e\" \/>\n\t<meta name=\"twitter:data1\" content=\"1 minute\" \/>\n<script type=\"application\/ld+json\" class=\"yoast-schema-graph\">{\"@context\":\"https:\\\/\\\/schema.org\",\"@graph\":[{\"@type\":\"WebPage\",\"@id\":\"https:\\\/\\\/www.focus-obs.org\\\/fr\\\/documents\\\/cameroon-the-protection-of-human-rights-defenders-in-cameroon\\\/\",\"url\":\"https:\\\/\\\/www.focus-obs.org\\\/fr\\\/documents\\\/cameroon-the-protection-of-human-rights-defenders-in-cameroon\\\/\",\"name\":\"Cameroun: la probl\u00e9matique de la protection des d\u00e9fenseur.e.s des droits humains au Cameroun - Focus: The Observatory On Public Policies For Defenders\",\"isPartOf\":{\"@id\":\"https:\\\/\\\/www.focus-obs.org\\\/es\\\/#website\"},\"datePublished\":\"2023-02-06T16:18:49+00:00\",\"dateModified\":\"2023-02-06T16:26:47+00:00\",\"breadcrumb\":{\"@id\":\"https:\\\/\\\/www.focus-obs.org\\\/fr\\\/documents\\\/cameroon-the-protection-of-human-rights-defenders-in-cameroon\\\/#breadcrumb\"},\"inLanguage\":\"fr-FR\",\"potentialAction\":[{\"@type\":\"ReadAction\",\"target\":[\"https:\\\/\\\/www.focus-obs.org\\\/fr\\\/documents\\\/cameroon-the-protection-of-human-rights-defenders-in-cameroon\\\/\"]}]},{\"@type\":\"BreadcrumbList\",\"@id\":\"https:\\\/\\\/www.focus-obs.org\\\/fr\\\/documents\\\/cameroon-the-protection-of-human-rights-defenders-in-cameroon\\\/#breadcrumb\",\"itemListElement\":[{\"@type\":\"ListItem\",\"position\":1,\"name\":\"Home\",\"item\":\"https:\\\/\\\/www.focus-obs.org\\\/fr\\\/acceuil\\\/\"},{\"@type\":\"ListItem\",\"position\":2,\"name\":\"Documents\",\"item\":\"https:\\\/\\\/www.focus-obs.org\\\/es\\\/documents\\\/\"},{\"@type\":\"ListItem\",\"position\":3,\"name\":\"Cameroun: la probl\u00e9matique de la protection des d\u00e9fenseur.e.s des droits humains au Cameroun\"}]},{\"@type\":\"WebSite\",\"@id\":\"https:\\\/\\\/www.focus-obs.org\\\/es\\\/#website\",\"url\":\"https:\\\/\\\/www.focus-obs.org\\\/es\\\/\",\"name\":\"Focus: The Observatory On Public Policies For Defenders\",\"description\":\"The Observatory On Public Policies For Defenders\",\"publisher\":{\"@id\":\"https:\\\/\\\/www.focus-obs.org\\\/es\\\/#organization\"},\"potentialAction\":[{\"@type\":\"SearchAction\",\"target\":{\"@type\":\"EntryPoint\",\"urlTemplate\":\"https:\\\/\\\/www.focus-obs.org\\\/es\\\/?s={search_term_string}\"},\"query-input\":{\"@type\":\"PropertyValueSpecification\",\"valueRequired\":true,\"valueName\":\"search_term_string\"}}],\"inLanguage\":\"fr-FR\"},{\"@type\":\"Organization\",\"@id\":\"https:\\\/\\\/www.focus-obs.org\\\/es\\\/#organization\",\"name\":\"Focus: The Observatory On Public Policies For Defenders\",\"url\":\"https:\\\/\\\/www.focus-obs.org\\\/es\\\/\",\"logo\":{\"@type\":\"ImageObject\",\"inLanguage\":\"fr-FR\",\"@id\":\"https:\\\/\\\/www.focus-obs.org\\\/es\\\/#\\\/schema\\\/logo\\\/image\\\/\",\"url\":\"https:\\\/\\\/www.focus-obs.org\\\/wp-content\\\/uploads\\\/2021\\\/01\\\/logo-focus-white-on-black-1.png\",\"contentUrl\":\"https:\\\/\\\/www.focus-obs.org\\\/wp-content\\\/uploads\\\/2021\\\/01\\\/logo-focus-white-on-black-1.png\",\"width\":2132,\"height\":735,\"caption\":\"Focus: The Observatory On Public Policies For Defenders\"},\"image\":{\"@id\":\"https:\\\/\\\/www.focus-obs.org\\\/es\\\/#\\\/schema\\\/logo\\\/image\\\/\"}}]}<\/script>\n<!-- \/ Yoast SEO plugin. -->","yoast_head_json":{"title":"Cameroun: la probl\u00e9matique de la protection des d\u00e9fenseur.e.s des droits humains au Cameroun - Focus: The Observatory On Public Policies For Defenders","robots":{"index":"index","follow":"follow","max-snippet":"max-snippet:-1","max-image-preview":"max-image-preview:large","max-video-preview":"max-video-preview:-1"},"canonical":"https:\/\/www.focus-obs.org\/fr\/documents\/cameroon-the-protection-of-human-rights-defenders-in-cameroon\/","og_locale":"fr_FR","og_type":"article","og_title":"Cameroun: la probl\u00e9matique de la protection des d\u00e9fenseur.e.s des droits humains au Cameroun - Focus: The Observatory On Public Policies For Defenders","og_description":"Cette publication a \u00e9t\u00e9 publi\u00e9e par le Nkafu Policy Institute en janvier 2023. Elle comprend une analyse des mesures de protection juridique dont disposent les d\u00e9fenseur.e.s des droits humains au Cameroun ainsi que les d\u00e9veloppements actuels concernant un projet de loi au Cameroun. Elle a \u00e9t\u00e9 r\u00e9dig\u00e9e par Steve Tametong et Vanessa Aboudi. Le document [&hellip;]","og_url":"https:\/\/www.focus-obs.org\/fr\/documents\/cameroon-the-protection-of-human-rights-defenders-in-cameroon\/","og_site_name":"Focus: The Observatory On Public Policies For Defenders","article_modified_time":"2023-02-06T16:26:47+00:00","twitter_card":"summary_large_image","twitter_misc":{"Dur\u00e9e de lecture estim\u00e9e":"1 minute"},"schema":{"@context":"https:\/\/schema.org","@graph":[{"@type":"WebPage","@id":"https:\/\/www.focus-obs.org\/fr\/documents\/cameroon-the-protection-of-human-rights-defenders-in-cameroon\/","url":"https:\/\/www.focus-obs.org\/fr\/documents\/cameroon-the-protection-of-human-rights-defenders-in-cameroon\/","name":"Cameroun: la probl\u00e9matique de la protection des d\u00e9fenseur.e.s des droits humains au Cameroun - Focus: The Observatory On Public Policies For Defenders","isPartOf":{"@id":"https:\/\/www.focus-obs.org\/es\/#website"},"datePublished":"2023-02-06T16:18:49+00:00","dateModified":"2023-02-06T16:26:47+00:00","breadcrumb":{"@id":"https:\/\/www.focus-obs.org\/fr\/documents\/cameroon-the-protection-of-human-rights-defenders-in-cameroon\/#breadcrumb"},"inLanguage":"fr-FR","potentialAction":[{"@type":"ReadAction","target":["https:\/\/www.focus-obs.org\/fr\/documents\/cameroon-the-protection-of-human-rights-defenders-in-cameroon\/"]}]},{"@type":"BreadcrumbList","@id":"https:\/\/www.focus-obs.org\/fr\/documents\/cameroon-the-protection-of-human-rights-defenders-in-cameroon\/#breadcrumb","itemListElement":[{"@type":"ListItem","position":1,"name":"Home","item":"https:\/\/www.focus-obs.org\/fr\/acceuil\/"},{"@type":"ListItem","position":2,"name":"Documents","item":"https:\/\/www.focus-obs.org\/es\/documents\/"},{"@type":"ListItem","position":3,"name":"Cameroun: la probl\u00e9matique de la protection des d\u00e9fenseur.e.s des droits humains au Cameroun"}]},{"@type":"WebSite","@id":"https:\/\/www.focus-obs.org\/es\/#website","url":"https:\/\/www.focus-obs.org\/es\/","name":"Focus: The Observatory On Public Policies For Defenders","description":"The Observatory On Public Policies For Defenders","publisher":{"@id":"https:\/\/www.focus-obs.org\/es\/#organization"},"potentialAction":[{"@type":"SearchAction","target":{"@type":"EntryPoint","urlTemplate":"https:\/\/www.focus-obs.org\/es\/?s={search_term_string}"},"query-input":{"@type":"PropertyValueSpecification","valueRequired":true,"valueName":"search_term_string"}}],"inLanguage":"fr-FR"},{"@type":"Organization","@id":"https:\/\/www.focus-obs.org\/es\/#organization","name":"Focus: The Observatory On Public Policies For Defenders","url":"https:\/\/www.focus-obs.org\/es\/","logo":{"@type":"ImageObject","inLanguage":"fr-FR","@id":"https:\/\/www.focus-obs.org\/es\/#\/schema\/logo\/image\/","url":"https:\/\/www.focus-obs.org\/wp-content\/uploads\/2021\/01\/logo-focus-white-on-black-1.png","contentUrl":"https:\/\/www.focus-obs.org\/wp-content\/uploads\/2021\/01\/logo-focus-white-on-black-1.png","width":2132,"height":735,"caption":"Focus: The Observatory On Public Policies For Defenders"},"image":{"@id":"https:\/\/www.focus-obs.org\/es\/#\/schema\/logo\/image\/"}}]}},"_links":{"self":[{"href":"https:\/\/www.focus-obs.org\/fr\/wp-json\/wp\/v2\/documents\/9202","targetHints":{"allow":["GET"]}}],"collection":[{"href":"https:\/\/www.focus-obs.org\/fr\/wp-json\/wp\/v2\/documents"}],"about":[{"href":"https:\/\/www.focus-obs.org\/fr\/wp-json\/wp\/v2\/types\/documents"}],"version-history":[{"count":1,"href":"https:\/\/www.focus-obs.org\/fr\/wp-json\/wp\/v2\/documents\/9202\/revisions"}],"predecessor-version":[{"id":9208,"href":"https:\/\/www.focus-obs.org\/fr\/wp-json\/wp\/v2\/documents\/9202\/revisions\/9208"}],"wp:attachment":[{"href":"https:\/\/www.focus-obs.org\/fr\/wp-json\/wp\/v2\/media?parent=9202"}],"wp:term":[{"taxonomy":"document-original-language","embeddable":true,"href":"https:\/\/www.focus-obs.org\/fr\/wp-json\/wp\/v2\/document-original-language?post=9202"},{"taxonomy":"authorship","embeddable":true,"href":"https:\/\/www.focus-obs.org\/fr\/wp-json\/wp\/v2\/authorship?post=9202"},{"taxonomy":"type-of-document","embeddable":true,"href":"https:\/\/www.focus-obs.org\/fr\/wp-json\/wp\/v2\/type-of-document?post=9202"},{"taxonomy":"progress","embeddable":true,"href":"https:\/\/www.focus-obs.org\/fr\/wp-json\/wp\/v2\/progress?post=9202"},{"taxonomy":"location","embeddable":true,"href":"https:\/\/www.focus-obs.org\/fr\/wp-json\/wp\/v2\/location?post=9202"}],"curies":[{"name":"wp","href":"https:\/\/api.w.org\/{rel}","templated":true}]}}

Cameroun: la problématique de la protection des défenseur.e.s des droits humains au Cameroun

<p class="wp-block-paragraph">Cette publication a été publiée par le <a href="http://nkafu.org" target="_blank" rel="noreferrer noopener">Nkafu Policy Institute</a> en janvier 2023. Elle comprend une analyse des mesures de protection juridique dont disposent les défenseur.e.s des droits humains au Cameroun ainsi que les développements actuels concernant un projet de loi au Cameroun. Elle a été rédigée par Steve Tametong et Vanessa Aboudi.</p>



<p class="wp-block-paragraph">Le document comprend également une courte liste de recommandations concernant la protection des défenseur.e.s des droits humains, notamment la recommandation que le gouvernement adopte une loi spécifique pour la protection des défenseur.e.s des droits humains.</p>



<p class="wp-block-paragraph">Trouvez la publication originale <a href="https://nkafu.org/the-protection-of-human-rights-defenders-in-cameroon/" target="_blank" rel="noreferrer noopener">ici</a> en anglais et français (<a href="https://nkafu.org/" target="_blank" rel="noreferrer noopener">Nkafu Policy Institute</a>). </p>

<!-- This site is optimized with the Yoast SEO plugin v28.4 - https://yoast.com/product/yoast-seo-wordpress/ -->
<title>Cameroun: la problématique de la protection des défenseur.e.s des droits humains au Cameroun - Focus: The Observatory On Public Policies For Defenders</title>
<meta name="robots" content="index, follow, max-snippet:-1, max-image-preview:large, max-video-preview:-1" />
<link rel="canonical" href="https://www.focus-obs.org/fr/documents/cameroon-the-protection-of-human-rights-defenders-in-cameroon/" />
<meta property="og:locale" content="fr_FR" />
<meta property="og:type" content="article" />
<meta property="og:title" content="Cameroun: la problématique de la protection des défenseur.e.s des droits humains au Cameroun - Focus: The Observatory On Public Policies For Defenders" />
<meta property="og:description" content="Cette publication a été publiée par le Nkafu Policy Institute en janvier 2023. Elle comprend une analyse des mesures de protection juridique dont disposent les défenseur.e.s des droits humains au Cameroun ainsi que les développements actuels concernant un projet de loi au Cameroun. Elle a été rédigée par Steve Tametong et Vanessa Aboudi. Le document [&hellip;]" />
<meta property="og:url" content="https://www.focus-obs.org/fr/documents/cameroon-the-protection-of-human-rights-defenders-in-cameroon/" />
<meta property="og:site_name" content="Focus: The Observatory On Public Policies For Defenders" />
<meta property="article:modified_time" content="2023-02-06T16:26:47+00:00" />
<meta name="twitter:card" content="summary_large_image" />
<meta name="twitter:label1" content="Durée de lecture estimée" />
	<meta name="twitter:data1" content="1 minute" />
<script type="application/ld+json" class="yoast-schema-graph">{"@context":"https:\/\/schema.org","@graph":[{"@type":"WebPage","@id":"https:\/\/www.focus-obs.org\/fr\/documents\/cameroon-the-protection-of-human-rights-defenders-in-cameroon\/","url":"https:\/\/www.focus-obs.org\/fr\/documents\/cameroon-the-protection-of-human-rights-defenders-in-cameroon\/","name":"Cameroun: la problématique de la protection des défenseur.e.s des droits humains au Cameroun - Focus: The Observatory On Public Policies For Defenders","isPartOf":{"@id":"https:\/\/www.focus-obs.org\/es\/#website"},"datePublished":"2023-02-06T16:18:49+00:00","dateModified":"2023-02-06T16:26:47+00:00","breadcrumb":{"@id":"https:\/\/www.focus-obs.org\/fr\/documents\/cameroon-the-protection-of-human-rights-defenders-in-cameroon\/#breadcrumb"},"inLanguage":"fr-FR","potentialAction":[{"@type":"ReadAction","target":["https:\/\/www.focus-obs.org\/fr\/documents\/cameroon-the-protection-of-human-rights-defenders-in-cameroon\/"]}]},{"@type":"BreadcrumbList","@id":"https:\/\/www.focus-obs.org\/fr\/documents\/cameroon-the-protection-of-human-rights-defenders-in-cameroon\/#breadcrumb","itemListElement":[{"@type":"ListItem","position":1,"name":"Home","item":"https:\/\/www.focus-obs.org\/fr\/acceuil\/"},{"@type":"ListItem","position":2,"name":"Documents","item":"https:\/\/www.focus-obs.org\/es\/documents\/"},{"@type":"ListItem","position":3,"name":"Cameroun: la problématique de la protection des défenseur.e.s des droits humains au Cameroun"}]},{"@type":"WebSite","@id":"https:\/\/www.focus-obs.org\/es\/#website","url":"https:\/\/www.focus-obs.org\/es\/","name":"Focus: The Observatory On Public Policies For Defenders","description":"The Observatory On Public Policies For Defenders","publisher":{"@id":"https:\/\/www.focus-obs.org\/es\/#organization"},"potentialAction":[{"@type":"SearchAction","target":{"@type":"EntryPoint","urlTemplate":"https:\/\/www.focus-obs.org\/es\/?s={search_term_string}"},"query-input":{"@type":"PropertyValueSpecification","valueRequired":true,"valueName":"search_term_string"}}],"inLanguage":"fr-FR"},{"@type":"Organization","@id":"https:\/\/www.focus-obs.org\/es\/#organization","name":"Focus: The Observatory On Public Policies For Defenders","url":"https:\/\/www.focus-obs.org\/es\/","logo":{"@type":"ImageObject","inLanguage":"fr-FR","@id":"https:\/\/www.focus-obs.org\/es\/#\/schema\/logo\/image\/","url":"https:\/\/www.focus-obs.org\/wp-content\/uploads\/2021\/01\/logo-focus-white-on-black-1.png","contentUrl":"https:\/\/www.focus-obs.org\/wp-content\/uploads\/2021\/01\/logo-focus-white-on-black-1.png","width":2132,"height":735,"caption":"Focus: The Observatory On Public Policies For Defenders"},"image":{"@id":"https:\/\/www.focus-obs.org\/es\/#\/schema\/logo\/image\/"}}]}</script>
<!-- / Yoast SEO plugin. -->

Cameroun: la problématique de la protection des défenseur.e.s des droits humains au Cameroun - Focus: The Observatory On Public Policies For Defenders

Cette publication a été publiée par le Nkafu Policy Institute en janvier 2023. Elle comprend une analyse des mesures de protection juridique dont disposent les défenseur.e.s des droits humains au Cameroun ainsi que les développements actuels concernant un projet de loi au Cameroun. Elle a été rédigée par Steve Tametong et Vanessa Aboudi. Le document [&hellip;]
