{"id":8657,"date":"2022-11-10T11:10:16","date_gmt":"2022-11-10T10:10:16","guid":{"rendered":"https:\/\/www.focus-obs.org\/documents\/colombia-plan-de-emergencia-para-la-proteccion-a-personas-lideres-sociales-defensoras-de-ddhh-y-firmantes-de-paz\/"},"modified":"2022-11-10T11:27:10","modified_gmt":"2022-11-10T10:27:10","slug":"colombia-plan-de-emergencia-para-la-proteccion-a-personas-lideres-sociales-defensoras-de-ddhh-y-firmantes-de-paz","status":"publish","type":"documents","link":"https:\/\/www.focus-obs.org\/fr\/documents\/colombia-plan-de-emergencia-para-la-proteccion-a-personas-lideres-sociales-defensoras-de-ddhh-y-firmantes-de-paz\/","title":{"rendered":"Colombie : Plan d&rsquo;urgence pour la protection des leaders sociaux, des d\u00e9fenseur\u00b7e\u00b7s des droits humains et des partisan\u00b7e\u00b7s de la paix"},"content":{"rendered":"\n<p>En septembre 2022, le gouvernement colombien a introduit le Plan d&rsquo;urgence pour la protection des leaders sociaux, des d\u00e9fenseur\u00b7e\u00b7s des droits humains et des partisan\u00b7e\u00b7s de la paix. Ce plan vise \u00e0 \u00eatre la base de la mise en \u0153uvre de mesures concr\u00e8tes et op\u00e9rationnelles qui g\u00e9n\u00e8rent les conditions pour la cr\u00e9ation ult\u00e9rieure d&rsquo;une politique publique int\u00e9grale de garanties qui apporte une r\u00e9ponse structurelle aux violations des droits des leaders sociaux, des d\u00e9fenseur\u00b7e\u00b7s des droits humains et des signataires de la paix. Elle vise donc \u00e0 prot\u00e9ger les vies et \u00e0 mettre fin aux agressions contre la population cible.<\/p>\n\n\n\n<p>Le plan comporte des mesures \u00e0 court terme (100 jours apr\u00e8s la mise en \u0153uvre des postes de commandement unifi\u00e9s pour la vie -PMUV-) et \u00e0 moyen terme (un an apr\u00e8s les 100 jours). Les mesures de protection sont divis\u00e9es en six domaines : a) G\u00e9n\u00e9ration de la confiance institutionnelle et pr\u00e9vention de la stigmatisation ; b) Mesures pour la justice et contre l&rsquo;impunit\u00e9 ; c) Action pr\u00e9ventive et strat\u00e9gique des forces de s\u00e9curit\u00e9 sur le terrain ; d) Pr\u00e9sence territoriale de l&rsquo;\u00c9tat et accompagnement de la communaut\u00e9 internationale ; e) Gestion des risques et actions humanitaires ; f) Mesures administratives pour la s\u00e9curit\u00e9 territoriale.<\/p>\n\n\n\n<p>Trouvez le document original <a href=\"https:\/\/www.unp.gov.co\/plan-de-emergencia\/\" target=\"_blank\" rel=\"noreferrer noopener\">ici<\/a> en espagnol (<a href=\"https:\/\/www.unp.gov.co\/\" target=\"_blank\" rel=\"noreferrer noopener\">Unidad Nacional de Protecci\u00f3n<\/a>). <\/p>\n","protected":false},"template":"","document-original-language":[353],"authorship":[153],"type-of-document":[162],"progress":[158],"location":[178,168],"class_list":["post-8657","documents","type-documents","status-publish","hentry","document-original-language-es-fr","authorship-autorites-et-institutions-nationales","type-of-document-loi-ou-decret-ou-similaire-y-compris-les-propositions","progress-en-vigueur","location-colombie","location-ameriques"],"_links":{"self":[{"href":"https:\/\/www.focus-obs.org\/fr\/wp-json\/wp\/v2\/documents\/8657","targetHints":{"allow":["GET"]}}],"collection":[{"href":"https:\/\/www.focus-obs.org\/fr\/wp-json\/wp\/v2\/documents"}],"about":[{"href":"https:\/\/www.focus-obs.org\/fr\/wp-json\/wp\/v2\/types\/documents"}],"version-history":[{"count":3,"href":"https:\/\/www.focus-obs.org\/fr\/wp-json\/wp\/v2\/documents\/8657\/revisions"}],"predecessor-version":[{"id":8664,"href":"https:\/\/www.focus-obs.org\/fr\/wp-json\/wp\/v2\/documents\/8657\/revisions\/8664"}],"wp:attachment":[{"href":"https:\/\/www.focus-obs.org\/fr\/wp-json\/wp\/v2\/media?parent=8657"}],"wp:term":[{"taxonomy":"document-original-language","embeddable":true,"href":"https:\/\/www.focus-obs.org\/fr\/wp-json\/wp\/v2\/document-original-language?post=8657"},{"taxonomy":"authorship","embeddable":true,"href":"https:\/\/www.focus-obs.org\/fr\/wp-json\/wp\/v2\/authorship?post=8657"},{"taxonomy":"type-of-document","embeddable":true,"href":"https:\/\/www.focus-obs.org\/fr\/wp-json\/wp\/v2\/type-of-document?post=8657"},{"taxonomy":"progress","embeddable":true,"href":"https:\/\/www.focus-obs.org\/fr\/wp-json\/wp\/v2\/progress?post=8657"},{"taxonomy":"location","embeddable":true,"href":"https:\/\/www.focus-obs.org\/fr\/wp-json\/wp\/v2\/location?post=8657"}],"curies":[{"name":"wp","href":"https:\/\/api.w.org\/{rel}","templated":true}]}}

Colombie : Plan d&rsquo;urgence pour la protection des leaders sociaux, des défenseur·e·s des droits humains et des partisan·e·s de la paix

<p>En septembre 2022, le gouvernement colombien a introduit le Plan d&rsquo;urgence pour la protection des leaders sociaux, des défenseur·e·s des droits humains et des partisan·e·s de la paix. Ce plan vise à être la base de la mise en œuvre de mesures concrètes et opérationnelles qui génèrent les conditions pour la création ultérieure d&rsquo;une politique publique intégrale de garanties qui apporte une réponse structurelle aux violations des droits des leaders sociaux, des défenseur·e·s des droits humains et des signataires de la paix. Elle vise donc à protéger les vies et à mettre fin aux agressions contre la population cible.</p>



<p>Le plan comporte des mesures à court terme (100 jours après la mise en œuvre des postes de commandement unifiés pour la vie -PMUV-) et à moyen terme (un an après les 100 jours). Les mesures de protection sont divisées en six domaines : a) Génération de la confiance institutionnelle et prévention de la stigmatisation ; b) Mesures pour la justice et contre l&rsquo;impunité ; c) Action préventive et stratégique des forces de sécurité sur le terrain ; d) Présence territoriale de l&rsquo;État et accompagnement de la communauté internationale ; e) Gestion des risques et actions humanitaires ; f) Mesures administratives pour la sécurité territoriale.</p>



<p>Trouvez le document original <a href="https://www.unp.gov.co/plan-de-emergencia/" target="_blank" rel="noreferrer noopener">ici</a> en espagnol (<a href="https://www.unp.gov.co/" target="_blank" rel="noreferrer noopener">Unidad Nacional de Protección</a>). </p>
