{"id":7504,"date":"2022-10-10T17:47:06","date_gmt":"2022-10-10T15:47:06","guid":{"rendered":"https:\/\/www.focus-obs.org\/documents\/democratic-republic-of-the-congo-draft-edict-in-sud-ubangi\/"},"modified":"2022-10-11T15:23:01","modified_gmt":"2022-10-11T13:23:01","slug":"democratic-republic-of-the-congo-draft-edict-in-sud-ubangi","status":"publish","type":"documents","link":"https:\/\/www.focus-obs.org\/fr\/documents\/democratic-republic-of-the-congo-draft-edict-in-sud-ubangi\/","title":{"rendered":"R\u00e9publique d\u00e9mocratique du Congo: projet d&rsquo;\u00e9dit au Sud-Ubangi"},"content":{"rendered":"\n<p class=\"wp-block-paragraph\">Un projet d&rsquo;Edit portant protection des defenseur\u00b7e\u00b7s des droits humains et journalistes a \u00e9t\u00e9 propos\u00e9 \u00e0 l&rsquo;Assembl\u00e9e Provincial du province de Sud-Ubangi. Le document comprend une d\u00e9finition compr\u00e9hensive de d\u00e9fenseur\u00b7e\u00b7s des droits humains, ainsi que de nombreuses obligations pour l&rsquo;\u00e9tat comme l&rsquo;obligation de prendre \u00ab\u00a0toutes les mesures n\u00e9cessaires &#8230; pour instaurer des conditions sociales, \u00e9conomiques, politiques et autre ainsi que les garanties juridiques voulues pour que toutes les personnes [&#8230;], individuellement ou en association avec d\u2019autres, jouir en pratique de tous ces droits et de toutes ces libert\u00e9s .\u00a0\u00bb<\/p>\n\n\n\n<p class=\"wp-block-paragraph\">En ce moment, la loi est sous examination par la Politique Administrative et Judiciaire (PAJ). Nous resterons inform\u00e9s de la situation et communiquerons tout changement sur FOCUS.<\/p>\n","protected":false},"template":"","document-original-language":[354],"authorship":[154],"type-of-document":[162],"progress":[160],"location":[203,211],"class_list":["post-7504","documents","type-documents","status-publish","hentry","document-original-language-fr-fr","authorship-autorites-et-institutions-infranationales","type-of-document-loi-ou-decret-ou-similaire-y-compris-les-propositions","progress-en-discussion","location-republique-democratique-du-congo","location-afrique"],"yoast_head":"<!-- This site is optimized with the Yoast SEO plugin v28.4 - https:\/\/yoast.com\/product\/yoast-seo-wordpress\/ -->\n<title>R\u00e9publique d\u00e9mocratique du Congo: projet d&#039;\u00e9dit au Sud-Ubangi - Focus: The Observatory On Public Policies For Defenders<\/title>\n<meta name=\"robots\" content=\"index, follow, max-snippet:-1, max-image-preview:large, max-video-preview:-1\" \/>\n<link rel=\"canonical\" href=\"https:\/\/www.focus-obs.org\/fr\/documents\/democratic-republic-of-the-congo-draft-edict-in-sud-ubangi\/\" \/>\n<meta property=\"og:locale\" content=\"fr_FR\" \/>\n<meta property=\"og:type\" content=\"article\" \/>\n<meta property=\"og:title\" content=\"R\u00e9publique d\u00e9mocratique du Congo: projet d&#039;\u00e9dit au Sud-Ubangi - Focus: The Observatory On Public Policies For Defenders\" \/>\n<meta property=\"og:description\" content=\"Un projet d&rsquo;Edit portant protection des defenseur\u00b7e\u00b7s des droits humains et journalistes a \u00e9t\u00e9 propos\u00e9 \u00e0 l&rsquo;Assembl\u00e9e Provincial du province de Sud-Ubangi. Le document comprend une d\u00e9finition compr\u00e9hensive de d\u00e9fenseur\u00b7e\u00b7s des droits humains, ainsi que de nombreuses obligations pour l&rsquo;\u00e9tat comme l&rsquo;obligation de prendre \u00ab\u00a0toutes les mesures n\u00e9cessaires &#8230; pour instaurer des conditions sociales, \u00e9conomiques, [&hellip;]\" \/>\n<meta property=\"og:url\" content=\"https:\/\/www.focus-obs.org\/fr\/documents\/democratic-republic-of-the-congo-draft-edict-in-sud-ubangi\/\" \/>\n<meta property=\"og:site_name\" content=\"Focus: The Observatory On Public Policies For Defenders\" \/>\n<meta property=\"article:modified_time\" content=\"2022-10-11T13:23:01+00:00\" \/>\n<meta name=\"twitter:card\" content=\"summary_large_image\" \/>\n<meta name=\"twitter:label1\" content=\"Dur\u00e9e de lecture estim\u00e9e\" \/>\n\t<meta name=\"twitter:data1\" content=\"1 minute\" \/>\n<script type=\"application\/ld+json\" class=\"yoast-schema-graph\">{\"@context\":\"https:\\\/\\\/schema.org\",\"@graph\":[{\"@type\":\"WebPage\",\"@id\":\"https:\\\/\\\/www.focus-obs.org\\\/fr\\\/documents\\\/democratic-republic-of-the-congo-draft-edict-in-sud-ubangi\\\/\",\"url\":\"https:\\\/\\\/www.focus-obs.org\\\/fr\\\/documents\\\/democratic-republic-of-the-congo-draft-edict-in-sud-ubangi\\\/\",\"name\":\"R\u00e9publique d\u00e9mocratique du Congo: projet d'\u00e9dit au Sud-Ubangi - Focus: The Observatory On Public Policies For Defenders\",\"isPartOf\":{\"@id\":\"https:\\\/\\\/www.focus-obs.org\\\/es\\\/#website\"},\"datePublished\":\"2022-10-10T15:47:06+00:00\",\"dateModified\":\"2022-10-11T13:23:01+00:00\",\"breadcrumb\":{\"@id\":\"https:\\\/\\\/www.focus-obs.org\\\/fr\\\/documents\\\/democratic-republic-of-the-congo-draft-edict-in-sud-ubangi\\\/#breadcrumb\"},\"inLanguage\":\"fr-FR\",\"potentialAction\":[{\"@type\":\"ReadAction\",\"target\":[\"https:\\\/\\\/www.focus-obs.org\\\/fr\\\/documents\\\/democratic-republic-of-the-congo-draft-edict-in-sud-ubangi\\\/\"]}]},{\"@type\":\"BreadcrumbList\",\"@id\":\"https:\\\/\\\/www.focus-obs.org\\\/fr\\\/documents\\\/democratic-republic-of-the-congo-draft-edict-in-sud-ubangi\\\/#breadcrumb\",\"itemListElement\":[{\"@type\":\"ListItem\",\"position\":1,\"name\":\"Home\",\"item\":\"https:\\\/\\\/www.focus-obs.org\\\/fr\\\/acceuil\\\/\"},{\"@type\":\"ListItem\",\"position\":2,\"name\":\"Documents\",\"item\":\"https:\\\/\\\/www.focus-obs.org\\\/es\\\/documents\\\/\"},{\"@type\":\"ListItem\",\"position\":3,\"name\":\"R\u00e9publique d\u00e9mocratique du Congo: projet d&#8217;\u00e9dit au Sud-Ubangi\"}]},{\"@type\":\"WebSite\",\"@id\":\"https:\\\/\\\/www.focus-obs.org\\\/es\\\/#website\",\"url\":\"https:\\\/\\\/www.focus-obs.org\\\/es\\\/\",\"name\":\"Focus: The Observatory On Public Policies For Defenders\",\"description\":\"The Observatory On Public Policies For Defenders\",\"publisher\":{\"@id\":\"https:\\\/\\\/www.focus-obs.org\\\/es\\\/#organization\"},\"potentialAction\":[{\"@type\":\"SearchAction\",\"target\":{\"@type\":\"EntryPoint\",\"urlTemplate\":\"https:\\\/\\\/www.focus-obs.org\\\/es\\\/?s={search_term_string}\"},\"query-input\":{\"@type\":\"PropertyValueSpecification\",\"valueRequired\":true,\"valueName\":\"search_term_string\"}}],\"inLanguage\":\"fr-FR\"},{\"@type\":\"Organization\",\"@id\":\"https:\\\/\\\/www.focus-obs.org\\\/es\\\/#organization\",\"name\":\"Focus: The Observatory On Public Policies For Defenders\",\"url\":\"https:\\\/\\\/www.focus-obs.org\\\/es\\\/\",\"logo\":{\"@type\":\"ImageObject\",\"inLanguage\":\"fr-FR\",\"@id\":\"https:\\\/\\\/www.focus-obs.org\\\/es\\\/#\\\/schema\\\/logo\\\/image\\\/\",\"url\":\"https:\\\/\\\/www.focus-obs.org\\\/wp-content\\\/uploads\\\/2021\\\/01\\\/logo-focus-white-on-black-1.png\",\"contentUrl\":\"https:\\\/\\\/www.focus-obs.org\\\/wp-content\\\/uploads\\\/2021\\\/01\\\/logo-focus-white-on-black-1.png\",\"width\":2132,\"height\":735,\"caption\":\"Focus: The Observatory On Public Policies For Defenders\"},\"image\":{\"@id\":\"https:\\\/\\\/www.focus-obs.org\\\/es\\\/#\\\/schema\\\/logo\\\/image\\\/\"}}]}<\/script>\n<!-- \/ Yoast SEO plugin. -->","yoast_head_json":{"title":"R\u00e9publique d\u00e9mocratique du Congo: projet d'\u00e9dit au Sud-Ubangi - Focus: The Observatory On Public Policies For Defenders","robots":{"index":"index","follow":"follow","max-snippet":"max-snippet:-1","max-image-preview":"max-image-preview:large","max-video-preview":"max-video-preview:-1"},"canonical":"https:\/\/www.focus-obs.org\/fr\/documents\/democratic-republic-of-the-congo-draft-edict-in-sud-ubangi\/","og_locale":"fr_FR","og_type":"article","og_title":"R\u00e9publique d\u00e9mocratique du Congo: projet d'\u00e9dit au Sud-Ubangi - Focus: The Observatory On Public Policies For Defenders","og_description":"Un projet d&rsquo;Edit portant protection des defenseur\u00b7e\u00b7s des droits humains et journalistes a \u00e9t\u00e9 propos\u00e9 \u00e0 l&rsquo;Assembl\u00e9e Provincial du province de Sud-Ubangi. Le document comprend une d\u00e9finition compr\u00e9hensive de d\u00e9fenseur\u00b7e\u00b7s des droits humains, ainsi que de nombreuses obligations pour l&rsquo;\u00e9tat comme l&rsquo;obligation de prendre \u00ab\u00a0toutes les mesures n\u00e9cessaires &#8230; pour instaurer des conditions sociales, \u00e9conomiques, [&hellip;]","og_url":"https:\/\/www.focus-obs.org\/fr\/documents\/democratic-republic-of-the-congo-draft-edict-in-sud-ubangi\/","og_site_name":"Focus: The Observatory On Public Policies For Defenders","article_modified_time":"2022-10-11T13:23:01+00:00","twitter_card":"summary_large_image","twitter_misc":{"Dur\u00e9e de lecture estim\u00e9e":"1 minute"},"schema":{"@context":"https:\/\/schema.org","@graph":[{"@type":"WebPage","@id":"https:\/\/www.focus-obs.org\/fr\/documents\/democratic-republic-of-the-congo-draft-edict-in-sud-ubangi\/","url":"https:\/\/www.focus-obs.org\/fr\/documents\/democratic-republic-of-the-congo-draft-edict-in-sud-ubangi\/","name":"R\u00e9publique d\u00e9mocratique du Congo: projet d'\u00e9dit au Sud-Ubangi - Focus: The Observatory On Public Policies For Defenders","isPartOf":{"@id":"https:\/\/www.focus-obs.org\/es\/#website"},"datePublished":"2022-10-10T15:47:06+00:00","dateModified":"2022-10-11T13:23:01+00:00","breadcrumb":{"@id":"https:\/\/www.focus-obs.org\/fr\/documents\/democratic-republic-of-the-congo-draft-edict-in-sud-ubangi\/#breadcrumb"},"inLanguage":"fr-FR","potentialAction":[{"@type":"ReadAction","target":["https:\/\/www.focus-obs.org\/fr\/documents\/democratic-republic-of-the-congo-draft-edict-in-sud-ubangi\/"]}]},{"@type":"BreadcrumbList","@id":"https:\/\/www.focus-obs.org\/fr\/documents\/democratic-republic-of-the-congo-draft-edict-in-sud-ubangi\/#breadcrumb","itemListElement":[{"@type":"ListItem","position":1,"name":"Home","item":"https:\/\/www.focus-obs.org\/fr\/acceuil\/"},{"@type":"ListItem","position":2,"name":"Documents","item":"https:\/\/www.focus-obs.org\/es\/documents\/"},{"@type":"ListItem","position":3,"name":"R\u00e9publique d\u00e9mocratique du Congo: projet d&#8217;\u00e9dit au Sud-Ubangi"}]},{"@type":"WebSite","@id":"https:\/\/www.focus-obs.org\/es\/#website","url":"https:\/\/www.focus-obs.org\/es\/","name":"Focus: The Observatory On Public Policies For Defenders","description":"The Observatory On Public Policies For Defenders","publisher":{"@id":"https:\/\/www.focus-obs.org\/es\/#organization"},"potentialAction":[{"@type":"SearchAction","target":{"@type":"EntryPoint","urlTemplate":"https:\/\/www.focus-obs.org\/es\/?s={search_term_string}"},"query-input":{"@type":"PropertyValueSpecification","valueRequired":true,"valueName":"search_term_string"}}],"inLanguage":"fr-FR"},{"@type":"Organization","@id":"https:\/\/www.focus-obs.org\/es\/#organization","name":"Focus: The Observatory On Public Policies For Defenders","url":"https:\/\/www.focus-obs.org\/es\/","logo":{"@type":"ImageObject","inLanguage":"fr-FR","@id":"https:\/\/www.focus-obs.org\/es\/#\/schema\/logo\/image\/","url":"https:\/\/www.focus-obs.org\/wp-content\/uploads\/2021\/01\/logo-focus-white-on-black-1.png","contentUrl":"https:\/\/www.focus-obs.org\/wp-content\/uploads\/2021\/01\/logo-focus-white-on-black-1.png","width":2132,"height":735,"caption":"Focus: The Observatory On Public Policies For Defenders"},"image":{"@id":"https:\/\/www.focus-obs.org\/es\/#\/schema\/logo\/image\/"}}]}},"_links":{"self":[{"href":"https:\/\/www.focus-obs.org\/fr\/wp-json\/wp\/v2\/documents\/7504","targetHints":{"allow":["GET"]}}],"collection":[{"href":"https:\/\/www.focus-obs.org\/fr\/wp-json\/wp\/v2\/documents"}],"about":[{"href":"https:\/\/www.focus-obs.org\/fr\/wp-json\/wp\/v2\/types\/documents"}],"version-history":[{"count":2,"href":"https:\/\/www.focus-obs.org\/fr\/wp-json\/wp\/v2\/documents\/7504\/revisions"}],"predecessor-version":[{"id":7512,"href":"https:\/\/www.focus-obs.org\/fr\/wp-json\/wp\/v2\/documents\/7504\/revisions\/7512"}],"wp:attachment":[{"href":"https:\/\/www.focus-obs.org\/fr\/wp-json\/wp\/v2\/media?parent=7504"}],"wp:term":[{"taxonomy":"document-original-language","embeddable":true,"href":"https:\/\/www.focus-obs.org\/fr\/wp-json\/wp\/v2\/document-original-language?post=7504"},{"taxonomy":"authorship","embeddable":true,"href":"https:\/\/www.focus-obs.org\/fr\/wp-json\/wp\/v2\/authorship?post=7504"},{"taxonomy":"type-of-document","embeddable":true,"href":"https:\/\/www.focus-obs.org\/fr\/wp-json\/wp\/v2\/type-of-document?post=7504"},{"taxonomy":"progress","embeddable":true,"href":"https:\/\/www.focus-obs.org\/fr\/wp-json\/wp\/v2\/progress?post=7504"},{"taxonomy":"location","embeddable":true,"href":"https:\/\/www.focus-obs.org\/fr\/wp-json\/wp\/v2\/location?post=7504"}],"curies":[{"name":"wp","href":"https:\/\/api.w.org\/{rel}","templated":true}]}}

République démocratique du Congo: projet d&rsquo;édit au Sud-Ubangi

<p class="wp-block-paragraph">Un projet d&rsquo;Edit portant protection des defenseur·e·s des droits humains et journalistes a été proposé à l&rsquo;Assemblée Provincial du province de Sud-Ubangi. Le document comprend une définition compréhensive de défenseur·e·s des droits humains, ainsi que de nombreuses obligations pour l&rsquo;état comme l&rsquo;obligation de prendre « toutes les mesures nécessaires &#8230; pour instaurer des conditions sociales, économiques, politiques et autre ainsi que les garanties juridiques voulues pour que toutes les personnes [&#8230;], individuellement ou en association avec d’autres, jouir en pratique de tous ces droits et de toutes ces libertés . »</p>



<p class="wp-block-paragraph">En ce moment, la loi est sous examination par la Politique Administrative et Judiciaire (PAJ). Nous resterons informés de la situation et communiquerons tout changement sur FOCUS.</p>

<!-- This site is optimized with the Yoast SEO plugin v28.4 - https://yoast.com/product/yoast-seo-wordpress/ -->
<title>République démocratique du Congo: projet d&#039;édit au Sud-Ubangi - Focus: The Observatory On Public Policies For Defenders</title>
<meta name="robots" content="index, follow, max-snippet:-1, max-image-preview:large, max-video-preview:-1" />
<link rel="canonical" href="https://www.focus-obs.org/fr/documents/democratic-republic-of-the-congo-draft-edict-in-sud-ubangi/" />
<meta property="og:locale" content="fr_FR" />
<meta property="og:type" content="article" />
<meta property="og:title" content="République démocratique du Congo: projet d&#039;édit au Sud-Ubangi - Focus: The Observatory On Public Policies For Defenders" />
<meta property="og:description" content="Un projet d&rsquo;Edit portant protection des defenseur·e·s des droits humains et journalistes a été proposé à l&rsquo;Assemblée Provincial du province de Sud-Ubangi. Le document comprend une définition compréhensive de défenseur·e·s des droits humains, ainsi que de nombreuses obligations pour l&rsquo;état comme l&rsquo;obligation de prendre « toutes les mesures nécessaires &#8230; pour instaurer des conditions sociales, économiques, [&hellip;]" />
<meta property="og:url" content="https://www.focus-obs.org/fr/documents/democratic-republic-of-the-congo-draft-edict-in-sud-ubangi/" />
<meta property="og:site_name" content="Focus: The Observatory On Public Policies For Defenders" />
<meta property="article:modified_time" content="2022-10-11T13:23:01+00:00" />
<meta name="twitter:card" content="summary_large_image" />
<meta name="twitter:label1" content="Durée de lecture estimée" />
	<meta name="twitter:data1" content="1 minute" />
<script type="application/ld+json" class="yoast-schema-graph">{"@context":"https:\/\/schema.org","@graph":[{"@type":"WebPage","@id":"https:\/\/www.focus-obs.org\/fr\/documents\/democratic-republic-of-the-congo-draft-edict-in-sud-ubangi\/","url":"https:\/\/www.focus-obs.org\/fr\/documents\/democratic-republic-of-the-congo-draft-edict-in-sud-ubangi\/","name":"République démocratique du Congo: projet d'édit au Sud-Ubangi - Focus: The Observatory On Public Policies For Defenders","isPartOf":{"@id":"https:\/\/www.focus-obs.org\/es\/#website"},"datePublished":"2022-10-10T15:47:06+00:00","dateModified":"2022-10-11T13:23:01+00:00","breadcrumb":{"@id":"https:\/\/www.focus-obs.org\/fr\/documents\/democratic-republic-of-the-congo-draft-edict-in-sud-ubangi\/#breadcrumb"},"inLanguage":"fr-FR","potentialAction":[{"@type":"ReadAction","target":["https:\/\/www.focus-obs.org\/fr\/documents\/democratic-republic-of-the-congo-draft-edict-in-sud-ubangi\/"]}]},{"@type":"BreadcrumbList","@id":"https:\/\/www.focus-obs.org\/fr\/documents\/democratic-republic-of-the-congo-draft-edict-in-sud-ubangi\/#breadcrumb","itemListElement":[{"@type":"ListItem","position":1,"name":"Home","item":"https:\/\/www.focus-obs.org\/fr\/acceuil\/"},{"@type":"ListItem","position":2,"name":"Documents","item":"https:\/\/www.focus-obs.org\/es\/documents\/"},{"@type":"ListItem","position":3,"name":"République démocratique du Congo: projet d&#8217;édit au Sud-Ubangi"}]},{"@type":"WebSite","@id":"https:\/\/www.focus-obs.org\/es\/#website","url":"https:\/\/www.focus-obs.org\/es\/","name":"Focus: The Observatory On Public Policies For Defenders","description":"The Observatory On Public Policies For Defenders","publisher":{"@id":"https:\/\/www.focus-obs.org\/es\/#organization"},"potentialAction":[{"@type":"SearchAction","target":{"@type":"EntryPoint","urlTemplate":"https:\/\/www.focus-obs.org\/es\/?s={search_term_string}"},"query-input":{"@type":"PropertyValueSpecification","valueRequired":true,"valueName":"search_term_string"}}],"inLanguage":"fr-FR"},{"@type":"Organization","@id":"https:\/\/www.focus-obs.org\/es\/#organization","name":"Focus: The Observatory On Public Policies For Defenders","url":"https:\/\/www.focus-obs.org\/es\/","logo":{"@type":"ImageObject","inLanguage":"fr-FR","@id":"https:\/\/www.focus-obs.org\/es\/#\/schema\/logo\/image\/","url":"https:\/\/www.focus-obs.org\/wp-content\/uploads\/2021\/01\/logo-focus-white-on-black-1.png","contentUrl":"https:\/\/www.focus-obs.org\/wp-content\/uploads\/2021\/01\/logo-focus-white-on-black-1.png","width":2132,"height":735,"caption":"Focus: The Observatory On Public Policies For Defenders"},"image":{"@id":"https:\/\/www.focus-obs.org\/es\/#\/schema\/logo\/image\/"}}]}</script>
<!-- / Yoast SEO plugin. -->

République démocratique du Congo: projet d'édit au Sud-Ubangi - Focus: The Observatory On Public Policies For Defenders

Un projet d&rsquo;Edit portant protection des defenseur·e·s des droits humains et journalistes a été proposé à l&rsquo;Assemblée Provincial du province de Sud-Ubangi. Le document comprend une définition compréhensive de défenseur·e·s des droits humains, ainsi que de nombreuses obligations pour l&rsquo;état comme l&rsquo;obligation de prendre « toutes les mesures nécessaires &#8230; pour instaurer des conditions sociales, économiques, [&hellip;]

République démocratique du Congo: projet d&#8217;édit au Sud-Ubangi
