{"id":4683,"date":"2021-02-13T11:00:00","date_gmt":"2021-02-13T10:00:00","guid":{"rendered":"https:\/\/www.focus-obs.org\/documents\/special-provisions-for-security-of-human-rights-defenders\/"},"modified":"2022-11-09T18:56:44","modified_gmt":"2022-11-09T17:56:44","slug":"nepal-ordre-sur-la-securite-et-la-protection-des-activistes-pour-les-droits-humains","status":"publish","type":"documents","link":"https:\/\/www.focus-obs.org\/fr\/documents\/nepal-ordre-sur-la-securite-et-la-protection-des-activistes-pour-les-droits-humains\/","title":{"rendered":"N\u00e9pal : Ordre sur la s\u00e9curit\u00e9 et la protection des activistes pour les droits humains"},"content":{"rendered":"\n<p class=\"wp-block-paragraph\">En f\u00e9vrier 2021, le minist\u00e8re n\u00e9palais de l&rsquo;Int\u00e9rieur a adopt\u00e9 une commande sur la s\u00e9curit\u00e9 et la protection des activistes des droits humains. Les dispositions de l&rsquo;ordonnance pr\u00e9voient des mesures \u00e0 l&rsquo;encontre de toute personne qui intimide ou attaque les d\u00e9fenseur\u00b7e\u00b7s des droits humains, ainsi qu&rsquo;une aide et une indemnisation pour elleux ou leur famille en cas d&rsquo;incident f\u00e2cheux. L&rsquo;ordonnance permet \u00e9galement aux individus de demander des informations aux organes ou fonctionnaires concern\u00e9s en cas de violation de la libert\u00e9 personnelle d&rsquo;un.e citoyen.ne, et d\u00e9finit le droit des d\u00e9fenseur\u00b7e\u00b7s de d\u00e9poser une plainte devant un tribunal si leurs droits fondamentaux sont viol\u00e9s.<br><br>Retrouvez la publication originale <a href=\"https:\/\/thehimalayantimes.com\/nepal\/special-provisions-for-security-of-human-rights-defenders\" target=\"_blank\" rel=\"noreferrer noopener\">ici<\/a> en anglais (<a href=\"https:\/\/thehimalayantimes.com\/\" target=\"_blank\" rel=\"noreferrer noopener\">The Himalayan<\/a>).<\/p>\n\n\n\n<p class=\"wp-block-paragraph\"><em>Nous n&rsquo;avons pas pu trouver le document original contenant la commande. Si vous avez acc\u00e8s \u00e0 ce document et vous voulez nous aider \u00e0 compl\u00e9ter notre plateforme<\/em>, <em>veuillez envoyer un courrier \u00e0 focus@protectioninternational.org.<\/em><\/p>\n","protected":false},"template":"","document-original-language":[351],"authorship":[155],"type-of-document":[162],"progress":[158],"location":[238,173],"class_list":["post-4683","documents","type-documents","status-publish","hentry","document-original-language-en-fr","authorship-presse","type-of-document-loi-ou-decret-ou-similaire-y-compris-les-propositions","progress-en-vigueur","location-nepal","location-asie"],"yoast_head":"<!-- This site is optimized with the Yoast SEO plugin v28.4 - https:\/\/yoast.com\/product\/yoast-seo-wordpress\/ -->\n<title>N\u00e9pal : Ordre sur la s\u00e9curit\u00e9 et la protection des activistes pour les droits humains - Focus: The Observatory On Public Policies For Defenders<\/title>\n<meta name=\"robots\" content=\"index, follow, max-snippet:-1, max-image-preview:large, max-video-preview:-1\" \/>\n<link rel=\"canonical\" href=\"https:\/\/www.focus-obs.org\/fr\/documents\/nepal-ordre-sur-la-securite-et-la-protection-des-activistes-pour-les-droits-humains\/\" \/>\n<meta property=\"og:locale\" content=\"fr_FR\" \/>\n<meta property=\"og:type\" content=\"article\" \/>\n<meta property=\"og:title\" content=\"N\u00e9pal : Ordre sur la s\u00e9curit\u00e9 et la protection des activistes pour les droits humains - Focus: The Observatory On Public Policies For Defenders\" \/>\n<meta property=\"og:description\" content=\"En f\u00e9vrier 2021, le minist\u00e8re n\u00e9palais de l&rsquo;Int\u00e9rieur a adopt\u00e9 une commande sur la s\u00e9curit\u00e9 et la protection des activistes des droits humains. Les dispositions de l&rsquo;ordonnance pr\u00e9voient des mesures \u00e0 l&rsquo;encontre de toute personne qui intimide ou attaque les d\u00e9fenseur\u00b7e\u00b7s des droits humains, ainsi qu&rsquo;une aide et une indemnisation pour elleux ou leur famille [&hellip;]\" \/>\n<meta property=\"og:url\" content=\"https:\/\/www.focus-obs.org\/fr\/documents\/nepal-ordre-sur-la-securite-et-la-protection-des-activistes-pour-les-droits-humains\/\" \/>\n<meta property=\"og:site_name\" content=\"Focus: The Observatory On Public Policies For Defenders\" \/>\n<meta property=\"article:modified_time\" content=\"2022-11-09T17:56:44+00:00\" \/>\n<meta name=\"twitter:card\" content=\"summary_large_image\" \/>\n<meta name=\"twitter:label1\" content=\"Dur\u00e9e de lecture estim\u00e9e\" \/>\n\t<meta name=\"twitter:data1\" content=\"1 minute\" \/>\n<script type=\"application\/ld+json\" class=\"yoast-schema-graph\">{\"@context\":\"https:\\\/\\\/schema.org\",\"@graph\":[{\"@type\":\"WebPage\",\"@id\":\"https:\\\/\\\/www.focus-obs.org\\\/fr\\\/documents\\\/nepal-ordre-sur-la-securite-et-la-protection-des-activistes-pour-les-droits-humains\\\/\",\"url\":\"https:\\\/\\\/www.focus-obs.org\\\/fr\\\/documents\\\/nepal-ordre-sur-la-securite-et-la-protection-des-activistes-pour-les-droits-humains\\\/\",\"name\":\"N\u00e9pal : Ordre sur la s\u00e9curit\u00e9 et la protection des activistes pour les droits humains - Focus: The Observatory On Public Policies For Defenders\",\"isPartOf\":{\"@id\":\"https:\\\/\\\/www.focus-obs.org\\\/es\\\/#website\"},\"datePublished\":\"2021-02-13T10:00:00+00:00\",\"dateModified\":\"2022-11-09T17:56:44+00:00\",\"breadcrumb\":{\"@id\":\"https:\\\/\\\/www.focus-obs.org\\\/fr\\\/documents\\\/nepal-ordre-sur-la-securite-et-la-protection-des-activistes-pour-les-droits-humains\\\/#breadcrumb\"},\"inLanguage\":\"fr-FR\",\"potentialAction\":[{\"@type\":\"ReadAction\",\"target\":[\"https:\\\/\\\/www.focus-obs.org\\\/fr\\\/documents\\\/nepal-ordre-sur-la-securite-et-la-protection-des-activistes-pour-les-droits-humains\\\/\"]}]},{\"@type\":\"BreadcrumbList\",\"@id\":\"https:\\\/\\\/www.focus-obs.org\\\/fr\\\/documents\\\/nepal-ordre-sur-la-securite-et-la-protection-des-activistes-pour-les-droits-humains\\\/#breadcrumb\",\"itemListElement\":[{\"@type\":\"ListItem\",\"position\":1,\"name\":\"Home\",\"item\":\"https:\\\/\\\/www.focus-obs.org\\\/fr\\\/acceuil\\\/\"},{\"@type\":\"ListItem\",\"position\":2,\"name\":\"Documents\",\"item\":\"https:\\\/\\\/www.focus-obs.org\\\/es\\\/documents\\\/\"},{\"@type\":\"ListItem\",\"position\":3,\"name\":\"N\u00e9pal : Ordre sur la s\u00e9curit\u00e9 et la protection des activistes pour les droits humains\"}]},{\"@type\":\"WebSite\",\"@id\":\"https:\\\/\\\/www.focus-obs.org\\\/es\\\/#website\",\"url\":\"https:\\\/\\\/www.focus-obs.org\\\/es\\\/\",\"name\":\"Focus: The Observatory On Public Policies For Defenders\",\"description\":\"The Observatory On Public Policies For Defenders\",\"publisher\":{\"@id\":\"https:\\\/\\\/www.focus-obs.org\\\/es\\\/#organization\"},\"potentialAction\":[{\"@type\":\"SearchAction\",\"target\":{\"@type\":\"EntryPoint\",\"urlTemplate\":\"https:\\\/\\\/www.focus-obs.org\\\/es\\\/?s={search_term_string}\"},\"query-input\":{\"@type\":\"PropertyValueSpecification\",\"valueRequired\":true,\"valueName\":\"search_term_string\"}}],\"inLanguage\":\"fr-FR\"},{\"@type\":\"Organization\",\"@id\":\"https:\\\/\\\/www.focus-obs.org\\\/es\\\/#organization\",\"name\":\"Focus: The Observatory On Public Policies For Defenders\",\"url\":\"https:\\\/\\\/www.focus-obs.org\\\/es\\\/\",\"logo\":{\"@type\":\"ImageObject\",\"inLanguage\":\"fr-FR\",\"@id\":\"https:\\\/\\\/www.focus-obs.org\\\/es\\\/#\\\/schema\\\/logo\\\/image\\\/\",\"url\":\"https:\\\/\\\/www.focus-obs.org\\\/wp-content\\\/uploads\\\/2021\\\/01\\\/logo-focus-white-on-black-1.png\",\"contentUrl\":\"https:\\\/\\\/www.focus-obs.org\\\/wp-content\\\/uploads\\\/2021\\\/01\\\/logo-focus-white-on-black-1.png\",\"width\":2132,\"height\":735,\"caption\":\"Focus: The Observatory On Public Policies For Defenders\"},\"image\":{\"@id\":\"https:\\\/\\\/www.focus-obs.org\\\/es\\\/#\\\/schema\\\/logo\\\/image\\\/\"}}]}<\/script>\n<!-- \/ Yoast SEO plugin. -->","yoast_head_json":{"title":"N\u00e9pal : Ordre sur la s\u00e9curit\u00e9 et la protection des activistes pour les droits humains - Focus: The Observatory On Public Policies For Defenders","robots":{"index":"index","follow":"follow","max-snippet":"max-snippet:-1","max-image-preview":"max-image-preview:large","max-video-preview":"max-video-preview:-1"},"canonical":"https:\/\/www.focus-obs.org\/fr\/documents\/nepal-ordre-sur-la-securite-et-la-protection-des-activistes-pour-les-droits-humains\/","og_locale":"fr_FR","og_type":"article","og_title":"N\u00e9pal : Ordre sur la s\u00e9curit\u00e9 et la protection des activistes pour les droits humains - Focus: The Observatory On Public Policies For Defenders","og_description":"En f\u00e9vrier 2021, le minist\u00e8re n\u00e9palais de l&rsquo;Int\u00e9rieur a adopt\u00e9 une commande sur la s\u00e9curit\u00e9 et la protection des activistes des droits humains. Les dispositions de l&rsquo;ordonnance pr\u00e9voient des mesures \u00e0 l&rsquo;encontre de toute personne qui intimide ou attaque les d\u00e9fenseur\u00b7e\u00b7s des droits humains, ainsi qu&rsquo;une aide et une indemnisation pour elleux ou leur famille [&hellip;]","og_url":"https:\/\/www.focus-obs.org\/fr\/documents\/nepal-ordre-sur-la-securite-et-la-protection-des-activistes-pour-les-droits-humains\/","og_site_name":"Focus: The Observatory On Public Policies For Defenders","article_modified_time":"2022-11-09T17:56:44+00:00","twitter_card":"summary_large_image","twitter_misc":{"Dur\u00e9e de lecture estim\u00e9e":"1 minute"},"schema":{"@context":"https:\/\/schema.org","@graph":[{"@type":"WebPage","@id":"https:\/\/www.focus-obs.org\/fr\/documents\/nepal-ordre-sur-la-securite-et-la-protection-des-activistes-pour-les-droits-humains\/","url":"https:\/\/www.focus-obs.org\/fr\/documents\/nepal-ordre-sur-la-securite-et-la-protection-des-activistes-pour-les-droits-humains\/","name":"N\u00e9pal : Ordre sur la s\u00e9curit\u00e9 et la protection des activistes pour les droits humains - Focus: The Observatory On Public Policies For Defenders","isPartOf":{"@id":"https:\/\/www.focus-obs.org\/es\/#website"},"datePublished":"2021-02-13T10:00:00+00:00","dateModified":"2022-11-09T17:56:44+00:00","breadcrumb":{"@id":"https:\/\/www.focus-obs.org\/fr\/documents\/nepal-ordre-sur-la-securite-et-la-protection-des-activistes-pour-les-droits-humains\/#breadcrumb"},"inLanguage":"fr-FR","potentialAction":[{"@type":"ReadAction","target":["https:\/\/www.focus-obs.org\/fr\/documents\/nepal-ordre-sur-la-securite-et-la-protection-des-activistes-pour-les-droits-humains\/"]}]},{"@type":"BreadcrumbList","@id":"https:\/\/www.focus-obs.org\/fr\/documents\/nepal-ordre-sur-la-securite-et-la-protection-des-activistes-pour-les-droits-humains\/#breadcrumb","itemListElement":[{"@type":"ListItem","position":1,"name":"Home","item":"https:\/\/www.focus-obs.org\/fr\/acceuil\/"},{"@type":"ListItem","position":2,"name":"Documents","item":"https:\/\/www.focus-obs.org\/es\/documents\/"},{"@type":"ListItem","position":3,"name":"N\u00e9pal : Ordre sur la s\u00e9curit\u00e9 et la protection des activistes pour les droits humains"}]},{"@type":"WebSite","@id":"https:\/\/www.focus-obs.org\/es\/#website","url":"https:\/\/www.focus-obs.org\/es\/","name":"Focus: The Observatory On Public Policies For Defenders","description":"The Observatory On Public Policies For Defenders","publisher":{"@id":"https:\/\/www.focus-obs.org\/es\/#organization"},"potentialAction":[{"@type":"SearchAction","target":{"@type":"EntryPoint","urlTemplate":"https:\/\/www.focus-obs.org\/es\/?s={search_term_string}"},"query-input":{"@type":"PropertyValueSpecification","valueRequired":true,"valueName":"search_term_string"}}],"inLanguage":"fr-FR"},{"@type":"Organization","@id":"https:\/\/www.focus-obs.org\/es\/#organization","name":"Focus: The Observatory On Public Policies For Defenders","url":"https:\/\/www.focus-obs.org\/es\/","logo":{"@type":"ImageObject","inLanguage":"fr-FR","@id":"https:\/\/www.focus-obs.org\/es\/#\/schema\/logo\/image\/","url":"https:\/\/www.focus-obs.org\/wp-content\/uploads\/2021\/01\/logo-focus-white-on-black-1.png","contentUrl":"https:\/\/www.focus-obs.org\/wp-content\/uploads\/2021\/01\/logo-focus-white-on-black-1.png","width":2132,"height":735,"caption":"Focus: The Observatory On Public Policies For Defenders"},"image":{"@id":"https:\/\/www.focus-obs.org\/es\/#\/schema\/logo\/image\/"}}]}},"_links":{"self":[{"href":"https:\/\/www.focus-obs.org\/fr\/wp-json\/wp\/v2\/documents\/4683","targetHints":{"allow":["GET"]}}],"collection":[{"href":"https:\/\/www.focus-obs.org\/fr\/wp-json\/wp\/v2\/documents"}],"about":[{"href":"https:\/\/www.focus-obs.org\/fr\/wp-json\/wp\/v2\/types\/documents"}],"version-history":[{"count":6,"href":"https:\/\/www.focus-obs.org\/fr\/wp-json\/wp\/v2\/documents\/4683\/revisions"}],"predecessor-version":[{"id":7968,"href":"https:\/\/www.focus-obs.org\/fr\/wp-json\/wp\/v2\/documents\/4683\/revisions\/7968"}],"wp:attachment":[{"href":"https:\/\/www.focus-obs.org\/fr\/wp-json\/wp\/v2\/media?parent=4683"}],"wp:term":[{"taxonomy":"document-original-language","embeddable":true,"href":"https:\/\/www.focus-obs.org\/fr\/wp-json\/wp\/v2\/document-original-language?post=4683"},{"taxonomy":"authorship","embeddable":true,"href":"https:\/\/www.focus-obs.org\/fr\/wp-json\/wp\/v2\/authorship?post=4683"},{"taxonomy":"type-of-document","embeddable":true,"href":"https:\/\/www.focus-obs.org\/fr\/wp-json\/wp\/v2\/type-of-document?post=4683"},{"taxonomy":"progress","embeddable":true,"href":"https:\/\/www.focus-obs.org\/fr\/wp-json\/wp\/v2\/progress?post=4683"},{"taxonomy":"location","embeddable":true,"href":"https:\/\/www.focus-obs.org\/fr\/wp-json\/wp\/v2\/location?post=4683"}],"curies":[{"name":"wp","href":"https:\/\/api.w.org\/{rel}","templated":true}]}}

Népal : Ordre sur la sécurité et la protection des activistes pour les droits humains

<p class="wp-block-paragraph">En février 2021, le ministère népalais de l&rsquo;Intérieur a adopté une commande sur la sécurité et la protection des activistes des droits humains. Les dispositions de l&rsquo;ordonnance prévoient des mesures à l&rsquo;encontre de toute personne qui intimide ou attaque les défenseur·e·s des droits humains, ainsi qu&rsquo;une aide et une indemnisation pour elleux ou leur famille en cas d&rsquo;incident fâcheux. L&rsquo;ordonnance permet également aux individus de demander des informations aux organes ou fonctionnaires concernés en cas de violation de la liberté personnelle d&rsquo;un.e citoyen.ne, et définit le droit des défenseur·e·s de déposer une plainte devant un tribunal si leurs droits fondamentaux sont violés.<br><br>Retrouvez la publication originale <a href="https://thehimalayantimes.com/nepal/special-provisions-for-security-of-human-rights-defenders" target="_blank" rel="noreferrer noopener">ici</a> en anglais (<a href="https://thehimalayantimes.com/" target="_blank" rel="noreferrer noopener">The Himalayan</a>).</p>



<p class="wp-block-paragraph"><em>Nous n&rsquo;avons pas pu trouver le document original contenant la commande. Si vous avez accès à ce document et vous voulez nous aider à compléter notre plateforme</em>, <em>veuillez envoyer un courrier à focus@protectioninternational.org.</em></p>

<!-- This site is optimized with the Yoast SEO plugin v28.4 - https://yoast.com/product/yoast-seo-wordpress/ -->
<title>Népal : Ordre sur la sécurité et la protection des activistes pour les droits humains - Focus: The Observatory On Public Policies For Defenders</title>
<meta name="robots" content="index, follow, max-snippet:-1, max-image-preview:large, max-video-preview:-1" />
<link rel="canonical" href="https://www.focus-obs.org/fr/documents/nepal-ordre-sur-la-securite-et-la-protection-des-activistes-pour-les-droits-humains/" />
<meta property="og:locale" content="fr_FR" />
<meta property="og:type" content="article" />
<meta property="og:title" content="Népal : Ordre sur la sécurité et la protection des activistes pour les droits humains - Focus: The Observatory On Public Policies For Defenders" />
<meta property="og:description" content="En février 2021, le ministère népalais de l&rsquo;Intérieur a adopté une commande sur la sécurité et la protection des activistes des droits humains. Les dispositions de l&rsquo;ordonnance prévoient des mesures à l&rsquo;encontre de toute personne qui intimide ou attaque les défenseur·e·s des droits humains, ainsi qu&rsquo;une aide et une indemnisation pour elleux ou leur famille [&hellip;]" />
<meta property="og:url" content="https://www.focus-obs.org/fr/documents/nepal-ordre-sur-la-securite-et-la-protection-des-activistes-pour-les-droits-humains/" />
<meta property="og:site_name" content="Focus: The Observatory On Public Policies For Defenders" />
<meta property="article:modified_time" content="2022-11-09T17:56:44+00:00" />
<meta name="twitter:card" content="summary_large_image" />
<meta name="twitter:label1" content="Durée de lecture estimée" />
	<meta name="twitter:data1" content="1 minute" />
<script type="application/ld+json" class="yoast-schema-graph">{"@context":"https:\/\/schema.org","@graph":[{"@type":"WebPage","@id":"https:\/\/www.focus-obs.org\/fr\/documents\/nepal-ordre-sur-la-securite-et-la-protection-des-activistes-pour-les-droits-humains\/","url":"https:\/\/www.focus-obs.org\/fr\/documents\/nepal-ordre-sur-la-securite-et-la-protection-des-activistes-pour-les-droits-humains\/","name":"Népal : Ordre sur la sécurité et la protection des activistes pour les droits humains - Focus: The Observatory On Public Policies For Defenders","isPartOf":{"@id":"https:\/\/www.focus-obs.org\/es\/#website"},"datePublished":"2021-02-13T10:00:00+00:00","dateModified":"2022-11-09T17:56:44+00:00","breadcrumb":{"@id":"https:\/\/www.focus-obs.org\/fr\/documents\/nepal-ordre-sur-la-securite-et-la-protection-des-activistes-pour-les-droits-humains\/#breadcrumb"},"inLanguage":"fr-FR","potentialAction":[{"@type":"ReadAction","target":["https:\/\/www.focus-obs.org\/fr\/documents\/nepal-ordre-sur-la-securite-et-la-protection-des-activistes-pour-les-droits-humains\/"]}]},{"@type":"BreadcrumbList","@id":"https:\/\/www.focus-obs.org\/fr\/documents\/nepal-ordre-sur-la-securite-et-la-protection-des-activistes-pour-les-droits-humains\/#breadcrumb","itemListElement":[{"@type":"ListItem","position":1,"name":"Home","item":"https:\/\/www.focus-obs.org\/fr\/acceuil\/"},{"@type":"ListItem","position":2,"name":"Documents","item":"https:\/\/www.focus-obs.org\/es\/documents\/"},{"@type":"ListItem","position":3,"name":"Népal : Ordre sur la sécurité et la protection des activistes pour les droits humains"}]},{"@type":"WebSite","@id":"https:\/\/www.focus-obs.org\/es\/#website","url":"https:\/\/www.focus-obs.org\/es\/","name":"Focus: The Observatory On Public Policies For Defenders","description":"The Observatory On Public Policies For Defenders","publisher":{"@id":"https:\/\/www.focus-obs.org\/es\/#organization"},"potentialAction":[{"@type":"SearchAction","target":{"@type":"EntryPoint","urlTemplate":"https:\/\/www.focus-obs.org\/es\/?s={search_term_string}"},"query-input":{"@type":"PropertyValueSpecification","valueRequired":true,"valueName":"search_term_string"}}],"inLanguage":"fr-FR"},{"@type":"Organization","@id":"https:\/\/www.focus-obs.org\/es\/#organization","name":"Focus: The Observatory On Public Policies For Defenders","url":"https:\/\/www.focus-obs.org\/es\/","logo":{"@type":"ImageObject","inLanguage":"fr-FR","@id":"https:\/\/www.focus-obs.org\/es\/#\/schema\/logo\/image\/","url":"https:\/\/www.focus-obs.org\/wp-content\/uploads\/2021\/01\/logo-focus-white-on-black-1.png","contentUrl":"https:\/\/www.focus-obs.org\/wp-content\/uploads\/2021\/01\/logo-focus-white-on-black-1.png","width":2132,"height":735,"caption":"Focus: The Observatory On Public Policies For Defenders"},"image":{"@id":"https:\/\/www.focus-obs.org\/es\/#\/schema\/logo\/image\/"}}]}</script>
<!-- / Yoast SEO plugin. -->

Népal : Ordre sur la sécurité et la protection des activistes pour les droits humains - Focus: The Observatory On Public Policies For Defenders

En février 2021, le ministère népalais de l&rsquo;Intérieur a adopté une commande sur la sécurité et la protection des activistes des droits humains. Les dispositions de l&rsquo;ordonnance prévoient des mesures à l&rsquo;encontre de toute personne qui intimide ou attaque les défenseur·e·s des droits humains, ainsi qu&rsquo;une aide et une indemnisation pour elleux ou leur famille [&hellip;]
