{"id":4570,"date":"2021-12-24T12:25:40","date_gmt":"2021-12-24T11:25:40","guid":{"rendered":"https:\/\/www.focus-obs.org\/documents\/brazil-in-the-fourth-country-that-kills-more-human-rights-defenders-in-the-world-the-protection-program-is-going-through-its-worst-moment\/"},"modified":"2022-09-01T17:33:18","modified_gmt":"2022-09-01T15:33:18","slug":"brazil-in-the-fourth-country-that-kills-more-human-rights-defenders-in-the-world-the-protection-program-is-going-through-its-worst-moment","status":"publish","type":"documents","link":"https:\/\/www.focus-obs.org\/fr\/documents\/brazil-in-the-fourth-country-that-kills-more-human-rights-defenders-in-the-world-the-protection-program-is-going-through-its-worst-moment\/","title":{"rendered":"Br\u00e9sil: Le d\u00e9but de la fin ? Un rapport critique sur la protection des d\u00e9fenseur\u00b7e\u00b7s des droits humains"},"content":{"rendered":"\n<p><strong>Justi\u00e7a Global et Terra de Direitos ont lanc\u00e9 \u00ab\u00a0The Beginning of the End ? (\u00ab\u00a0Come\u00e7o do fin ?\u00a0\u00bb, en portugais), un rapport critique sur la situation actuelle du Programme du gouvernement f\u00e9d\u00e9ral br\u00e9silien pour la protection des d\u00e9fenseur\u00b7e\u00b7s des droits humains (DDHs ou <strong>d\u00e9fenseur\u00b7e\u00b7s<\/strong><\/strong>)<strong>. Ils fournissent une multitude d&rsquo;informations sur le contexte du programme, son \u00e9volution et sa situation critique actuelle en d\u00e9cembre 2021.<\/strong><\/p>\n\n\n\n<p>Le Programme de protection des d\u00e9fenseur\u00b7e\u00b7s des droits humains, des communicateur\u00b7rice\u00b7s et des \u00e9cologistes (PPDDH) est confront\u00e9 \u00e0 une grave crise qui met en danger les militant\u00b7e\u00b7s de tout le Br\u00e9sil. C&rsquo;est la principale conclusion du rapport \u00ab\u00a0Le d\u00e9but de la fin ?\u00a0\u00bb que Terra de Direitos et Justi\u00e7a Global viennent de publier.<\/p>\n\n\n\n<p>L&rsquo;ouvrage souligne le d\u00e9mant\u00e8lement du programme tout au long du gouvernement Bolsonaro, qui va de la faible ex\u00e9cution du budget \u00e0 la diminution des cas inclus dans le programme, en passant par l&rsquo;ins\u00e9curit\u00e9 politique dans la gestion et une interpr\u00e9tation fautive des perspectives de genre, de race et de classe. Selon Global Witness, le Br\u00e9sil se classe au quatri\u00e8me rang des pays qui tuent le plus de d\u00e9fenseur\u00b7e\u00b7s des droits humains, derri\u00e8re la Colombie, le Mexique et les Philippines. La situation devient encore plus dramatique si l&rsquo;on se base sur les s\u00e9ries historiques de l&rsquo;Organisation des Nations unies (ONU) : entre 2015 et 2019, on d\u00e9nombre 1 323 victimes, dont 174 dans le pays, ce qui porte le Br\u00e9sil \u00e0 la deuxi\u00e8me place sur la liste des pays les plus dangereux pour les d\u00e9fenseur\u00b7e\u00b7s des droits humains.<\/p>\n\n\n\n<p>Sandra Carvalho, de la coordination de Justi\u00e7a Global, voit avec une extr\u00eame tristesse la situation dans laquelle se trouve le PPDDH, qui est le fruit de la mobilisation de la soci\u00e9t\u00e9 civile. \u00ab\u00a0Nous vivons un moment tr\u00e8s inqui\u00e9tant pour les militant\u00b7e\u00b7s des droits humains. Nous sommes confront\u00e9s au d\u00e9mant\u00e8lement des politiques de protection et \u00e0 une attaque frontale contre les luttes sociales\u00a0\u00bb, dit-elle.<\/p>\n\n\n\n<p>Retrouvez le document original <a href=\"http:\/\/www.global.org.br\/wp-content\/uploads\/2021\/12\/comeco-do-fim-3.pdf\" target=\"_blank\" rel=\"noreferrer noopener\">ici<\/a> et l&rsquo;article original de mise en contexte <a href=\"http:\/\/www.global.org.br\/blog\/no-quarto-pais-que-mais-mata-defensores-humanos-no-mundo-programa-de-protecao-vive-seu-pior-momento\/\" target=\"_blank\" rel=\"noreferrer noopener\">ici<\/a> en portugais (<a href=\"http:\/\/www.global.org.br\/\" target=\"_blank\" rel=\"noreferrer noopener\">Justi\u00e7a Global. Terra de Direitos<\/a>).<\/p>\n","protected":false},"template":"","document-original-language":[361],"authorship":[206],"type-of-document":[166],"progress":[],"location":[168,184],"class_list":["post-4570","documents","type-documents","status-publish","hentry","document-original-language-portuguese-fr","authorship-societe-civile-et-universites","type-of-document-etude-ou-analyse","location-ameriques","location-bresil"],"_links":{"self":[{"href":"https:\/\/www.focus-obs.org\/fr\/wp-json\/wp\/v2\/documents\/4570","targetHints":{"allow":["GET"]}}],"collection":[{"href":"https:\/\/www.focus-obs.org\/fr\/wp-json\/wp\/v2\/documents"}],"about":[{"href":"https:\/\/www.focus-obs.org\/fr\/wp-json\/wp\/v2\/types\/documents"}],"version-history":[{"count":3,"href":"https:\/\/www.focus-obs.org\/fr\/wp-json\/wp\/v2\/documents\/4570\/revisions"}],"predecessor-version":[{"id":6752,"href":"https:\/\/www.focus-obs.org\/fr\/wp-json\/wp\/v2\/documents\/4570\/revisions\/6752"}],"wp:attachment":[{"href":"https:\/\/www.focus-obs.org\/fr\/wp-json\/wp\/v2\/media?parent=4570"}],"wp:term":[{"taxonomy":"document-original-language","embeddable":true,"href":"https:\/\/www.focus-obs.org\/fr\/wp-json\/wp\/v2\/document-original-language?post=4570"},{"taxonomy":"authorship","embeddable":true,"href":"https:\/\/www.focus-obs.org\/fr\/wp-json\/wp\/v2\/authorship?post=4570"},{"taxonomy":"type-of-document","embeddable":true,"href":"https:\/\/www.focus-obs.org\/fr\/wp-json\/wp\/v2\/type-of-document?post=4570"},{"taxonomy":"progress","embeddable":true,"href":"https:\/\/www.focus-obs.org\/fr\/wp-json\/wp\/v2\/progress?post=4570"},{"taxonomy":"location","embeddable":true,"href":"https:\/\/www.focus-obs.org\/fr\/wp-json\/wp\/v2\/location?post=4570"}],"curies":[{"name":"wp","href":"https:\/\/api.w.org\/{rel}","templated":true}]}}

Brésil: Le début de la fin ? Un rapport critique sur la protection des défenseur·e·s des droits humains

<p><strong>Justiça Global et Terra de Direitos ont lancé « The Beginning of the End ? (« Começo do fin ? », en portugais), un rapport critique sur la situation actuelle du Programme du gouvernement fédéral brésilien pour la protection des défenseur·e·s des droits humains (DDHs ou <strong>défenseur·e·s</strong></strong>)<strong>. Ils fournissent une multitude d&rsquo;informations sur le contexte du programme, son évolution et sa situation critique actuelle en décembre 2021.</strong></p>



<p>Le Programme de protection des défenseur·e·s des droits humains, des communicateur·rice·s et des écologistes (PPDDH) est confronté à une grave crise qui met en danger les militant·e·s de tout le Brésil. C&rsquo;est la principale conclusion du rapport « Le début de la fin ? » que Terra de Direitos et Justiça Global viennent de publier.</p>



<p>L&rsquo;ouvrage souligne le démantèlement du programme tout au long du gouvernement Bolsonaro, qui va de la faible exécution du budget à la diminution des cas inclus dans le programme, en passant par l&rsquo;insécurité politique dans la gestion et une interprétation fautive des perspectives de genre, de race et de classe. Selon Global Witness, le Brésil se classe au quatrième rang des pays qui tuent le plus de défenseur·e·s des droits humains, derrière la Colombie, le Mexique et les Philippines. La situation devient encore plus dramatique si l&rsquo;on se base sur les séries historiques de l&rsquo;Organisation des Nations unies (ONU) : entre 2015 et 2019, on dénombre 1 323 victimes, dont 174 dans le pays, ce qui porte le Brésil à la deuxième place sur la liste des pays les plus dangereux pour les défenseur·e·s des droits humains.</p>



<p>Sandra Carvalho, de la coordination de Justiça Global, voit avec une extrême tristesse la situation dans laquelle se trouve le PPDDH, qui est le fruit de la mobilisation de la société civile. « Nous vivons un moment très inquiétant pour les militant·e·s des droits humains. Nous sommes confrontés au démantèlement des politiques de protection et à une attaque frontale contre les luttes sociales », dit-elle.</p>



<p>Retrouvez le document original <a href="http://www.global.org.br/wp-content/uploads/2021/12/comeco-do-fim-3.pdf" target="_blank" rel="noreferrer noopener">ici</a> et l&rsquo;article original de mise en contexte <a href="http://www.global.org.br/blog/no-quarto-pais-que-mais-mata-defensores-humanos-no-mundo-programa-de-protecao-vive-seu-pior-momento/" target="_blank" rel="noreferrer noopener">ici</a> en portugais (<a href="http://www.global.org.br/" target="_blank" rel="noreferrer noopener">Justiça Global. Terra de Direitos</a>).</p>
