{"id":4353,"date":"2021-11-02T16:55:53","date_gmt":"2021-11-02T15:55:53","guid":{"rendered":"https:\/\/www.focus-obs.org\/?post_type=documents&#038;p=4353"},"modified":"2022-11-04T15:32:35","modified_gmt":"2022-11-04T14:32:35","slug":"perus-environmental-defenders-urge-end-to-violence-call-for-protection","status":"publish","type":"documents","link":"https:\/\/www.focus-obs.org\/fr\/documents\/perus-environmental-defenders-urge-end-to-violence-call-for-protection\/","title":{"rendered":"P\u00e9rou: les d\u00e9fenseur\u00b7e\u00b7s de l&rsquo;environnement appellent \u00e0 la fin de la violence et demandent une protection"},"content":{"rendered":"\n<p class=\"wp-block-paragraph\">\u00ab\u00a0Un groupe de d\u00e9fenseur\u00b7e\u00b7s des droits humains et de l&rsquo;environnement de diverses r\u00e9gions du P\u00e9rou a manifest\u00e9 mercredi \u00e0 Lima pour demander la fin de la violence et exiger que l&rsquo;\u00c9tat leur garantisse une protection.<\/p>\n\n\n\n<p class=\"wp-block-paragraph\">\u00ab\u00a0Ce que nous faisons ici, c&rsquo;est faire conna\u00eetre nos demandes pour que l&rsquo;\u00c9tat agisse \u00e0 temps (\u2026), qu&rsquo;il prenne les mesures correspondantes avant qu&rsquo;il y ait d&rsquo;autres meurtres ou assassinats\u00a0\u00bb, a d\u00e9clar\u00e9 \u00e0 Efe Agustina May\u00e1n, repr\u00e9sentante de l&rsquo;Organisation pour le d\u00e9veloppement des communaut\u00e9s frontali\u00e8res de Cenepa (Odecofroc)\u00a0\u00bb.<\/p>\n\n\n\n<p class=\"wp-block-paragraph\">Retrouvez l&rsquo;int\u00e9gralit\u00e9 de la publication <a href=\"https:\/\/www.laestrella.com.pa\/internacional\/america\/211027\/defensores-ambientales-peru-urgen-alto-violencia-piden-proteccion\" target=\"_blank\" rel=\"noreferrer noopener\">ici<\/a> en espagnol (<a href=\"https:\/\/www.laestrella.com.pa\/\" target=\"_blank\" rel=\"noreferrer noopener\">La estrella de Panama<\/a>, recuperado de <a href=\"https:\/\/efe.com\/\" target=\"_blank\" rel=\"noreferrer noopener\">EFE media<\/a>).<\/p>\n","protected":false},"template":"","document-original-language":[353],"authorship":[155],"type-of-document":[164],"progress":[],"location":[168,207],"class_list":["post-4353","documents","type-documents","status-publish","hentry","document-original-language-es-fr","authorship-presse","type-of-document-nouvelles","location-ameriques","location-perou"],"yoast_head":"<!-- This site is optimized with the Yoast SEO plugin v28.4 - https:\/\/yoast.com\/product\/yoast-seo-wordpress\/ -->\n<title>P\u00e9rou: les d\u00e9fenseur\u00b7e\u00b7s de l&#039;environnement appellent \u00e0 la fin de la violence et demandent une protection - Focus: The Observatory On Public Policies For Defenders<\/title>\n<meta name=\"robots\" content=\"index, follow, max-snippet:-1, max-image-preview:large, max-video-preview:-1\" \/>\n<link rel=\"canonical\" href=\"https:\/\/www.focus-obs.org\/fr\/documents\/perus-environmental-defenders-urge-end-to-violence-call-for-protection\/\" \/>\n<meta property=\"og:locale\" content=\"fr_FR\" \/>\n<meta property=\"og:type\" content=\"article\" \/>\n<meta property=\"og:title\" content=\"P\u00e9rou: les d\u00e9fenseur\u00b7e\u00b7s de l&#039;environnement appellent \u00e0 la fin de la violence et demandent une protection - Focus: The Observatory On Public Policies For Defenders\" \/>\n<meta property=\"og:description\" content=\"\u00ab\u00a0Un groupe de d\u00e9fenseur\u00b7e\u00b7s des droits humains et de l&rsquo;environnement de diverses r\u00e9gions du P\u00e9rou a manifest\u00e9 mercredi \u00e0 Lima pour demander la fin de la violence et exiger que l&rsquo;\u00c9tat leur garantisse une protection. \u00ab\u00a0Ce que nous faisons ici, c&rsquo;est faire conna\u00eetre nos demandes pour que l&rsquo;\u00c9tat agisse \u00e0 temps (\u2026), qu&rsquo;il prenne les [&hellip;]\" \/>\n<meta property=\"og:url\" content=\"https:\/\/www.focus-obs.org\/fr\/documents\/perus-environmental-defenders-urge-end-to-violence-call-for-protection\/\" \/>\n<meta property=\"og:site_name\" content=\"Focus: The Observatory On Public Policies For Defenders\" \/>\n<meta property=\"article:modified_time\" content=\"2022-11-04T14:32:35+00:00\" \/>\n<meta name=\"twitter:card\" content=\"summary_large_image\" \/>\n<meta name=\"twitter:label1\" content=\"Dur\u00e9e de lecture estim\u00e9e\" \/>\n\t<meta name=\"twitter:data1\" content=\"1 minute\" \/>\n<script type=\"application\/ld+json\" class=\"yoast-schema-graph\">{\"@context\":\"https:\\\/\\\/schema.org\",\"@graph\":[{\"@type\":\"WebPage\",\"@id\":\"https:\\\/\\\/www.focus-obs.org\\\/fr\\\/documents\\\/perus-environmental-defenders-urge-end-to-violence-call-for-protection\\\/\",\"url\":\"https:\\\/\\\/www.focus-obs.org\\\/fr\\\/documents\\\/perus-environmental-defenders-urge-end-to-violence-call-for-protection\\\/\",\"name\":\"P\u00e9rou: les d\u00e9fenseur\u00b7e\u00b7s de l'environnement appellent \u00e0 la fin de la violence et demandent une protection - Focus: The Observatory On Public Policies For Defenders\",\"isPartOf\":{\"@id\":\"https:\\\/\\\/www.focus-obs.org\\\/es\\\/#website\"},\"datePublished\":\"2021-11-02T15:55:53+00:00\",\"dateModified\":\"2022-11-04T14:32:35+00:00\",\"breadcrumb\":{\"@id\":\"https:\\\/\\\/www.focus-obs.org\\\/fr\\\/documents\\\/perus-environmental-defenders-urge-end-to-violence-call-for-protection\\\/#breadcrumb\"},\"inLanguage\":\"fr-FR\",\"potentialAction\":[{\"@type\":\"ReadAction\",\"target\":[\"https:\\\/\\\/www.focus-obs.org\\\/fr\\\/documents\\\/perus-environmental-defenders-urge-end-to-violence-call-for-protection\\\/\"]}]},{\"@type\":\"BreadcrumbList\",\"@id\":\"https:\\\/\\\/www.focus-obs.org\\\/fr\\\/documents\\\/perus-environmental-defenders-urge-end-to-violence-call-for-protection\\\/#breadcrumb\",\"itemListElement\":[{\"@type\":\"ListItem\",\"position\":1,\"name\":\"Home\",\"item\":\"https:\\\/\\\/www.focus-obs.org\\\/fr\\\/acceuil\\\/\"},{\"@type\":\"ListItem\",\"position\":2,\"name\":\"Documents\",\"item\":\"https:\\\/\\\/www.focus-obs.org\\\/es\\\/documents\\\/\"},{\"@type\":\"ListItem\",\"position\":3,\"name\":\"P\u00e9rou: les d\u00e9fenseur\u00b7e\u00b7s de l&#8217;environnement appellent \u00e0 la fin de la violence et demandent une protection\"}]},{\"@type\":\"WebSite\",\"@id\":\"https:\\\/\\\/www.focus-obs.org\\\/es\\\/#website\",\"url\":\"https:\\\/\\\/www.focus-obs.org\\\/es\\\/\",\"name\":\"Focus: The Observatory On Public Policies For Defenders\",\"description\":\"The Observatory On Public Policies For Defenders\",\"publisher\":{\"@id\":\"https:\\\/\\\/www.focus-obs.org\\\/es\\\/#organization\"},\"potentialAction\":[{\"@type\":\"SearchAction\",\"target\":{\"@type\":\"EntryPoint\",\"urlTemplate\":\"https:\\\/\\\/www.focus-obs.org\\\/es\\\/?s={search_term_string}\"},\"query-input\":{\"@type\":\"PropertyValueSpecification\",\"valueRequired\":true,\"valueName\":\"search_term_string\"}}],\"inLanguage\":\"fr-FR\"},{\"@type\":\"Organization\",\"@id\":\"https:\\\/\\\/www.focus-obs.org\\\/es\\\/#organization\",\"name\":\"Focus: The Observatory On Public Policies For Defenders\",\"url\":\"https:\\\/\\\/www.focus-obs.org\\\/es\\\/\",\"logo\":{\"@type\":\"ImageObject\",\"inLanguage\":\"fr-FR\",\"@id\":\"https:\\\/\\\/www.focus-obs.org\\\/es\\\/#\\\/schema\\\/logo\\\/image\\\/\",\"url\":\"https:\\\/\\\/www.focus-obs.org\\\/wp-content\\\/uploads\\\/2021\\\/01\\\/logo-focus-white-on-black-1.png\",\"contentUrl\":\"https:\\\/\\\/www.focus-obs.org\\\/wp-content\\\/uploads\\\/2021\\\/01\\\/logo-focus-white-on-black-1.png\",\"width\":2132,\"height\":735,\"caption\":\"Focus: The Observatory On Public Policies For Defenders\"},\"image\":{\"@id\":\"https:\\\/\\\/www.focus-obs.org\\\/es\\\/#\\\/schema\\\/logo\\\/image\\\/\"}}]}<\/script>\n<!-- \/ Yoast SEO plugin. -->","yoast_head_json":{"title":"P\u00e9rou: les d\u00e9fenseur\u00b7e\u00b7s de l'environnement appellent \u00e0 la fin de la violence et demandent une protection - Focus: The Observatory On Public Policies For Defenders","robots":{"index":"index","follow":"follow","max-snippet":"max-snippet:-1","max-image-preview":"max-image-preview:large","max-video-preview":"max-video-preview:-1"},"canonical":"https:\/\/www.focus-obs.org\/fr\/documents\/perus-environmental-defenders-urge-end-to-violence-call-for-protection\/","og_locale":"fr_FR","og_type":"article","og_title":"P\u00e9rou: les d\u00e9fenseur\u00b7e\u00b7s de l'environnement appellent \u00e0 la fin de la violence et demandent une protection - Focus: The Observatory On Public Policies For Defenders","og_description":"\u00ab\u00a0Un groupe de d\u00e9fenseur\u00b7e\u00b7s des droits humains et de l&rsquo;environnement de diverses r\u00e9gions du P\u00e9rou a manifest\u00e9 mercredi \u00e0 Lima pour demander la fin de la violence et exiger que l&rsquo;\u00c9tat leur garantisse une protection. \u00ab\u00a0Ce que nous faisons ici, c&rsquo;est faire conna\u00eetre nos demandes pour que l&rsquo;\u00c9tat agisse \u00e0 temps (\u2026), qu&rsquo;il prenne les [&hellip;]","og_url":"https:\/\/www.focus-obs.org\/fr\/documents\/perus-environmental-defenders-urge-end-to-violence-call-for-protection\/","og_site_name":"Focus: The Observatory On Public Policies For Defenders","article_modified_time":"2022-11-04T14:32:35+00:00","twitter_card":"summary_large_image","twitter_misc":{"Dur\u00e9e de lecture estim\u00e9e":"1 minute"},"schema":{"@context":"https:\/\/schema.org","@graph":[{"@type":"WebPage","@id":"https:\/\/www.focus-obs.org\/fr\/documents\/perus-environmental-defenders-urge-end-to-violence-call-for-protection\/","url":"https:\/\/www.focus-obs.org\/fr\/documents\/perus-environmental-defenders-urge-end-to-violence-call-for-protection\/","name":"P\u00e9rou: les d\u00e9fenseur\u00b7e\u00b7s de l'environnement appellent \u00e0 la fin de la violence et demandent une protection - Focus: The Observatory On Public Policies For Defenders","isPartOf":{"@id":"https:\/\/www.focus-obs.org\/es\/#website"},"datePublished":"2021-11-02T15:55:53+00:00","dateModified":"2022-11-04T14:32:35+00:00","breadcrumb":{"@id":"https:\/\/www.focus-obs.org\/fr\/documents\/perus-environmental-defenders-urge-end-to-violence-call-for-protection\/#breadcrumb"},"inLanguage":"fr-FR","potentialAction":[{"@type":"ReadAction","target":["https:\/\/www.focus-obs.org\/fr\/documents\/perus-environmental-defenders-urge-end-to-violence-call-for-protection\/"]}]},{"@type":"BreadcrumbList","@id":"https:\/\/www.focus-obs.org\/fr\/documents\/perus-environmental-defenders-urge-end-to-violence-call-for-protection\/#breadcrumb","itemListElement":[{"@type":"ListItem","position":1,"name":"Home","item":"https:\/\/www.focus-obs.org\/fr\/acceuil\/"},{"@type":"ListItem","position":2,"name":"Documents","item":"https:\/\/www.focus-obs.org\/es\/documents\/"},{"@type":"ListItem","position":3,"name":"P\u00e9rou: les d\u00e9fenseur\u00b7e\u00b7s de l&#8217;environnement appellent \u00e0 la fin de la violence et demandent une protection"}]},{"@type":"WebSite","@id":"https:\/\/www.focus-obs.org\/es\/#website","url":"https:\/\/www.focus-obs.org\/es\/","name":"Focus: The Observatory On Public Policies For Defenders","description":"The Observatory On Public Policies For Defenders","publisher":{"@id":"https:\/\/www.focus-obs.org\/es\/#organization"},"potentialAction":[{"@type":"SearchAction","target":{"@type":"EntryPoint","urlTemplate":"https:\/\/www.focus-obs.org\/es\/?s={search_term_string}"},"query-input":{"@type":"PropertyValueSpecification","valueRequired":true,"valueName":"search_term_string"}}],"inLanguage":"fr-FR"},{"@type":"Organization","@id":"https:\/\/www.focus-obs.org\/es\/#organization","name":"Focus: The Observatory On Public Policies For Defenders","url":"https:\/\/www.focus-obs.org\/es\/","logo":{"@type":"ImageObject","inLanguage":"fr-FR","@id":"https:\/\/www.focus-obs.org\/es\/#\/schema\/logo\/image\/","url":"https:\/\/www.focus-obs.org\/wp-content\/uploads\/2021\/01\/logo-focus-white-on-black-1.png","contentUrl":"https:\/\/www.focus-obs.org\/wp-content\/uploads\/2021\/01\/logo-focus-white-on-black-1.png","width":2132,"height":735,"caption":"Focus: The Observatory On Public Policies For Defenders"},"image":{"@id":"https:\/\/www.focus-obs.org\/es\/#\/schema\/logo\/image\/"}}]}},"_links":{"self":[{"href":"https:\/\/www.focus-obs.org\/fr\/wp-json\/wp\/v2\/documents\/4353","targetHints":{"allow":["GET"]}}],"collection":[{"href":"https:\/\/www.focus-obs.org\/fr\/wp-json\/wp\/v2\/documents"}],"about":[{"href":"https:\/\/www.focus-obs.org\/fr\/wp-json\/wp\/v2\/types\/documents"}],"version-history":[{"count":3,"href":"https:\/\/www.focus-obs.org\/fr\/wp-json\/wp\/v2\/documents\/4353\/revisions"}],"predecessor-version":[{"id":8029,"href":"https:\/\/www.focus-obs.org\/fr\/wp-json\/wp\/v2\/documents\/4353\/revisions\/8029"}],"wp:attachment":[{"href":"https:\/\/www.focus-obs.org\/fr\/wp-json\/wp\/v2\/media?parent=4353"}],"wp:term":[{"taxonomy":"document-original-language","embeddable":true,"href":"https:\/\/www.focus-obs.org\/fr\/wp-json\/wp\/v2\/document-original-language?post=4353"},{"taxonomy":"authorship","embeddable":true,"href":"https:\/\/www.focus-obs.org\/fr\/wp-json\/wp\/v2\/authorship?post=4353"},{"taxonomy":"type-of-document","embeddable":true,"href":"https:\/\/www.focus-obs.org\/fr\/wp-json\/wp\/v2\/type-of-document?post=4353"},{"taxonomy":"progress","embeddable":true,"href":"https:\/\/www.focus-obs.org\/fr\/wp-json\/wp\/v2\/progress?post=4353"},{"taxonomy":"location","embeddable":true,"href":"https:\/\/www.focus-obs.org\/fr\/wp-json\/wp\/v2\/location?post=4353"}],"curies":[{"name":"wp","href":"https:\/\/api.w.org\/{rel}","templated":true}]}}

Pérou: les défenseur·e·s de l&rsquo;environnement appellent à la fin de la violence et demandent une protection

<p class="wp-block-paragraph">« Un groupe de défenseur·e·s des droits humains et de l&rsquo;environnement de diverses régions du Pérou a manifesté mercredi à Lima pour demander la fin de la violence et exiger que l&rsquo;État leur garantisse une protection.</p>



<p class="wp-block-paragraph">« Ce que nous faisons ici, c&rsquo;est faire connaître nos demandes pour que l&rsquo;État agisse à temps (…), qu&rsquo;il prenne les mesures correspondantes avant qu&rsquo;il y ait d&rsquo;autres meurtres ou assassinats », a déclaré à Efe Agustina Mayán, représentante de l&rsquo;Organisation pour le développement des communautés frontalières de Cenepa (Odecofroc) ».</p>



<p class="wp-block-paragraph">Retrouvez l&rsquo;intégralité de la publication <a href="https://www.laestrella.com.pa/internacional/america/211027/defensores-ambientales-peru-urgen-alto-violencia-piden-proteccion" target="_blank" rel="noreferrer noopener">ici</a> en espagnol (<a href="https://www.laestrella.com.pa/" target="_blank" rel="noreferrer noopener">La estrella de Panama</a>, recuperado de <a href="https://efe.com/" target="_blank" rel="noreferrer noopener">EFE media</a>).</p>

<!-- This site is optimized with the Yoast SEO plugin v28.4 - https://yoast.com/product/yoast-seo-wordpress/ -->
<title>Pérou: les défenseur·e·s de l&#039;environnement appellent à la fin de la violence et demandent une protection - Focus: The Observatory On Public Policies For Defenders</title>
<meta name="robots" content="index, follow, max-snippet:-1, max-image-preview:large, max-video-preview:-1" />
<link rel="canonical" href="https://www.focus-obs.org/fr/documents/perus-environmental-defenders-urge-end-to-violence-call-for-protection/" />
<meta property="og:locale" content="fr_FR" />
<meta property="og:type" content="article" />
<meta property="og:title" content="Pérou: les défenseur·e·s de l&#039;environnement appellent à la fin de la violence et demandent une protection - Focus: The Observatory On Public Policies For Defenders" />
<meta property="og:description" content="« Un groupe de défenseur·e·s des droits humains et de l&rsquo;environnement de diverses régions du Pérou a manifesté mercredi à Lima pour demander la fin de la violence et exiger que l&rsquo;État leur garantisse une protection. « Ce que nous faisons ici, c&rsquo;est faire connaître nos demandes pour que l&rsquo;État agisse à temps (…), qu&rsquo;il prenne les [&hellip;]" />
<meta property="og:url" content="https://www.focus-obs.org/fr/documents/perus-environmental-defenders-urge-end-to-violence-call-for-protection/" />
<meta property="og:site_name" content="Focus: The Observatory On Public Policies For Defenders" />
<meta property="article:modified_time" content="2022-11-04T14:32:35+00:00" />
<meta name="twitter:card" content="summary_large_image" />
<meta name="twitter:label1" content="Durée de lecture estimée" />
	<meta name="twitter:data1" content="1 minute" />
<script type="application/ld+json" class="yoast-schema-graph">{"@context":"https:\/\/schema.org","@graph":[{"@type":"WebPage","@id":"https:\/\/www.focus-obs.org\/fr\/documents\/perus-environmental-defenders-urge-end-to-violence-call-for-protection\/","url":"https:\/\/www.focus-obs.org\/fr\/documents\/perus-environmental-defenders-urge-end-to-violence-call-for-protection\/","name":"Pérou: les défenseur·e·s de l'environnement appellent à la fin de la violence et demandent une protection - Focus: The Observatory On Public Policies For Defenders","isPartOf":{"@id":"https:\/\/www.focus-obs.org\/es\/#website"},"datePublished":"2021-11-02T15:55:53+00:00","dateModified":"2022-11-04T14:32:35+00:00","breadcrumb":{"@id":"https:\/\/www.focus-obs.org\/fr\/documents\/perus-environmental-defenders-urge-end-to-violence-call-for-protection\/#breadcrumb"},"inLanguage":"fr-FR","potentialAction":[{"@type":"ReadAction","target":["https:\/\/www.focus-obs.org\/fr\/documents\/perus-environmental-defenders-urge-end-to-violence-call-for-protection\/"]}]},{"@type":"BreadcrumbList","@id":"https:\/\/www.focus-obs.org\/fr\/documents\/perus-environmental-defenders-urge-end-to-violence-call-for-protection\/#breadcrumb","itemListElement":[{"@type":"ListItem","position":1,"name":"Home","item":"https:\/\/www.focus-obs.org\/fr\/acceuil\/"},{"@type":"ListItem","position":2,"name":"Documents","item":"https:\/\/www.focus-obs.org\/es\/documents\/"},{"@type":"ListItem","position":3,"name":"Pérou: les défenseur·e·s de l&#8217;environnement appellent à la fin de la violence et demandent une protection"}]},{"@type":"WebSite","@id":"https:\/\/www.focus-obs.org\/es\/#website","url":"https:\/\/www.focus-obs.org\/es\/","name":"Focus: The Observatory On Public Policies For Defenders","description":"The Observatory On Public Policies For Defenders","publisher":{"@id":"https:\/\/www.focus-obs.org\/es\/#organization"},"potentialAction":[{"@type":"SearchAction","target":{"@type":"EntryPoint","urlTemplate":"https:\/\/www.focus-obs.org\/es\/?s={search_term_string}"},"query-input":{"@type":"PropertyValueSpecification","valueRequired":true,"valueName":"search_term_string"}}],"inLanguage":"fr-FR"},{"@type":"Organization","@id":"https:\/\/www.focus-obs.org\/es\/#organization","name":"Focus: The Observatory On Public Policies For Defenders","url":"https:\/\/www.focus-obs.org\/es\/","logo":{"@type":"ImageObject","inLanguage":"fr-FR","@id":"https:\/\/www.focus-obs.org\/es\/#\/schema\/logo\/image\/","url":"https:\/\/www.focus-obs.org\/wp-content\/uploads\/2021\/01\/logo-focus-white-on-black-1.png","contentUrl":"https:\/\/www.focus-obs.org\/wp-content\/uploads\/2021\/01\/logo-focus-white-on-black-1.png","width":2132,"height":735,"caption":"Focus: The Observatory On Public Policies For Defenders"},"image":{"@id":"https:\/\/www.focus-obs.org\/es\/#\/schema\/logo\/image\/"}}]}</script>
<!-- / Yoast SEO plugin. -->

Pérou: les défenseur·e·s de l'environnement appellent à la fin de la violence et demandent une protection - Focus: The Observatory On Public Policies For Defenders

« Un groupe de défenseur·e·s des droits humains et de l&rsquo;environnement de diverses régions du Pérou a manifesté mercredi à Lima pour demander la fin de la violence et exiger que l&rsquo;État leur garantisse une protection. « Ce que nous faisons ici, c&rsquo;est faire connaître nos demandes pour que l&rsquo;État agisse à temps (…), qu&rsquo;il prenne les [&hellip;]

Pérou: les défenseur·e·s de l&#8217;environnement appellent à la fin de la violence et demandent une protection
