{"id":4260,"date":"2021-10-15T10:43:38","date_gmt":"2021-10-15T08:43:38","guid":{"rendered":"https:\/\/www.focus-obs.org\/documents\/the-time-is-now-effective-public-policies-for-the-right-to-defend-human-rights\/"},"modified":"2023-07-17T12:36:02","modified_gmt":"2023-07-17T10:36:02","slug":"the-time-is-now-effective-public-policies-for-the-right-to-defend-human-rights","status":"publish","type":"documents","link":"https:\/\/www.focus-obs.org\/fr\/documents\/the-time-is-now-effective-public-policies-for-the-right-to-defend-human-rights\/","title":{"rendered":"Protection International: The Time is Now! \u2013 Des politiques publiques efficaces pour le droit de d\u00e9fendre les droits humains"},"content":{"rendered":"\n<p class=\"wp-block-paragraph\">Compte tenu du nombre \u00e9lev\u00e9 d&rsquo;attaques contre les d\u00e9fenseur\u00b7e\u00b7s des droits humains (DDH ou d\u00e9fenseur\u00b7e\u00b7s) dans les Am\u00e9riques (et dans le reste du monde), <em>THE TIME IS NOW&nbsp;<\/em>tente&nbsp;de d\u00e9couvrir les d\u00e9fis concernant la mise en oeuvre des m\u00e9canismes et programmes nationaux que les diff\u00e9rents gouvernements de la r\u00e9gion ont mis en place pour prot\u00e9ger les  d\u00e9fenseur\u00b7e\u00b7s.<\/p>\n\n\n\n<p class=\"wp-block-paragraph\">Protection International et le Centre de Justice et Droit International (CEJIL) ont unis leurs efforts et leurs expertises dans la r\u00e9gion pour contribuer \u00e0 <strong>une approche innovatrice, offrant de nouvelles possibilit\u00e9s d&rsquo;am\u00e9liorer les politiques de protection.<\/strong><\/p>\n\n\n\n<p class=\"wp-block-paragraph\">Depuis son lancement, Es Tiempo Ya a \u00e9t\u00e9 pr\u00e9sent\u00e9 en Colombie, au Honduras, au Guatemala, \u00e0 Gen\u00e8ve, au P\u00e9rou et au Paraguay.<\/p>\n\n\n\n<hr class=\"wp-block-separator has-css-opacity\"\/>\n\n\n\n<p class=\"wp-block-paragraph\">Retrouvez le r\u00e9sum\u00e9 de la publication en <a href=\"https:\/\/protectioninternational.org\/sites\/default\/files\/2018-Es-Tiempo-YA-sinthesis.pdf\" target=\"_blank\" rel=\"noreferrer noopener\">espagnol<\/a> et en <a href=\"https:\/\/protectioninternational.org\/sites\/default\/files\/2018-The_time_is_now-synthesis-web.pdf\" target=\"_blank\" rel=\"noreferrer noopener\">anglais<\/a>.\u00a0<\/p>\n\n\n\n<p class=\"wp-block-paragraph\">Retrouvez la publication enti\u00e8re et originale <a href=\"https:\/\/www.protectioninternational.org\/researchpublications\/the-time-is-now-effective-public-policies-for-the-right-to-defend-human-rights\/\" target=\"_blank\" rel=\"noreferrer noopener\">ici<\/a> en espagnol et anglais (<a href=\"https:\/\/www.protectioninternational.org\/\" target=\"_blank\" rel=\"noreferrer noopener\">Protection International<\/a> et <a href=\"https:\/\/www.cejil.org\/\" target=\"_blank\" rel=\"noreferrer noopener\">Centre for Justice and International Law (CEJIL)<\/a>).<\/p>\n","protected":false},"template":"","document-original-language":[],"authorship":[437],"type-of-document":[166],"progress":[],"location":[168],"class_list":["post-4260","documents","type-documents","status-publish","hentry","authorship-protection-international-fr","type-of-document-etude-ou-analyse","location-ameriques"],"yoast_head":"<!-- This site is optimized with the Yoast SEO plugin v28.4 - https:\/\/yoast.com\/product\/yoast-seo-wordpress\/ -->\n<title>Protection International: The Time is Now! \u2013 Des politiques publiques efficaces pour le droit de d\u00e9fendre les droits humains - Focus: The Observatory On Public Policies For Defenders<\/title>\n<meta name=\"robots\" content=\"index, follow, max-snippet:-1, max-image-preview:large, max-video-preview:-1\" \/>\n<link rel=\"canonical\" href=\"https:\/\/www.focus-obs.org\/fr\/documents\/the-time-is-now-effective-public-policies-for-the-right-to-defend-human-rights\/\" \/>\n<meta property=\"og:locale\" content=\"fr_FR\" \/>\n<meta property=\"og:type\" content=\"article\" \/>\n<meta property=\"og:title\" content=\"Protection International: The Time is Now! \u2013 Des politiques publiques efficaces pour le droit de d\u00e9fendre les droits humains - Focus: The Observatory On Public Policies For Defenders\" \/>\n<meta property=\"og:description\" content=\"Compte tenu du nombre \u00e9lev\u00e9 d&rsquo;attaques contre les d\u00e9fenseur\u00b7e\u00b7s des droits humains (DDH ou d\u00e9fenseur\u00b7e\u00b7s) dans les Am\u00e9riques (et dans le reste du monde), THE TIME IS NOW&nbsp;tente&nbsp;de d\u00e9couvrir les d\u00e9fis concernant la mise en oeuvre des m\u00e9canismes et programmes nationaux que les diff\u00e9rents gouvernements de la r\u00e9gion ont mis en place pour prot\u00e9ger les [&hellip;]\" \/>\n<meta property=\"og:url\" content=\"https:\/\/www.focus-obs.org\/fr\/documents\/the-time-is-now-effective-public-policies-for-the-right-to-defend-human-rights\/\" \/>\n<meta property=\"og:site_name\" content=\"Focus: The Observatory On Public Policies For Defenders\" \/>\n<meta property=\"article:modified_time\" content=\"2023-07-17T10:36:02+00:00\" \/>\n<meta name=\"twitter:card\" content=\"summary_large_image\" \/>\n<meta name=\"twitter:label1\" content=\"Dur\u00e9e de lecture estim\u00e9e\" \/>\n\t<meta name=\"twitter:data1\" content=\"1 minute\" \/>\n<script type=\"application\/ld+json\" class=\"yoast-schema-graph\">{\"@context\":\"https:\\\/\\\/schema.org\",\"@graph\":[{\"@type\":\"WebPage\",\"@id\":\"https:\\\/\\\/www.focus-obs.org\\\/fr\\\/documents\\\/the-time-is-now-effective-public-policies-for-the-right-to-defend-human-rights\\\/\",\"url\":\"https:\\\/\\\/www.focus-obs.org\\\/fr\\\/documents\\\/the-time-is-now-effective-public-policies-for-the-right-to-defend-human-rights\\\/\",\"name\":\"Protection International: The Time is Now! \u2013 Des politiques publiques efficaces pour le droit de d\u00e9fendre les droits humains - Focus: The Observatory On Public Policies For Defenders\",\"isPartOf\":{\"@id\":\"https:\\\/\\\/www.focus-obs.org\\\/es\\\/#website\"},\"datePublished\":\"2021-10-15T08:43:38+00:00\",\"dateModified\":\"2023-07-17T10:36:02+00:00\",\"breadcrumb\":{\"@id\":\"https:\\\/\\\/www.focus-obs.org\\\/fr\\\/documents\\\/the-time-is-now-effective-public-policies-for-the-right-to-defend-human-rights\\\/#breadcrumb\"},\"inLanguage\":\"fr-FR\",\"potentialAction\":[{\"@type\":\"ReadAction\",\"target\":[\"https:\\\/\\\/www.focus-obs.org\\\/fr\\\/documents\\\/the-time-is-now-effective-public-policies-for-the-right-to-defend-human-rights\\\/\"]}]},{\"@type\":\"BreadcrumbList\",\"@id\":\"https:\\\/\\\/www.focus-obs.org\\\/fr\\\/documents\\\/the-time-is-now-effective-public-policies-for-the-right-to-defend-human-rights\\\/#breadcrumb\",\"itemListElement\":[{\"@type\":\"ListItem\",\"position\":1,\"name\":\"Home\",\"item\":\"https:\\\/\\\/www.focus-obs.org\\\/fr\\\/acceuil\\\/\"},{\"@type\":\"ListItem\",\"position\":2,\"name\":\"Documents\",\"item\":\"https:\\\/\\\/www.focus-obs.org\\\/es\\\/documents\\\/\"},{\"@type\":\"ListItem\",\"position\":3,\"name\":\"Protection International: The Time is Now! \u2013 Des politiques publiques efficaces pour le droit de d\u00e9fendre les droits humains\"}]},{\"@type\":\"WebSite\",\"@id\":\"https:\\\/\\\/www.focus-obs.org\\\/es\\\/#website\",\"url\":\"https:\\\/\\\/www.focus-obs.org\\\/es\\\/\",\"name\":\"Focus: The Observatory On Public Policies For Defenders\",\"description\":\"The Observatory On Public Policies For Defenders\",\"publisher\":{\"@id\":\"https:\\\/\\\/www.focus-obs.org\\\/es\\\/#organization\"},\"potentialAction\":[{\"@type\":\"SearchAction\",\"target\":{\"@type\":\"EntryPoint\",\"urlTemplate\":\"https:\\\/\\\/www.focus-obs.org\\\/es\\\/?s={search_term_string}\"},\"query-input\":{\"@type\":\"PropertyValueSpecification\",\"valueRequired\":true,\"valueName\":\"search_term_string\"}}],\"inLanguage\":\"fr-FR\"},{\"@type\":\"Organization\",\"@id\":\"https:\\\/\\\/www.focus-obs.org\\\/es\\\/#organization\",\"name\":\"Focus: The Observatory On Public Policies For Defenders\",\"url\":\"https:\\\/\\\/www.focus-obs.org\\\/es\\\/\",\"logo\":{\"@type\":\"ImageObject\",\"inLanguage\":\"fr-FR\",\"@id\":\"https:\\\/\\\/www.focus-obs.org\\\/es\\\/#\\\/schema\\\/logo\\\/image\\\/\",\"url\":\"https:\\\/\\\/www.focus-obs.org\\\/wp-content\\\/uploads\\\/2021\\\/01\\\/logo-focus-white-on-black-1.png\",\"contentUrl\":\"https:\\\/\\\/www.focus-obs.org\\\/wp-content\\\/uploads\\\/2021\\\/01\\\/logo-focus-white-on-black-1.png\",\"width\":2132,\"height\":735,\"caption\":\"Focus: The Observatory On Public Policies For Defenders\"},\"image\":{\"@id\":\"https:\\\/\\\/www.focus-obs.org\\\/es\\\/#\\\/schema\\\/logo\\\/image\\\/\"}}]}<\/script>\n<!-- \/ Yoast SEO plugin. -->","yoast_head_json":{"title":"Protection International: The Time is Now! \u2013 Des politiques publiques efficaces pour le droit de d\u00e9fendre les droits humains - Focus: The Observatory On Public Policies For Defenders","robots":{"index":"index","follow":"follow","max-snippet":"max-snippet:-1","max-image-preview":"max-image-preview:large","max-video-preview":"max-video-preview:-1"},"canonical":"https:\/\/www.focus-obs.org\/fr\/documents\/the-time-is-now-effective-public-policies-for-the-right-to-defend-human-rights\/","og_locale":"fr_FR","og_type":"article","og_title":"Protection International: The Time is Now! \u2013 Des politiques publiques efficaces pour le droit de d\u00e9fendre les droits humains - Focus: The Observatory On Public Policies For Defenders","og_description":"Compte tenu du nombre \u00e9lev\u00e9 d&rsquo;attaques contre les d\u00e9fenseur\u00b7e\u00b7s des droits humains (DDH ou d\u00e9fenseur\u00b7e\u00b7s) dans les Am\u00e9riques (et dans le reste du monde), THE TIME IS NOW&nbsp;tente&nbsp;de d\u00e9couvrir les d\u00e9fis concernant la mise en oeuvre des m\u00e9canismes et programmes nationaux que les diff\u00e9rents gouvernements de la r\u00e9gion ont mis en place pour prot\u00e9ger les [&hellip;]","og_url":"https:\/\/www.focus-obs.org\/fr\/documents\/the-time-is-now-effective-public-policies-for-the-right-to-defend-human-rights\/","og_site_name":"Focus: The Observatory On Public Policies For Defenders","article_modified_time":"2023-07-17T10:36:02+00:00","twitter_card":"summary_large_image","twitter_misc":{"Dur\u00e9e de lecture estim\u00e9e":"1 minute"},"schema":{"@context":"https:\/\/schema.org","@graph":[{"@type":"WebPage","@id":"https:\/\/www.focus-obs.org\/fr\/documents\/the-time-is-now-effective-public-policies-for-the-right-to-defend-human-rights\/","url":"https:\/\/www.focus-obs.org\/fr\/documents\/the-time-is-now-effective-public-policies-for-the-right-to-defend-human-rights\/","name":"Protection International: The Time is Now! \u2013 Des politiques publiques efficaces pour le droit de d\u00e9fendre les droits humains - Focus: The Observatory On Public Policies For Defenders","isPartOf":{"@id":"https:\/\/www.focus-obs.org\/es\/#website"},"datePublished":"2021-10-15T08:43:38+00:00","dateModified":"2023-07-17T10:36:02+00:00","breadcrumb":{"@id":"https:\/\/www.focus-obs.org\/fr\/documents\/the-time-is-now-effective-public-policies-for-the-right-to-defend-human-rights\/#breadcrumb"},"inLanguage":"fr-FR","potentialAction":[{"@type":"ReadAction","target":["https:\/\/www.focus-obs.org\/fr\/documents\/the-time-is-now-effective-public-policies-for-the-right-to-defend-human-rights\/"]}]},{"@type":"BreadcrumbList","@id":"https:\/\/www.focus-obs.org\/fr\/documents\/the-time-is-now-effective-public-policies-for-the-right-to-defend-human-rights\/#breadcrumb","itemListElement":[{"@type":"ListItem","position":1,"name":"Home","item":"https:\/\/www.focus-obs.org\/fr\/acceuil\/"},{"@type":"ListItem","position":2,"name":"Documents","item":"https:\/\/www.focus-obs.org\/es\/documents\/"},{"@type":"ListItem","position":3,"name":"Protection International: The Time is Now! \u2013 Des politiques publiques efficaces pour le droit de d\u00e9fendre les droits humains"}]},{"@type":"WebSite","@id":"https:\/\/www.focus-obs.org\/es\/#website","url":"https:\/\/www.focus-obs.org\/es\/","name":"Focus: The Observatory On Public Policies For Defenders","description":"The Observatory On Public Policies For Defenders","publisher":{"@id":"https:\/\/www.focus-obs.org\/es\/#organization"},"potentialAction":[{"@type":"SearchAction","target":{"@type":"EntryPoint","urlTemplate":"https:\/\/www.focus-obs.org\/es\/?s={search_term_string}"},"query-input":{"@type":"PropertyValueSpecification","valueRequired":true,"valueName":"search_term_string"}}],"inLanguage":"fr-FR"},{"@type":"Organization","@id":"https:\/\/www.focus-obs.org\/es\/#organization","name":"Focus: The Observatory On Public Policies For Defenders","url":"https:\/\/www.focus-obs.org\/es\/","logo":{"@type":"ImageObject","inLanguage":"fr-FR","@id":"https:\/\/www.focus-obs.org\/es\/#\/schema\/logo\/image\/","url":"https:\/\/www.focus-obs.org\/wp-content\/uploads\/2021\/01\/logo-focus-white-on-black-1.png","contentUrl":"https:\/\/www.focus-obs.org\/wp-content\/uploads\/2021\/01\/logo-focus-white-on-black-1.png","width":2132,"height":735,"caption":"Focus: The Observatory On Public Policies For Defenders"},"image":{"@id":"https:\/\/www.focus-obs.org\/es\/#\/schema\/logo\/image\/"}}]}},"_links":{"self":[{"href":"https:\/\/www.focus-obs.org\/fr\/wp-json\/wp\/v2\/documents\/4260","targetHints":{"allow":["GET"]}}],"collection":[{"href":"https:\/\/www.focus-obs.org\/fr\/wp-json\/wp\/v2\/documents"}],"about":[{"href":"https:\/\/www.focus-obs.org\/fr\/wp-json\/wp\/v2\/types\/documents"}],"version-history":[{"count":5,"href":"https:\/\/www.focus-obs.org\/fr\/wp-json\/wp\/v2\/documents\/4260\/revisions"}],"predecessor-version":[{"id":11183,"href":"https:\/\/www.focus-obs.org\/fr\/wp-json\/wp\/v2\/documents\/4260\/revisions\/11183"}],"wp:attachment":[{"href":"https:\/\/www.focus-obs.org\/fr\/wp-json\/wp\/v2\/media?parent=4260"}],"wp:term":[{"taxonomy":"document-original-language","embeddable":true,"href":"https:\/\/www.focus-obs.org\/fr\/wp-json\/wp\/v2\/document-original-language?post=4260"},{"taxonomy":"authorship","embeddable":true,"href":"https:\/\/www.focus-obs.org\/fr\/wp-json\/wp\/v2\/authorship?post=4260"},{"taxonomy":"type-of-document","embeddable":true,"href":"https:\/\/www.focus-obs.org\/fr\/wp-json\/wp\/v2\/type-of-document?post=4260"},{"taxonomy":"progress","embeddable":true,"href":"https:\/\/www.focus-obs.org\/fr\/wp-json\/wp\/v2\/progress?post=4260"},{"taxonomy":"location","embeddable":true,"href":"https:\/\/www.focus-obs.org\/fr\/wp-json\/wp\/v2\/location?post=4260"}],"curies":[{"name":"wp","href":"https:\/\/api.w.org\/{rel}","templated":true}]}}

Protection International: The Time is Now! – Des politiques publiques efficaces pour le droit de défendre les droits humains

<p class="wp-block-paragraph">Compte tenu du nombre élevé d&rsquo;attaques contre les défenseur·e·s des droits humains (DDH ou défenseur·e·s) dans les Amériques (et dans le reste du monde), <em>THE TIME IS NOW&nbsp;</em>tente&nbsp;de découvrir les défis concernant la mise en oeuvre des mécanismes et programmes nationaux que les différents gouvernements de la région ont mis en place pour protéger les  défenseur·e·s.</p>



<p class="wp-block-paragraph">Protection International et le Centre de Justice et Droit International (CEJIL) ont unis leurs efforts et leurs expertises dans la région pour contribuer à <strong>une approche innovatrice, offrant de nouvelles possibilités d&rsquo;améliorer les politiques de protection.</strong></p>



<p class="wp-block-paragraph">Depuis son lancement, Es Tiempo Ya a été présenté en Colombie, au Honduras, au Guatemala, à Genève, au Pérou et au Paraguay.</p>



<hr class="wp-block-separator has-css-opacity"/>



<p class="wp-block-paragraph">Retrouvez le résumé de la publication en <a href="https://protectioninternational.org/sites/default/files/2018-Es-Tiempo-YA-sinthesis.pdf" target="_blank" rel="noreferrer noopener">espagnol</a> et en <a href="https://protectioninternational.org/sites/default/files/2018-The_time_is_now-synthesis-web.pdf" target="_blank" rel="noreferrer noopener">anglais</a>. </p>



<p class="wp-block-paragraph">Retrouvez la publication entière et originale <a href="https://www.protectioninternational.org/researchpublications/the-time-is-now-effective-public-policies-for-the-right-to-defend-human-rights/" target="_blank" rel="noreferrer noopener">ici</a> en espagnol et anglais (<a href="https://www.protectioninternational.org/" target="_blank" rel="noreferrer noopener">Protection International</a> et <a href="https://www.cejil.org/" target="_blank" rel="noreferrer noopener">Centre for Justice and International Law (CEJIL)</a>).</p>

<!-- This site is optimized with the Yoast SEO plugin v28.4 - https://yoast.com/product/yoast-seo-wordpress/ -->
<title>Protection International: The Time is Now! – Des politiques publiques efficaces pour le droit de défendre les droits humains - Focus: The Observatory On Public Policies For Defenders</title>
<meta name="robots" content="index, follow, max-snippet:-1, max-image-preview:large, max-video-preview:-1" />
<link rel="canonical" href="https://www.focus-obs.org/fr/documents/the-time-is-now-effective-public-policies-for-the-right-to-defend-human-rights/" />
<meta property="og:locale" content="fr_FR" />
<meta property="og:type" content="article" />
<meta property="og:title" content="Protection International: The Time is Now! – Des politiques publiques efficaces pour le droit de défendre les droits humains - Focus: The Observatory On Public Policies For Defenders" />
<meta property="og:description" content="Compte tenu du nombre élevé d&rsquo;attaques contre les défenseur·e·s des droits humains (DDH ou défenseur·e·s) dans les Amériques (et dans le reste du monde), THE TIME IS NOW&nbsp;tente&nbsp;de découvrir les défis concernant la mise en oeuvre des mécanismes et programmes nationaux que les différents gouvernements de la région ont mis en place pour protéger les [&hellip;]" />
<meta property="og:url" content="https://www.focus-obs.org/fr/documents/the-time-is-now-effective-public-policies-for-the-right-to-defend-human-rights/" />
<meta property="og:site_name" content="Focus: The Observatory On Public Policies For Defenders" />
<meta property="article:modified_time" content="2023-07-17T10:36:02+00:00" />
<meta name="twitter:card" content="summary_large_image" />
<meta name="twitter:label1" content="Durée de lecture estimée" />
	<meta name="twitter:data1" content="1 minute" />
<script type="application/ld+json" class="yoast-schema-graph">{"@context":"https:\/\/schema.org","@graph":[{"@type":"WebPage","@id":"https:\/\/www.focus-obs.org\/fr\/documents\/the-time-is-now-effective-public-policies-for-the-right-to-defend-human-rights\/","url":"https:\/\/www.focus-obs.org\/fr\/documents\/the-time-is-now-effective-public-policies-for-the-right-to-defend-human-rights\/","name":"Protection International: The Time is Now! – Des politiques publiques efficaces pour le droit de défendre les droits humains - Focus: The Observatory On Public Policies For Defenders","isPartOf":{"@id":"https:\/\/www.focus-obs.org\/es\/#website"},"datePublished":"2021-10-15T08:43:38+00:00","dateModified":"2023-07-17T10:36:02+00:00","breadcrumb":{"@id":"https:\/\/www.focus-obs.org\/fr\/documents\/the-time-is-now-effective-public-policies-for-the-right-to-defend-human-rights\/#breadcrumb"},"inLanguage":"fr-FR","potentialAction":[{"@type":"ReadAction","target":["https:\/\/www.focus-obs.org\/fr\/documents\/the-time-is-now-effective-public-policies-for-the-right-to-defend-human-rights\/"]}]},{"@type":"BreadcrumbList","@id":"https:\/\/www.focus-obs.org\/fr\/documents\/the-time-is-now-effective-public-policies-for-the-right-to-defend-human-rights\/#breadcrumb","itemListElement":[{"@type":"ListItem","position":1,"name":"Home","item":"https:\/\/www.focus-obs.org\/fr\/acceuil\/"},{"@type":"ListItem","position":2,"name":"Documents","item":"https:\/\/www.focus-obs.org\/es\/documents\/"},{"@type":"ListItem","position":3,"name":"Protection International: The Time is Now! – Des politiques publiques efficaces pour le droit de défendre les droits humains"}]},{"@type":"WebSite","@id":"https:\/\/www.focus-obs.org\/es\/#website","url":"https:\/\/www.focus-obs.org\/es\/","name":"Focus: The Observatory On Public Policies For Defenders","description":"The Observatory On Public Policies For Defenders","publisher":{"@id":"https:\/\/www.focus-obs.org\/es\/#organization"},"potentialAction":[{"@type":"SearchAction","target":{"@type":"EntryPoint","urlTemplate":"https:\/\/www.focus-obs.org\/es\/?s={search_term_string}"},"query-input":{"@type":"PropertyValueSpecification","valueRequired":true,"valueName":"search_term_string"}}],"inLanguage":"fr-FR"},{"@type":"Organization","@id":"https:\/\/www.focus-obs.org\/es\/#organization","name":"Focus: The Observatory On Public Policies For Defenders","url":"https:\/\/www.focus-obs.org\/es\/","logo":{"@type":"ImageObject","inLanguage":"fr-FR","@id":"https:\/\/www.focus-obs.org\/es\/#\/schema\/logo\/image\/","url":"https:\/\/www.focus-obs.org\/wp-content\/uploads\/2021\/01\/logo-focus-white-on-black-1.png","contentUrl":"https:\/\/www.focus-obs.org\/wp-content\/uploads\/2021\/01\/logo-focus-white-on-black-1.png","width":2132,"height":735,"caption":"Focus: The Observatory On Public Policies For Defenders"},"image":{"@id":"https:\/\/www.focus-obs.org\/es\/#\/schema\/logo\/image\/"}}]}</script>
<!-- / Yoast SEO plugin. -->

Protection International: The Time is Now! – Des politiques publiques efficaces pour le droit de défendre les droits humains - Focus: The Observatory On Public Policies For Defenders

Compte tenu du nombre élevé d&rsquo;attaques contre les défenseur·e·s des droits humains (DDH ou défenseur·e·s) dans les Amériques (et dans le reste du monde), THE TIME IS NOW&nbsp;tente&nbsp;de découvrir les défis concernant la mise en oeuvre des mécanismes et programmes nationaux que les différents gouvernements de la région ont mis en place pour protéger les [&hellip;]
