{"id":1650,"date":"2021-05-21T12:29:26","date_gmt":"2021-05-21T10:29:26","guid":{"rendered":"https:\/\/www.focus-obs.org\/documents\/creation-de-lunite-fonctionnelle-pour-les-crimes-environnementaux-unida-du-ministere-de-lenvironnement\/"},"modified":"2022-11-17T10:38:26","modified_gmt":"2022-11-17T09:38:26","slug":"peru-resolution-no-028-2021-creant-lunite-fonctionnelle-pour-les-crimes-environnementaux-unida","status":"publish","type":"documents","link":"https:\/\/www.focus-obs.org\/fr\/documents\/peru-resolution-no-028-2021-creant-lunite-fonctionnelle-pour-les-crimes-environnementaux-unida\/","title":{"rendered":"Peru: R\u00e9solution N\u00ba 028-2021 cr\u00e9ant l&rsquo;Unit\u00e9 fonctionnelle pour les crimes environnementaux (UNIDA)"},"content":{"rendered":"\n<p class=\"wp-block-paragraph\">Le 8 mars 2021, le Secr\u00e9taire G\u00e9n\u00e9ral du P\u00e9rou a adopt\u00e9 la r\u00e9solution N\u00ba 028-2021, cr\u00e9ant l&rsquo;Unit\u00e9 fonctionnelle de lutte contre les d\u00e9lits environnementaux (UNIDA) au sein du Minist\u00e8re de l&rsquo;Environnement. L&rsquo;unit\u00e9 coordonnera principalement avec le syst\u00e8me national de gestion de l&rsquo;environnement et le syst\u00e8me judiciaire pour am\u00e9liorer la pr\u00e9vention, la r\u00e9duction et le suivi des crimes et infractions environnementaux.<\/p>\n\n\n\n<p class=\"wp-block-paragraph\">La r\u00e9solution N\u00ba 028-2021 contient plusieurs fonctions de l&rsquo;Unit\u00e9 pour les crimes environnementaux, qui incluent le d\u00e9veloppement d&rsquo;analyses strat\u00e9giques sur la commission de crimes environnementaux, la collaboration avec les entit\u00e9s pertinentes dans la r\u00e9ponse aux crimes environnementaux, la proposition de lignes directrices sur le d\u00e9veloppement de politiques publiques sur les crimes environnementaux et l&rsquo;assistance dans la mise en \u0153uvre de mesures ou la reconnaissance et la protection des d\u00e9fenseur\u00b7e\u00b7s de l&rsquo;environnement.<\/p>\n\n\n\n<p class=\"wp-block-paragraph\">Trouvez le document original <a href=\"https:\/\/busquedas.elperuano.pe\/normaslegales\/crean-la-unidad-funcional-de-delitos-ambientales-unida-del-resolucion-no-028-2021minam-1933528-1\/\" target=\"_blank\" rel=\"noreferrer noopener\">ici<\/a> en espagnol (<a href=\"https:\/\/busquedas.elperuano.pe\/\" target=\"_blank\" rel=\"noreferrer noopener\">El Peruano<\/a>).<\/p>\n","protected":false},"template":"","document-original-language":[353],"authorship":[153],"type-of-document":[162,161],"progress":[158],"location":[207,168],"class_list":["post-1650","documents","type-documents","status-publish","hentry","document-original-language-es-fr","authorship-autorites-et-institutions-nationales","type-of-document-loi-ou-decret-ou-similaire-y-compris-les-propositions","type-of-document-declaration-resolution-ou-rapport-officiel","progress-en-vigueur","location-perou","location-ameriques"],"yoast_head":"<!-- This site is optimized with the Yoast SEO plugin v28.4 - https:\/\/yoast.com\/product\/yoast-seo-wordpress\/ -->\n<title>Peru: R\u00e9solution N\u00ba 028-2021 cr\u00e9ant l&#039;Unit\u00e9 fonctionnelle pour les crimes environnementaux (UNIDA) - Focus: The Observatory On Public Policies For Defenders<\/title>\n<meta name=\"robots\" content=\"index, follow, max-snippet:-1, max-image-preview:large, max-video-preview:-1\" \/>\n<link rel=\"canonical\" href=\"https:\/\/www.focus-obs.org\/fr\/documents\/peru-resolution-no-028-2021-creant-lunite-fonctionnelle-pour-les-crimes-environnementaux-unida\/\" \/>\n<meta property=\"og:locale\" content=\"fr_FR\" \/>\n<meta property=\"og:type\" content=\"article\" \/>\n<meta property=\"og:title\" content=\"Peru: R\u00e9solution N\u00ba 028-2021 cr\u00e9ant l&#039;Unit\u00e9 fonctionnelle pour les crimes environnementaux (UNIDA) - Focus: The Observatory On Public Policies For Defenders\" \/>\n<meta property=\"og:description\" content=\"Le 8 mars 2021, le Secr\u00e9taire G\u00e9n\u00e9ral du P\u00e9rou a adopt\u00e9 la r\u00e9solution N\u00ba 028-2021, cr\u00e9ant l&rsquo;Unit\u00e9 fonctionnelle de lutte contre les d\u00e9lits environnementaux (UNIDA) au sein du Minist\u00e8re de l&rsquo;Environnement. L&rsquo;unit\u00e9 coordonnera principalement avec le syst\u00e8me national de gestion de l&rsquo;environnement et le syst\u00e8me judiciaire pour am\u00e9liorer la pr\u00e9vention, la r\u00e9duction et le suivi [&hellip;]\" \/>\n<meta property=\"og:url\" content=\"https:\/\/www.focus-obs.org\/fr\/documents\/peru-resolution-no-028-2021-creant-lunite-fonctionnelle-pour-les-crimes-environnementaux-unida\/\" \/>\n<meta property=\"og:site_name\" content=\"Focus: The Observatory On Public Policies For Defenders\" \/>\n<meta property=\"article:modified_time\" content=\"2022-11-17T09:38:26+00:00\" \/>\n<meta name=\"twitter:card\" content=\"summary_large_image\" \/>\n<meta name=\"twitter:label1\" content=\"Dur\u00e9e de lecture estim\u00e9e\" \/>\n\t<meta name=\"twitter:data1\" content=\"1 minute\" \/>\n<script type=\"application\/ld+json\" class=\"yoast-schema-graph\">{\"@context\":\"https:\\\/\\\/schema.org\",\"@graph\":[{\"@type\":\"WebPage\",\"@id\":\"https:\\\/\\\/www.focus-obs.org\\\/fr\\\/documents\\\/peru-resolution-no-028-2021-creant-lunite-fonctionnelle-pour-les-crimes-environnementaux-unida\\\/\",\"url\":\"https:\\\/\\\/www.focus-obs.org\\\/fr\\\/documents\\\/peru-resolution-no-028-2021-creant-lunite-fonctionnelle-pour-les-crimes-environnementaux-unida\\\/\",\"name\":\"Peru: R\u00e9solution N\u00ba 028-2021 cr\u00e9ant l'Unit\u00e9 fonctionnelle pour les crimes environnementaux (UNIDA) - Focus: The Observatory On Public Policies For Defenders\",\"isPartOf\":{\"@id\":\"https:\\\/\\\/www.focus-obs.org\\\/es\\\/#website\"},\"datePublished\":\"2021-05-21T10:29:26+00:00\",\"dateModified\":\"2022-11-17T09:38:26+00:00\",\"breadcrumb\":{\"@id\":\"https:\\\/\\\/www.focus-obs.org\\\/fr\\\/documents\\\/peru-resolution-no-028-2021-creant-lunite-fonctionnelle-pour-les-crimes-environnementaux-unida\\\/#breadcrumb\"},\"inLanguage\":\"fr-FR\",\"potentialAction\":[{\"@type\":\"ReadAction\",\"target\":[\"https:\\\/\\\/www.focus-obs.org\\\/fr\\\/documents\\\/peru-resolution-no-028-2021-creant-lunite-fonctionnelle-pour-les-crimes-environnementaux-unida\\\/\"]}]},{\"@type\":\"BreadcrumbList\",\"@id\":\"https:\\\/\\\/www.focus-obs.org\\\/fr\\\/documents\\\/peru-resolution-no-028-2021-creant-lunite-fonctionnelle-pour-les-crimes-environnementaux-unida\\\/#breadcrumb\",\"itemListElement\":[{\"@type\":\"ListItem\",\"position\":1,\"name\":\"Home\",\"item\":\"https:\\\/\\\/www.focus-obs.org\\\/fr\\\/acceuil\\\/\"},{\"@type\":\"ListItem\",\"position\":2,\"name\":\"Documents\",\"item\":\"https:\\\/\\\/www.focus-obs.org\\\/es\\\/documents\\\/\"},{\"@type\":\"ListItem\",\"position\":3,\"name\":\"Peru: R\u00e9solution N\u00ba 028-2021 cr\u00e9ant l&#8217;Unit\u00e9 fonctionnelle pour les crimes environnementaux (UNIDA)\"}]},{\"@type\":\"WebSite\",\"@id\":\"https:\\\/\\\/www.focus-obs.org\\\/es\\\/#website\",\"url\":\"https:\\\/\\\/www.focus-obs.org\\\/es\\\/\",\"name\":\"Focus: The Observatory On Public Policies For Defenders\",\"description\":\"The Observatory On Public Policies For Defenders\",\"publisher\":{\"@id\":\"https:\\\/\\\/www.focus-obs.org\\\/es\\\/#organization\"},\"potentialAction\":[{\"@type\":\"SearchAction\",\"target\":{\"@type\":\"EntryPoint\",\"urlTemplate\":\"https:\\\/\\\/www.focus-obs.org\\\/es\\\/?s={search_term_string}\"},\"query-input\":{\"@type\":\"PropertyValueSpecification\",\"valueRequired\":true,\"valueName\":\"search_term_string\"}}],\"inLanguage\":\"fr-FR\"},{\"@type\":\"Organization\",\"@id\":\"https:\\\/\\\/www.focus-obs.org\\\/es\\\/#organization\",\"name\":\"Focus: The Observatory On Public Policies For Defenders\",\"url\":\"https:\\\/\\\/www.focus-obs.org\\\/es\\\/\",\"logo\":{\"@type\":\"ImageObject\",\"inLanguage\":\"fr-FR\",\"@id\":\"https:\\\/\\\/www.focus-obs.org\\\/es\\\/#\\\/schema\\\/logo\\\/image\\\/\",\"url\":\"https:\\\/\\\/www.focus-obs.org\\\/wp-content\\\/uploads\\\/2021\\\/01\\\/logo-focus-white-on-black-1.png\",\"contentUrl\":\"https:\\\/\\\/www.focus-obs.org\\\/wp-content\\\/uploads\\\/2021\\\/01\\\/logo-focus-white-on-black-1.png\",\"width\":2132,\"height\":735,\"caption\":\"Focus: The Observatory On Public Policies For Defenders\"},\"image\":{\"@id\":\"https:\\\/\\\/www.focus-obs.org\\\/es\\\/#\\\/schema\\\/logo\\\/image\\\/\"}}]}<\/script>\n<!-- \/ Yoast SEO plugin. -->","yoast_head_json":{"title":"Peru: R\u00e9solution N\u00ba 028-2021 cr\u00e9ant l'Unit\u00e9 fonctionnelle pour les crimes environnementaux (UNIDA) - Focus: The Observatory On Public Policies For Defenders","robots":{"index":"index","follow":"follow","max-snippet":"max-snippet:-1","max-image-preview":"max-image-preview:large","max-video-preview":"max-video-preview:-1"},"canonical":"https:\/\/www.focus-obs.org\/fr\/documents\/peru-resolution-no-028-2021-creant-lunite-fonctionnelle-pour-les-crimes-environnementaux-unida\/","og_locale":"fr_FR","og_type":"article","og_title":"Peru: R\u00e9solution N\u00ba 028-2021 cr\u00e9ant l'Unit\u00e9 fonctionnelle pour les crimes environnementaux (UNIDA) - Focus: The Observatory On Public Policies For Defenders","og_description":"Le 8 mars 2021, le Secr\u00e9taire G\u00e9n\u00e9ral du P\u00e9rou a adopt\u00e9 la r\u00e9solution N\u00ba 028-2021, cr\u00e9ant l&rsquo;Unit\u00e9 fonctionnelle de lutte contre les d\u00e9lits environnementaux (UNIDA) au sein du Minist\u00e8re de l&rsquo;Environnement. L&rsquo;unit\u00e9 coordonnera principalement avec le syst\u00e8me national de gestion de l&rsquo;environnement et le syst\u00e8me judiciaire pour am\u00e9liorer la pr\u00e9vention, la r\u00e9duction et le suivi [&hellip;]","og_url":"https:\/\/www.focus-obs.org\/fr\/documents\/peru-resolution-no-028-2021-creant-lunite-fonctionnelle-pour-les-crimes-environnementaux-unida\/","og_site_name":"Focus: The Observatory On Public Policies For Defenders","article_modified_time":"2022-11-17T09:38:26+00:00","twitter_card":"summary_large_image","twitter_misc":{"Dur\u00e9e de lecture estim\u00e9e":"1 minute"},"schema":{"@context":"https:\/\/schema.org","@graph":[{"@type":"WebPage","@id":"https:\/\/www.focus-obs.org\/fr\/documents\/peru-resolution-no-028-2021-creant-lunite-fonctionnelle-pour-les-crimes-environnementaux-unida\/","url":"https:\/\/www.focus-obs.org\/fr\/documents\/peru-resolution-no-028-2021-creant-lunite-fonctionnelle-pour-les-crimes-environnementaux-unida\/","name":"Peru: R\u00e9solution N\u00ba 028-2021 cr\u00e9ant l'Unit\u00e9 fonctionnelle pour les crimes environnementaux (UNIDA) - Focus: The Observatory On Public Policies For Defenders","isPartOf":{"@id":"https:\/\/www.focus-obs.org\/es\/#website"},"datePublished":"2021-05-21T10:29:26+00:00","dateModified":"2022-11-17T09:38:26+00:00","breadcrumb":{"@id":"https:\/\/www.focus-obs.org\/fr\/documents\/peru-resolution-no-028-2021-creant-lunite-fonctionnelle-pour-les-crimes-environnementaux-unida\/#breadcrumb"},"inLanguage":"fr-FR","potentialAction":[{"@type":"ReadAction","target":["https:\/\/www.focus-obs.org\/fr\/documents\/peru-resolution-no-028-2021-creant-lunite-fonctionnelle-pour-les-crimes-environnementaux-unida\/"]}]},{"@type":"BreadcrumbList","@id":"https:\/\/www.focus-obs.org\/fr\/documents\/peru-resolution-no-028-2021-creant-lunite-fonctionnelle-pour-les-crimes-environnementaux-unida\/#breadcrumb","itemListElement":[{"@type":"ListItem","position":1,"name":"Home","item":"https:\/\/www.focus-obs.org\/fr\/acceuil\/"},{"@type":"ListItem","position":2,"name":"Documents","item":"https:\/\/www.focus-obs.org\/es\/documents\/"},{"@type":"ListItem","position":3,"name":"Peru: R\u00e9solution N\u00ba 028-2021 cr\u00e9ant l&#8217;Unit\u00e9 fonctionnelle pour les crimes environnementaux (UNIDA)"}]},{"@type":"WebSite","@id":"https:\/\/www.focus-obs.org\/es\/#website","url":"https:\/\/www.focus-obs.org\/es\/","name":"Focus: The Observatory On Public Policies For Defenders","description":"The Observatory On Public Policies For Defenders","publisher":{"@id":"https:\/\/www.focus-obs.org\/es\/#organization"},"potentialAction":[{"@type":"SearchAction","target":{"@type":"EntryPoint","urlTemplate":"https:\/\/www.focus-obs.org\/es\/?s={search_term_string}"},"query-input":{"@type":"PropertyValueSpecification","valueRequired":true,"valueName":"search_term_string"}}],"inLanguage":"fr-FR"},{"@type":"Organization","@id":"https:\/\/www.focus-obs.org\/es\/#organization","name":"Focus: The Observatory On Public Policies For Defenders","url":"https:\/\/www.focus-obs.org\/es\/","logo":{"@type":"ImageObject","inLanguage":"fr-FR","@id":"https:\/\/www.focus-obs.org\/es\/#\/schema\/logo\/image\/","url":"https:\/\/www.focus-obs.org\/wp-content\/uploads\/2021\/01\/logo-focus-white-on-black-1.png","contentUrl":"https:\/\/www.focus-obs.org\/wp-content\/uploads\/2021\/01\/logo-focus-white-on-black-1.png","width":2132,"height":735,"caption":"Focus: The Observatory On Public Policies For Defenders"},"image":{"@id":"https:\/\/www.focus-obs.org\/es\/#\/schema\/logo\/image\/"}}]}},"_links":{"self":[{"href":"https:\/\/www.focus-obs.org\/fr\/wp-json\/wp\/v2\/documents\/1650","targetHints":{"allow":["GET"]}}],"collection":[{"href":"https:\/\/www.focus-obs.org\/fr\/wp-json\/wp\/v2\/documents"}],"about":[{"href":"https:\/\/www.focus-obs.org\/fr\/wp-json\/wp\/v2\/types\/documents"}],"version-history":[{"count":3,"href":"https:\/\/www.focus-obs.org\/fr\/wp-json\/wp\/v2\/documents\/1650\/revisions"}],"predecessor-version":[{"id":6972,"href":"https:\/\/www.focus-obs.org\/fr\/wp-json\/wp\/v2\/documents\/1650\/revisions\/6972"}],"wp:attachment":[{"href":"https:\/\/www.focus-obs.org\/fr\/wp-json\/wp\/v2\/media?parent=1650"}],"wp:term":[{"taxonomy":"document-original-language","embeddable":true,"href":"https:\/\/www.focus-obs.org\/fr\/wp-json\/wp\/v2\/document-original-language?post=1650"},{"taxonomy":"authorship","embeddable":true,"href":"https:\/\/www.focus-obs.org\/fr\/wp-json\/wp\/v2\/authorship?post=1650"},{"taxonomy":"type-of-document","embeddable":true,"href":"https:\/\/www.focus-obs.org\/fr\/wp-json\/wp\/v2\/type-of-document?post=1650"},{"taxonomy":"progress","embeddable":true,"href":"https:\/\/www.focus-obs.org\/fr\/wp-json\/wp\/v2\/progress?post=1650"},{"taxonomy":"location","embeddable":true,"href":"https:\/\/www.focus-obs.org\/fr\/wp-json\/wp\/v2\/location?post=1650"}],"curies":[{"name":"wp","href":"https:\/\/api.w.org\/{rel}","templated":true}]}}

Peru: Résolution Nº 028-2021 créant l&rsquo;Unité fonctionnelle pour les crimes environnementaux (UNIDA)

<p class="wp-block-paragraph">Le 8 mars 2021, le Secrétaire Général du Pérou a adopté la résolution Nº 028-2021, créant l&rsquo;Unité fonctionnelle de lutte contre les délits environnementaux (UNIDA) au sein du Ministère de l&rsquo;Environnement. L&rsquo;unité coordonnera principalement avec le système national de gestion de l&rsquo;environnement et le système judiciaire pour améliorer la prévention, la réduction et le suivi des crimes et infractions environnementaux.</p>



<p class="wp-block-paragraph">La résolution Nº 028-2021 contient plusieurs fonctions de l&rsquo;Unité pour les crimes environnementaux, qui incluent le développement d&rsquo;analyses stratégiques sur la commission de crimes environnementaux, la collaboration avec les entités pertinentes dans la réponse aux crimes environnementaux, la proposition de lignes directrices sur le développement de politiques publiques sur les crimes environnementaux et l&rsquo;assistance dans la mise en œuvre de mesures ou la reconnaissance et la protection des défenseur·e·s de l&rsquo;environnement.</p>



<p class="wp-block-paragraph">Trouvez le document original <a href="https://busquedas.elperuano.pe/normaslegales/crean-la-unidad-funcional-de-delitos-ambientales-unida-del-resolucion-no-028-2021minam-1933528-1/" target="_blank" rel="noreferrer noopener">ici</a> en espagnol (<a href="https://busquedas.elperuano.pe/" target="_blank" rel="noreferrer noopener">El Peruano</a>).</p>

<!-- This site is optimized with the Yoast SEO plugin v28.4 - https://yoast.com/product/yoast-seo-wordpress/ -->
<title>Peru: Résolution Nº 028-2021 créant l&#039;Unité fonctionnelle pour les crimes environnementaux (UNIDA) - Focus: The Observatory On Public Policies For Defenders</title>
<meta name="robots" content="index, follow, max-snippet:-1, max-image-preview:large, max-video-preview:-1" />
<link rel="canonical" href="https://www.focus-obs.org/fr/documents/peru-resolution-no-028-2021-creant-lunite-fonctionnelle-pour-les-crimes-environnementaux-unida/" />
<meta property="og:locale" content="fr_FR" />
<meta property="og:type" content="article" />
<meta property="og:title" content="Peru: Résolution Nº 028-2021 créant l&#039;Unité fonctionnelle pour les crimes environnementaux (UNIDA) - Focus: The Observatory On Public Policies For Defenders" />
<meta property="og:description" content="Le 8 mars 2021, le Secrétaire Général du Pérou a adopté la résolution Nº 028-2021, créant l&rsquo;Unité fonctionnelle de lutte contre les délits environnementaux (UNIDA) au sein du Ministère de l&rsquo;Environnement. L&rsquo;unité coordonnera principalement avec le système national de gestion de l&rsquo;environnement et le système judiciaire pour améliorer la prévention, la réduction et le suivi [&hellip;]" />
<meta property="og:url" content="https://www.focus-obs.org/fr/documents/peru-resolution-no-028-2021-creant-lunite-fonctionnelle-pour-les-crimes-environnementaux-unida/" />
<meta property="og:site_name" content="Focus: The Observatory On Public Policies For Defenders" />
<meta property="article:modified_time" content="2022-11-17T09:38:26+00:00" />
<meta name="twitter:card" content="summary_large_image" />
<meta name="twitter:label1" content="Durée de lecture estimée" />
	<meta name="twitter:data1" content="1 minute" />
<script type="application/ld+json" class="yoast-schema-graph">{"@context":"https:\/\/schema.org","@graph":[{"@type":"WebPage","@id":"https:\/\/www.focus-obs.org\/fr\/documents\/peru-resolution-no-028-2021-creant-lunite-fonctionnelle-pour-les-crimes-environnementaux-unida\/","url":"https:\/\/www.focus-obs.org\/fr\/documents\/peru-resolution-no-028-2021-creant-lunite-fonctionnelle-pour-les-crimes-environnementaux-unida\/","name":"Peru: Résolution Nº 028-2021 créant l'Unité fonctionnelle pour les crimes environnementaux (UNIDA) - Focus: The Observatory On Public Policies For Defenders","isPartOf":{"@id":"https:\/\/www.focus-obs.org\/es\/#website"},"datePublished":"2021-05-21T10:29:26+00:00","dateModified":"2022-11-17T09:38:26+00:00","breadcrumb":{"@id":"https:\/\/www.focus-obs.org\/fr\/documents\/peru-resolution-no-028-2021-creant-lunite-fonctionnelle-pour-les-crimes-environnementaux-unida\/#breadcrumb"},"inLanguage":"fr-FR","potentialAction":[{"@type":"ReadAction","target":["https:\/\/www.focus-obs.org\/fr\/documents\/peru-resolution-no-028-2021-creant-lunite-fonctionnelle-pour-les-crimes-environnementaux-unida\/"]}]},{"@type":"BreadcrumbList","@id":"https:\/\/www.focus-obs.org\/fr\/documents\/peru-resolution-no-028-2021-creant-lunite-fonctionnelle-pour-les-crimes-environnementaux-unida\/#breadcrumb","itemListElement":[{"@type":"ListItem","position":1,"name":"Home","item":"https:\/\/www.focus-obs.org\/fr\/acceuil\/"},{"@type":"ListItem","position":2,"name":"Documents","item":"https:\/\/www.focus-obs.org\/es\/documents\/"},{"@type":"ListItem","position":3,"name":"Peru: Résolution Nº 028-2021 créant l&#8217;Unité fonctionnelle pour les crimes environnementaux (UNIDA)"}]},{"@type":"WebSite","@id":"https:\/\/www.focus-obs.org\/es\/#website","url":"https:\/\/www.focus-obs.org\/es\/","name":"Focus: The Observatory On Public Policies For Defenders","description":"The Observatory On Public Policies For Defenders","publisher":{"@id":"https:\/\/www.focus-obs.org\/es\/#organization"},"potentialAction":[{"@type":"SearchAction","target":{"@type":"EntryPoint","urlTemplate":"https:\/\/www.focus-obs.org\/es\/?s={search_term_string}"},"query-input":{"@type":"PropertyValueSpecification","valueRequired":true,"valueName":"search_term_string"}}],"inLanguage":"fr-FR"},{"@type":"Organization","@id":"https:\/\/www.focus-obs.org\/es\/#organization","name":"Focus: The Observatory On Public Policies For Defenders","url":"https:\/\/www.focus-obs.org\/es\/","logo":{"@type":"ImageObject","inLanguage":"fr-FR","@id":"https:\/\/www.focus-obs.org\/es\/#\/schema\/logo\/image\/","url":"https:\/\/www.focus-obs.org\/wp-content\/uploads\/2021\/01\/logo-focus-white-on-black-1.png","contentUrl":"https:\/\/www.focus-obs.org\/wp-content\/uploads\/2021\/01\/logo-focus-white-on-black-1.png","width":2132,"height":735,"caption":"Focus: The Observatory On Public Policies For Defenders"},"image":{"@id":"https:\/\/www.focus-obs.org\/es\/#\/schema\/logo\/image\/"}}]}</script>
<!-- / Yoast SEO plugin. -->

Peru: Résolution Nº 028-2021 créant l'Unité fonctionnelle pour les crimes environnementaux (UNIDA) - Focus: The Observatory On Public Policies For Defenders

Le 8 mars 2021, le Secrétaire Général du Pérou a adopté la résolution Nº 028-2021, créant l&rsquo;Unité fonctionnelle de lutte contre les délits environnementaux (UNIDA) au sein du Ministère de l&rsquo;Environnement. L&rsquo;unité coordonnera principalement avec le système national de gestion de l&rsquo;environnement et le système judiciaire pour améliorer la prévention, la réduction et le suivi [&hellip;]

Peru: Résolution Nº 028-2021 créant l&#8217;Unité fonctionnelle pour les crimes environnementaux (UNIDA)
