{"id":1414,"date":"2018-01-12T17:02:00","date_gmt":"2018-01-12T16:02:00","guid":{"rendered":"https:\/\/www.focus-obs.org\/?post_type=documents&#038;p=1414"},"modified":"2022-10-28T11:19:43","modified_gmt":"2022-10-28T09:19:43","slug":"mali-loi-no-2018-003-du-12-janvier-2018-relative-aux-defenseur%c2%b7e%c2%b7s-des-droits-humains","status":"publish","type":"documents","link":"https:\/\/www.focus-obs.org\/fr\/documents\/mali-loi-no-2018-003-du-12-janvier-2018-relative-aux-defenseur%c2%b7e%c2%b7s-des-droits-humains\/","title":{"rendered":"Mali: Loi n\u00ba 2018-003 du 12 Janvier 2018 relative aux d\u00e9fenseurs des droits de l&rsquo;homme"},"content":{"rendered":"\n<p class=\"wp-block-paragraph\">Le 12 janvier 2018, le gouvernement malien a adopt\u00e9 la <em>Loi n\u00b0 2018-003 relative aux d\u00e9fenseurs des droits de l&rsquo;homme<\/em>. La loi formule les droits et libert\u00e9s des d\u00e9fenseur\u00b7e\u00b7s des droits humains (DDH ou d\u00e9fenseur\u00b7e\u00b7s), les devoirs des d\u00e9fenseur\u00b7e\u00b7s et les devoirs de l&rsquo;\u00c9tat de prot\u00e9ger les d\u00e9fenseurs. La loi comprend une mention sp\u00e9cifique des femmes d\u00e9fenseures des droits humains, ainsi que des d\u00e9fenseur\u00b7e\u00b7s des droits humains en situation de handicap.<\/p>\n\n\n\n<p class=\"wp-block-paragraph\">Trouvez le document original <a href=\"https:\/\/sgg-mali.ml\/JO\/2017\/mali-jo-2017-03-2.pdf\" target=\"_blank\" rel=\"noreferrer noopener\">ici<\/a> en fran\u00e7ais (<a>Secr\u00e9tariat G\u00e9n\u00e9ral du Gouvernement du&nbsp;Mali &#8211; Journal Officiel<\/a>).<\/p>\n","protected":false},"template":"","document-original-language":[354],"authorship":[153],"type-of-document":[162],"progress":[157],"location":[185,211],"class_list":["post-1414","documents","type-documents","status-publish","hentry","document-original-language-fr-fr","authorship-autorites-et-institutions-nationales","type-of-document-loi-ou-decret-ou-similaire-y-compris-les-propositions","progress-abandonne-ou-abroge","location-mali","location-afrique"],"yoast_head":"<!-- This site is optimized with the Yoast SEO plugin v28.4 - https:\/\/yoast.com\/product\/yoast-seo-wordpress\/ -->\n<title>Mali: Loi n\u00ba 2018-003 du 12 Janvier 2018 relative aux d\u00e9fenseurs des droits de l&#039;homme - Focus: The Observatory On Public Policies For Defenders<\/title>\n<meta name=\"robots\" content=\"index, follow, max-snippet:-1, max-image-preview:large, max-video-preview:-1\" \/>\n<link rel=\"canonical\" href=\"https:\/\/www.focus-obs.org\/fr\/documents\/mali-loi-no-2018-003-du-12-janvier-2018-relative-aux-defenseur\u00b7e\u00b7s-des-droits-humains\/\" \/>\n<meta property=\"og:locale\" content=\"fr_FR\" \/>\n<meta property=\"og:type\" content=\"article\" \/>\n<meta property=\"og:title\" content=\"Mali: Loi n\u00ba 2018-003 du 12 Janvier 2018 relative aux d\u00e9fenseurs des droits de l&#039;homme - Focus: The Observatory On Public Policies For Defenders\" \/>\n<meta property=\"og:description\" content=\"Le 12 janvier 2018, le gouvernement malien a adopt\u00e9 la Loi n\u00b0 2018-003 relative aux d\u00e9fenseurs des droits de l&rsquo;homme. La loi formule les droits et libert\u00e9s des d\u00e9fenseur\u00b7e\u00b7s des droits humains (DDH ou d\u00e9fenseur\u00b7e\u00b7s), les devoirs des d\u00e9fenseur\u00b7e\u00b7s et les devoirs de l&rsquo;\u00c9tat de prot\u00e9ger les d\u00e9fenseurs. La loi comprend une mention sp\u00e9cifique des [&hellip;]\" \/>\n<meta property=\"og:url\" content=\"https:\/\/www.focus-obs.org\/fr\/documents\/mali-loi-no-2018-003-du-12-janvier-2018-relative-aux-defenseur\u00b7e\u00b7s-des-droits-humains\/\" \/>\n<meta property=\"og:site_name\" content=\"Focus: The Observatory On Public Policies For Defenders\" \/>\n<meta property=\"article:modified_time\" content=\"2022-10-28T09:19:43+00:00\" \/>\n<meta name=\"twitter:card\" content=\"summary_large_image\" \/>\n<meta name=\"twitter:label1\" content=\"Dur\u00e9e de lecture estim\u00e9e\" \/>\n\t<meta name=\"twitter:data1\" content=\"1 minute\" \/>\n<script type=\"application\/ld+json\" class=\"yoast-schema-graph\">{\"@context\":\"https:\\\/\\\/schema.org\",\"@graph\":[{\"@type\":\"WebPage\",\"@id\":\"https:\\\/\\\/www.focus-obs.org\\\/fr\\\/documents\\\/mali-loi-no-2018-003-du-12-janvier-2018-relative-aux-defenseur%c2%b7e%c2%b7s-des-droits-humains\\\/\",\"url\":\"https:\\\/\\\/www.focus-obs.org\\\/fr\\\/documents\\\/mali-loi-no-2018-003-du-12-janvier-2018-relative-aux-defenseur%c2%b7e%c2%b7s-des-droits-humains\\\/\",\"name\":\"Mali: Loi n\u00ba 2018-003 du 12 Janvier 2018 relative aux d\u00e9fenseurs des droits de l'homme - Focus: The Observatory On Public Policies For Defenders\",\"isPartOf\":{\"@id\":\"https:\\\/\\\/www.focus-obs.org\\\/es\\\/#website\"},\"datePublished\":\"2018-01-12T16:02:00+00:00\",\"dateModified\":\"2022-10-28T09:19:43+00:00\",\"breadcrumb\":{\"@id\":\"https:\\\/\\\/www.focus-obs.org\\\/fr\\\/documents\\\/mali-loi-no-2018-003-du-12-janvier-2018-relative-aux-defenseur%c2%b7e%c2%b7s-des-droits-humains\\\/#breadcrumb\"},\"inLanguage\":\"fr-FR\",\"potentialAction\":[{\"@type\":\"ReadAction\",\"target\":[\"https:\\\/\\\/www.focus-obs.org\\\/fr\\\/documents\\\/mali-loi-no-2018-003-du-12-janvier-2018-relative-aux-defenseur%c2%b7e%c2%b7s-des-droits-humains\\\/\"]}]},{\"@type\":\"BreadcrumbList\",\"@id\":\"https:\\\/\\\/www.focus-obs.org\\\/fr\\\/documents\\\/mali-loi-no-2018-003-du-12-janvier-2018-relative-aux-defenseur%c2%b7e%c2%b7s-des-droits-humains\\\/#breadcrumb\",\"itemListElement\":[{\"@type\":\"ListItem\",\"position\":1,\"name\":\"Home\",\"item\":\"https:\\\/\\\/www.focus-obs.org\\\/fr\\\/acceuil\\\/\"},{\"@type\":\"ListItem\",\"position\":2,\"name\":\"Documents\",\"item\":\"https:\\\/\\\/www.focus-obs.org\\\/es\\\/documents\\\/\"},{\"@type\":\"ListItem\",\"position\":3,\"name\":\"Mali: Loi n\u00ba 2018-003 du 12 Janvier 2018 relative aux d\u00e9fenseurs des droits de l&#8217;homme\"}]},{\"@type\":\"WebSite\",\"@id\":\"https:\\\/\\\/www.focus-obs.org\\\/es\\\/#website\",\"url\":\"https:\\\/\\\/www.focus-obs.org\\\/es\\\/\",\"name\":\"Focus: The Observatory On Public Policies For Defenders\",\"description\":\"The Observatory On Public Policies For Defenders\",\"publisher\":{\"@id\":\"https:\\\/\\\/www.focus-obs.org\\\/es\\\/#organization\"},\"potentialAction\":[{\"@type\":\"SearchAction\",\"target\":{\"@type\":\"EntryPoint\",\"urlTemplate\":\"https:\\\/\\\/www.focus-obs.org\\\/es\\\/?s={search_term_string}\"},\"query-input\":{\"@type\":\"PropertyValueSpecification\",\"valueRequired\":true,\"valueName\":\"search_term_string\"}}],\"inLanguage\":\"fr-FR\"},{\"@type\":\"Organization\",\"@id\":\"https:\\\/\\\/www.focus-obs.org\\\/es\\\/#organization\",\"name\":\"Focus: The Observatory On Public Policies For Defenders\",\"url\":\"https:\\\/\\\/www.focus-obs.org\\\/es\\\/\",\"logo\":{\"@type\":\"ImageObject\",\"inLanguage\":\"fr-FR\",\"@id\":\"https:\\\/\\\/www.focus-obs.org\\\/es\\\/#\\\/schema\\\/logo\\\/image\\\/\",\"url\":\"https:\\\/\\\/www.focus-obs.org\\\/wp-content\\\/uploads\\\/2021\\\/01\\\/logo-focus-white-on-black-1.png\",\"contentUrl\":\"https:\\\/\\\/www.focus-obs.org\\\/wp-content\\\/uploads\\\/2021\\\/01\\\/logo-focus-white-on-black-1.png\",\"width\":2132,\"height\":735,\"caption\":\"Focus: The Observatory On Public Policies For Defenders\"},\"image\":{\"@id\":\"https:\\\/\\\/www.focus-obs.org\\\/es\\\/#\\\/schema\\\/logo\\\/image\\\/\"}}]}<\/script>\n<!-- \/ Yoast SEO plugin. -->","yoast_head_json":{"title":"Mali: Loi n\u00ba 2018-003 du 12 Janvier 2018 relative aux d\u00e9fenseurs des droits de l'homme - Focus: The Observatory On Public Policies For Defenders","robots":{"index":"index","follow":"follow","max-snippet":"max-snippet:-1","max-image-preview":"max-image-preview:large","max-video-preview":"max-video-preview:-1"},"canonical":"https:\/\/www.focus-obs.org\/fr\/documents\/mali-loi-no-2018-003-du-12-janvier-2018-relative-aux-defenseur\u00b7e\u00b7s-des-droits-humains\/","og_locale":"fr_FR","og_type":"article","og_title":"Mali: Loi n\u00ba 2018-003 du 12 Janvier 2018 relative aux d\u00e9fenseurs des droits de l'homme - Focus: The Observatory On Public Policies For Defenders","og_description":"Le 12 janvier 2018, le gouvernement malien a adopt\u00e9 la Loi n\u00b0 2018-003 relative aux d\u00e9fenseurs des droits de l&rsquo;homme. La loi formule les droits et libert\u00e9s des d\u00e9fenseur\u00b7e\u00b7s des droits humains (DDH ou d\u00e9fenseur\u00b7e\u00b7s), les devoirs des d\u00e9fenseur\u00b7e\u00b7s et les devoirs de l&rsquo;\u00c9tat de prot\u00e9ger les d\u00e9fenseurs. La loi comprend une mention sp\u00e9cifique des [&hellip;]","og_url":"https:\/\/www.focus-obs.org\/fr\/documents\/mali-loi-no-2018-003-du-12-janvier-2018-relative-aux-defenseur\u00b7e\u00b7s-des-droits-humains\/","og_site_name":"Focus: The Observatory On Public Policies For Defenders","article_modified_time":"2022-10-28T09:19:43+00:00","twitter_card":"summary_large_image","twitter_misc":{"Dur\u00e9e de lecture estim\u00e9e":"1 minute"},"schema":{"@context":"https:\/\/schema.org","@graph":[{"@type":"WebPage","@id":"https:\/\/www.focus-obs.org\/fr\/documents\/mali-loi-no-2018-003-du-12-janvier-2018-relative-aux-defenseur%c2%b7e%c2%b7s-des-droits-humains\/","url":"https:\/\/www.focus-obs.org\/fr\/documents\/mali-loi-no-2018-003-du-12-janvier-2018-relative-aux-defenseur%c2%b7e%c2%b7s-des-droits-humains\/","name":"Mali: Loi n\u00ba 2018-003 du 12 Janvier 2018 relative aux d\u00e9fenseurs des droits de l'homme - Focus: The Observatory On Public Policies For Defenders","isPartOf":{"@id":"https:\/\/www.focus-obs.org\/es\/#website"},"datePublished":"2018-01-12T16:02:00+00:00","dateModified":"2022-10-28T09:19:43+00:00","breadcrumb":{"@id":"https:\/\/www.focus-obs.org\/fr\/documents\/mali-loi-no-2018-003-du-12-janvier-2018-relative-aux-defenseur%c2%b7e%c2%b7s-des-droits-humains\/#breadcrumb"},"inLanguage":"fr-FR","potentialAction":[{"@type":"ReadAction","target":["https:\/\/www.focus-obs.org\/fr\/documents\/mali-loi-no-2018-003-du-12-janvier-2018-relative-aux-defenseur%c2%b7e%c2%b7s-des-droits-humains\/"]}]},{"@type":"BreadcrumbList","@id":"https:\/\/www.focus-obs.org\/fr\/documents\/mali-loi-no-2018-003-du-12-janvier-2018-relative-aux-defenseur%c2%b7e%c2%b7s-des-droits-humains\/#breadcrumb","itemListElement":[{"@type":"ListItem","position":1,"name":"Home","item":"https:\/\/www.focus-obs.org\/fr\/acceuil\/"},{"@type":"ListItem","position":2,"name":"Documents","item":"https:\/\/www.focus-obs.org\/es\/documents\/"},{"@type":"ListItem","position":3,"name":"Mali: Loi n\u00ba 2018-003 du 12 Janvier 2018 relative aux d\u00e9fenseurs des droits de l&#8217;homme"}]},{"@type":"WebSite","@id":"https:\/\/www.focus-obs.org\/es\/#website","url":"https:\/\/www.focus-obs.org\/es\/","name":"Focus: The Observatory On Public Policies For Defenders","description":"The Observatory On Public Policies For Defenders","publisher":{"@id":"https:\/\/www.focus-obs.org\/es\/#organization"},"potentialAction":[{"@type":"SearchAction","target":{"@type":"EntryPoint","urlTemplate":"https:\/\/www.focus-obs.org\/es\/?s={search_term_string}"},"query-input":{"@type":"PropertyValueSpecification","valueRequired":true,"valueName":"search_term_string"}}],"inLanguage":"fr-FR"},{"@type":"Organization","@id":"https:\/\/www.focus-obs.org\/es\/#organization","name":"Focus: The Observatory On Public Policies For Defenders","url":"https:\/\/www.focus-obs.org\/es\/","logo":{"@type":"ImageObject","inLanguage":"fr-FR","@id":"https:\/\/www.focus-obs.org\/es\/#\/schema\/logo\/image\/","url":"https:\/\/www.focus-obs.org\/wp-content\/uploads\/2021\/01\/logo-focus-white-on-black-1.png","contentUrl":"https:\/\/www.focus-obs.org\/wp-content\/uploads\/2021\/01\/logo-focus-white-on-black-1.png","width":2132,"height":735,"caption":"Focus: The Observatory On Public Policies For Defenders"},"image":{"@id":"https:\/\/www.focus-obs.org\/es\/#\/schema\/logo\/image\/"}}]}},"_links":{"self":[{"href":"https:\/\/www.focus-obs.org\/fr\/wp-json\/wp\/v2\/documents\/1414","targetHints":{"allow":["GET"]}}],"collection":[{"href":"https:\/\/www.focus-obs.org\/fr\/wp-json\/wp\/v2\/documents"}],"about":[{"href":"https:\/\/www.focus-obs.org\/fr\/wp-json\/wp\/v2\/types\/documents"}],"version-history":[{"count":7,"href":"https:\/\/www.focus-obs.org\/fr\/wp-json\/wp\/v2\/documents\/1414\/revisions"}],"predecessor-version":[{"id":7834,"href":"https:\/\/www.focus-obs.org\/fr\/wp-json\/wp\/v2\/documents\/1414\/revisions\/7834"}],"wp:attachment":[{"href":"https:\/\/www.focus-obs.org\/fr\/wp-json\/wp\/v2\/media?parent=1414"}],"wp:term":[{"taxonomy":"document-original-language","embeddable":true,"href":"https:\/\/www.focus-obs.org\/fr\/wp-json\/wp\/v2\/document-original-language?post=1414"},{"taxonomy":"authorship","embeddable":true,"href":"https:\/\/www.focus-obs.org\/fr\/wp-json\/wp\/v2\/authorship?post=1414"},{"taxonomy":"type-of-document","embeddable":true,"href":"https:\/\/www.focus-obs.org\/fr\/wp-json\/wp\/v2\/type-of-document?post=1414"},{"taxonomy":"progress","embeddable":true,"href":"https:\/\/www.focus-obs.org\/fr\/wp-json\/wp\/v2\/progress?post=1414"},{"taxonomy":"location","embeddable":true,"href":"https:\/\/www.focus-obs.org\/fr\/wp-json\/wp\/v2\/location?post=1414"}],"curies":[{"name":"wp","href":"https:\/\/api.w.org\/{rel}","templated":true}]}}

Mali: Loi nº 2018-003 du 12 Janvier 2018 relative aux défenseurs des droits de l&rsquo;homme

<p class="wp-block-paragraph">Le 12 janvier 2018, le gouvernement malien a adopté la <em>Loi n° 2018-003 relative aux défenseurs des droits de l&rsquo;homme</em>. La loi formule les droits et libertés des défenseur·e·s des droits humains (DDH ou défenseur·e·s), les devoirs des défenseur·e·s et les devoirs de l&rsquo;État de protéger les défenseurs. La loi comprend une mention spécifique des femmes défenseures des droits humains, ainsi que des défenseur·e·s des droits humains en situation de handicap.</p>



<p class="wp-block-paragraph">Trouvez le document original <a href="https://sgg-mali.ml/JO/2017/mali-jo-2017-03-2.pdf" target="_blank" rel="noreferrer noopener">ici</a> en français (<a>Secrétariat Général du Gouvernement du&nbsp;Mali &#8211; Journal Officiel</a>).</p>

<!-- This site is optimized with the Yoast SEO plugin v28.4 - https://yoast.com/product/yoast-seo-wordpress/ -->
<title>Mali: Loi nº 2018-003 du 12 Janvier 2018 relative aux défenseurs des droits de l&#039;homme - Focus: The Observatory On Public Policies For Defenders</title>
<meta name="robots" content="index, follow, max-snippet:-1, max-image-preview:large, max-video-preview:-1" />
<link rel="canonical" href="https://www.focus-obs.org/fr/documents/mali-loi-no-2018-003-du-12-janvier-2018-relative-aux-defenseur·e·s-des-droits-humains/" />
<meta property="og:locale" content="fr_FR" />
<meta property="og:type" content="article" />
<meta property="og:title" content="Mali: Loi nº 2018-003 du 12 Janvier 2018 relative aux défenseurs des droits de l&#039;homme - Focus: The Observatory On Public Policies For Defenders" />
<meta property="og:description" content="Le 12 janvier 2018, le gouvernement malien a adopté la Loi n° 2018-003 relative aux défenseurs des droits de l&rsquo;homme. La loi formule les droits et libertés des défenseur·e·s des droits humains (DDH ou défenseur·e·s), les devoirs des défenseur·e·s et les devoirs de l&rsquo;État de protéger les défenseurs. La loi comprend une mention spécifique des [&hellip;]" />
<meta property="og:url" content="https://www.focus-obs.org/fr/documents/mali-loi-no-2018-003-du-12-janvier-2018-relative-aux-defenseur·e·s-des-droits-humains/" />
<meta property="og:site_name" content="Focus: The Observatory On Public Policies For Defenders" />
<meta property="article:modified_time" content="2022-10-28T09:19:43+00:00" />
<meta name="twitter:card" content="summary_large_image" />
<meta name="twitter:label1" content="Durée de lecture estimée" />
	<meta name="twitter:data1" content="1 minute" />
<script type="application/ld+json" class="yoast-schema-graph">{"@context":"https:\/\/schema.org","@graph":[{"@type":"WebPage","@id":"https:\/\/www.focus-obs.org\/fr\/documents\/mali-loi-no-2018-003-du-12-janvier-2018-relative-aux-defenseur%c2%b7e%c2%b7s-des-droits-humains\/","url":"https:\/\/www.focus-obs.org\/fr\/documents\/mali-loi-no-2018-003-du-12-janvier-2018-relative-aux-defenseur%c2%b7e%c2%b7s-des-droits-humains\/","name":"Mali: Loi nº 2018-003 du 12 Janvier 2018 relative aux défenseurs des droits de l'homme - Focus: The Observatory On Public Policies For Defenders","isPartOf":{"@id":"https:\/\/www.focus-obs.org\/es\/#website"},"datePublished":"2018-01-12T16:02:00+00:00","dateModified":"2022-10-28T09:19:43+00:00","breadcrumb":{"@id":"https:\/\/www.focus-obs.org\/fr\/documents\/mali-loi-no-2018-003-du-12-janvier-2018-relative-aux-defenseur%c2%b7e%c2%b7s-des-droits-humains\/#breadcrumb"},"inLanguage":"fr-FR","potentialAction":[{"@type":"ReadAction","target":["https:\/\/www.focus-obs.org\/fr\/documents\/mali-loi-no-2018-003-du-12-janvier-2018-relative-aux-defenseur%c2%b7e%c2%b7s-des-droits-humains\/"]}]},{"@type":"BreadcrumbList","@id":"https:\/\/www.focus-obs.org\/fr\/documents\/mali-loi-no-2018-003-du-12-janvier-2018-relative-aux-defenseur%c2%b7e%c2%b7s-des-droits-humains\/#breadcrumb","itemListElement":[{"@type":"ListItem","position":1,"name":"Home","item":"https:\/\/www.focus-obs.org\/fr\/acceuil\/"},{"@type":"ListItem","position":2,"name":"Documents","item":"https:\/\/www.focus-obs.org\/es\/documents\/"},{"@type":"ListItem","position":3,"name":"Mali: Loi nº 2018-003 du 12 Janvier 2018 relative aux défenseurs des droits de l&#8217;homme"}]},{"@type":"WebSite","@id":"https:\/\/www.focus-obs.org\/es\/#website","url":"https:\/\/www.focus-obs.org\/es\/","name":"Focus: The Observatory On Public Policies For Defenders","description":"The Observatory On Public Policies For Defenders","publisher":{"@id":"https:\/\/www.focus-obs.org\/es\/#organization"},"potentialAction":[{"@type":"SearchAction","target":{"@type":"EntryPoint","urlTemplate":"https:\/\/www.focus-obs.org\/es\/?s={search_term_string}"},"query-input":{"@type":"PropertyValueSpecification","valueRequired":true,"valueName":"search_term_string"}}],"inLanguage":"fr-FR"},{"@type":"Organization","@id":"https:\/\/www.focus-obs.org\/es\/#organization","name":"Focus: The Observatory On Public Policies For Defenders","url":"https:\/\/www.focus-obs.org\/es\/","logo":{"@type":"ImageObject","inLanguage":"fr-FR","@id":"https:\/\/www.focus-obs.org\/es\/#\/schema\/logo\/image\/","url":"https:\/\/www.focus-obs.org\/wp-content\/uploads\/2021\/01\/logo-focus-white-on-black-1.png","contentUrl":"https:\/\/www.focus-obs.org\/wp-content\/uploads\/2021\/01\/logo-focus-white-on-black-1.png","width":2132,"height":735,"caption":"Focus: The Observatory On Public Policies For Defenders"},"image":{"@id":"https:\/\/www.focus-obs.org\/es\/#\/schema\/logo\/image\/"}}]}</script>
<!-- / Yoast SEO plugin. -->

Mali: Loi nº 2018-003 du 12 Janvier 2018 relative aux défenseurs des droits de l'homme - Focus: The Observatory On Public Policies For Defenders

Le 12 janvier 2018, le gouvernement malien a adopté la Loi n° 2018-003 relative aux défenseurs des droits de l&rsquo;homme. La loi formule les droits et libertés des défenseur·e·s des droits humains (DDH ou défenseur·e·s), les devoirs des défenseur·e·s et les devoirs de l&rsquo;État de protéger les défenseurs. La loi comprend une mention spécifique des [&hellip;]

Mali: Loi nº 2018-003 du 12 Janvier 2018 relative aux défenseurs des droits de l&#8217;homme
