{"id":10972,"date":"2023-04-18T09:40:26","date_gmt":"2023-04-18T07:40:26","guid":{"rendered":"https:\/\/www.focus-obs.org\/documents\/mexicohight-priority-topics-for-guaranteeing-the-right-to-defend-human-rights-and-freedom-of-expression\/"},"modified":"2023-11-20T15:59:31","modified_gmt":"2023-11-20T14:59:31","slug":"mexicohight-priority-topics-for-guaranteeing-the-right-to-defend-human-rights-and-freedom-of-expression","status":"publish","type":"documents","link":"https:\/\/www.focus-obs.org\/fr\/documents\/mexicohight-priority-topics-for-guaranteeing-the-right-to-defend-human-rights-and-freedom-of-expression\/","title":{"rendered":"Mexico: Les points prioritaires pour garantir le droit de d\u00e9fendre Les droits humains et la libert\u00e9 d\u00b4expression"},"content":{"rendered":"\n<p>Ce document est le r\u00e9sultat d&rsquo;une s\u00e9rie de r\u00e9unions convoqu\u00e9es par l&rsquo;Espacio de Organizaciones de la Sociedad Civil para la Protecci\u00f3n de Personas Defensoras de Derechos Humanos y Periodistas depuis 2018 dans les villes de Mexico et Oaxaca pour discuter de la g\u00e9n\u00e9ration de politiques publiques pour le droit de d\u00e9fendre les droits, ainsi que pour \u00e9tudier et analyser la complexit\u00e9 des situations de violence et des besoins de protection dans chacun des contextes locaux respectifs.<\/p>\n\n\n\n<p>Le principal r\u00e9sultat de ce processus de discussion est qu&rsquo;un nouveau paradigme de protection reconnaissant les d\u00e9fenseurs des droits de l&rsquo;homme et les journalistes comme des sujets de droits et pas seulement comme des objets de protection est n\u00e9cessaire ; un paradigme de protection qui implique la g\u00e9n\u00e9ration d&rsquo;une politique publique plus large visant \u00e0 garantir \u00e0 la fois la vie et l&rsquo;int\u00e9grit\u00e9 personnelle, ainsi que l&rsquo;exercice du droit de d\u00e9fendre les droits de l&rsquo;homme et le droit \u00e0 la libert\u00e9 d&rsquo;expression.<\/p>\n\n\n\n<p>Le document comprend une syst\u00e9matisation des cadres normatifs, une br\u00e8ve description du contexte des d\u00e9fenseurs des droits de l&rsquo;homme et des journalistes, une liste de probl\u00e8mes qui devrait \u00eatre mise \u00e0 jour p\u00e9riodiquement et une s\u00e9rie de strat\u00e9gies, d&rsquo;objectifs et de lignes directrices \u00e0 mettre en \u0153uvre. En outre, la derni\u00e8re section d\u00e9crit une s\u00e9rie de lignes directrices g\u00e9n\u00e9rales pour leur d\u00e9veloppement, ainsi que des proc\u00e9dures de suivi, qui, compte tenu de la n\u00e9cessit\u00e9 imminente et de l&rsquo;urgence d&rsquo;inverser la situation de violence \u00e0 laquelle sont confront\u00e9s les d\u00e9fenseurs des droits de l&rsquo;homme et les journalistes, seront, nous l&rsquo;esp\u00e9rons, prises en compte par les agences gouvernementales.<\/p>\n\n\n\n<p>Ce document a \u00e9t\u00e9 rendu possible gr\u00e2ce \u00e0 la contribution technique de Protection International.<\/p>\n\n\n\n<figure class=\"wp-block-image size-full\"><a href=\"https:\/\/espacio.osc.mx\/wp-content\/uploads\/2023\/02\/INFORM4.pdf\" target=\"_blank\" rel=\"noreferrer noopener\"><img decoding=\"async\" width=\"116\" height=\"150\" src=\"https:\/\/www.focus-obs.org\/wp-content\/uploads\/2023\/04\/image-12.png\" alt=\"\" class=\"wp-image-11129\"\/><\/a><\/figure>\n\n\n\n<p>Une brochure reprenant les grandes lignes de ce document est disponible <a href=\"https:\/\/www.focus-obs.org\/fr\/documents\/mexicobrochurehight-priority-topics-for-guaranteeing-the-right-to-defend-human-rights-and-freedom-of-expression\/\" target=\"_blank\" data-type=\"URL\" data-id=\"https:\/\/www.focus-obs.org\/fr\/documents\/mexicobrochurehight-priority-topics-for-guaranteeing-the-right-to-defend-human-rights-and-freedom-of-expression\/\" rel=\"noreferrer noopener\">ici <\/a>(Anglais et Espagnol).<\/p>\n","protected":false},"template":"","document-original-language":[353],"authorship":[206],"type-of-document":[445,166],"progress":[],"location":[168,209],"class_list":["post-10972","documents","type-documents","status-publish","hentry","document-original-language-es-fr","authorship-societe-civile-et-universites","type-of-document-outils-pour-les-decideurs-politiques","type-of-document-etude-ou-analyse","location-ameriques","location-mexique"],"_links":{"self":[{"href":"https:\/\/www.focus-obs.org\/fr\/wp-json\/wp\/v2\/documents\/10972","targetHints":{"allow":["GET"]}}],"collection":[{"href":"https:\/\/www.focus-obs.org\/fr\/wp-json\/wp\/v2\/documents"}],"about":[{"href":"https:\/\/www.focus-obs.org\/fr\/wp-json\/wp\/v2\/types\/documents"}],"version-history":[{"count":5,"href":"https:\/\/www.focus-obs.org\/fr\/wp-json\/wp\/v2\/documents\/10972\/revisions"}],"predecessor-version":[{"id":11464,"href":"https:\/\/www.focus-obs.org\/fr\/wp-json\/wp\/v2\/documents\/10972\/revisions\/11464"}],"wp:attachment":[{"href":"https:\/\/www.focus-obs.org\/fr\/wp-json\/wp\/v2\/media?parent=10972"}],"wp:term":[{"taxonomy":"document-original-language","embeddable":true,"href":"https:\/\/www.focus-obs.org\/fr\/wp-json\/wp\/v2\/document-original-language?post=10972"},{"taxonomy":"authorship","embeddable":true,"href":"https:\/\/www.focus-obs.org\/fr\/wp-json\/wp\/v2\/authorship?post=10972"},{"taxonomy":"type-of-document","embeddable":true,"href":"https:\/\/www.focus-obs.org\/fr\/wp-json\/wp\/v2\/type-of-document?post=10972"},{"taxonomy":"progress","embeddable":true,"href":"https:\/\/www.focus-obs.org\/fr\/wp-json\/wp\/v2\/progress?post=10972"},{"taxonomy":"location","embeddable":true,"href":"https:\/\/www.focus-obs.org\/fr\/wp-json\/wp\/v2\/location?post=10972"}],"curies":[{"name":"wp","href":"https:\/\/api.w.org\/{rel}","templated":true}]}}

Mexico: Les points prioritaires pour garantir le droit de défendre Les droits humains et la liberté d´expression

<p>Ce document est le résultat d&rsquo;une série de réunions convoquées par l&rsquo;Espacio de Organizaciones de la Sociedad Civil para la Protección de Personas Defensoras de Derechos Humanos y Periodistas depuis 2018 dans les villes de Mexico et Oaxaca pour discuter de la génération de politiques publiques pour le droit de défendre les droits, ainsi que pour étudier et analyser la complexité des situations de violence et des besoins de protection dans chacun des contextes locaux respectifs.</p>



<p>Le principal résultat de ce processus de discussion est qu&rsquo;un nouveau paradigme de protection reconnaissant les défenseurs des droits de l&rsquo;homme et les journalistes comme des sujets de droits et pas seulement comme des objets de protection est nécessaire ; un paradigme de protection qui implique la génération d&rsquo;une politique publique plus large visant à garantir à la fois la vie et l&rsquo;intégrité personnelle, ainsi que l&rsquo;exercice du droit de défendre les droits de l&rsquo;homme et le droit à la liberté d&rsquo;expression.</p>



<p>Le document comprend une systématisation des cadres normatifs, une brève description du contexte des défenseurs des droits de l&rsquo;homme et des journalistes, une liste de problèmes qui devrait être mise à jour périodiquement et une série de stratégies, d&rsquo;objectifs et de lignes directrices à mettre en œuvre. En outre, la dernière section décrit une série de lignes directrices générales pour leur développement, ainsi que des procédures de suivi, qui, compte tenu de la nécessité imminente et de l&rsquo;urgence d&rsquo;inverser la situation de violence à laquelle sont confrontés les défenseurs des droits de l&rsquo;homme et les journalistes, seront, nous l&rsquo;espérons, prises en compte par les agences gouvernementales.</p>



<p>Ce document a été rendu possible grâce à la contribution technique de Protection International.</p>



<figure class="wp-block-image size-full"><a href="https://espacio.osc.mx/wp-content/uploads/2023/02/INFORM4.pdf" target="_blank" rel="noreferrer noopener"><img decoding="async" width="116" height="150" src="https://www.focus-obs.org/wp-content/uploads/2023/04/image-12.png" alt="" class="wp-image-11129"/></a></figure>



<p>Une brochure reprenant les grandes lignes de ce document est disponible <a href="https://www.focus-obs.org/fr/documents/mexicobrochurehight-priority-topics-for-guaranteeing-the-right-to-defend-human-rights-and-freedom-of-expression/" target="_blank" data-type="URL" data-id="https://www.focus-obs.org/fr/documents/mexicobrochurehight-priority-topics-for-guaranteeing-the-right-to-defend-human-rights-and-freedom-of-expression/" rel="noreferrer noopener">ici </a>(Anglais et Espagnol).</p>
