{"version":"1.0","provider_name":"Focus: The Observatory On Public Policies For Defenders","provider_url":"https:\/\/www.focus-obs.org\/fr\/","author_name":"Daniel Barrera","author_url":"https:\/\/www.focus-obs.org\/fr\/author\/daniel-b\/","title":"Protection International: rapport FOCUS 2013 - Focus: The Observatory On Public Policies For Defenders","type":"rich","width":600,"height":338,"html":"<blockquote class=\"wp-embedded-content\" data-secret=\"Vf0MxSC8AM\"><a href=\"https:\/\/www.focus-obs.org\/fr\/documents\/__trashed\/\">Protection International: rapport FOCUS 2013<\/a><\/blockquote><iframe sandbox=\"allow-scripts\" security=\"restricted\" src=\"https:\/\/www.focus-obs.org\/fr\/documents\/__trashed\/embed\/#?secret=Vf0MxSC8AM\" width=\"600\" height=\"338\" title=\"\u00ab\u00a0Protection International: rapport FOCUS 2013\u00a0\u00bb &#8212; Focus: The Observatory On Public Policies For Defenders\" data-secret=\"Vf0MxSC8AM\" frameborder=\"0\" marginwidth=\"0\" marginheight=\"0\" scrolling=\"no\" class=\"wp-embedded-content\"><\/iframe><script>\n\/*! This file is auto-generated *\/\n!function(d,l){\"use strict\";l.querySelector&&d.addEventListener&&\"undefined\"!=typeof URL&&(d.wp=d.wp||{},d.wp.receiveEmbedMessage||(d.wp.receiveEmbedMessage=function(e){var t=e.data;if((t||t.secret||t.message||t.value)&&!\/[^a-zA-Z0-9]\/.test(t.secret)){for(var s,r,n,a=l.querySelectorAll('iframe[data-secret=\"'+t.secret+'\"]'),o=l.querySelectorAll('blockquote[data-secret=\"'+t.secret+'\"]'),c=new RegExp(\"^https?:$\",\"i\"),i=0;i<o.length;i++)o[i].style.display=\"none\";for(i=0;i<a.length;i++)s=a[i],e.source===s.contentWindow&&(s.removeAttribute(\"style\"),\"height\"===t.message?(1e3<(r=parseInt(t.value,10))?r=1e3:~~r<200&&(r=200),s.height=r):\"link\"===t.message&&(r=new URL(s.getAttribute(\"src\")),n=new URL(t.value),c.test(n.protocol))&&n.host===r.host&&l.activeElement===s&&(d.top.location.href=t.value))}},d.addEventListener(\"message\",d.wp.receiveEmbedMessage,!1),l.addEventListener(\"DOMContentLoaded\",function(){for(var e,t,s=l.querySelectorAll(\"iframe.wp-embedded-content\"),r=0;r<s.length;r++)(t=(e=s[r]).getAttribute(\"data-secret\"))||(t=Math.random().toString(36).substring(2,12),e.src+=\"#?secret=\"+t,e.setAttribute(\"data-secret\",t)),e.contentWindow.postMessage({message:\"ready\",secret:t},\"*\")},!1)))}(window,document);\n\/\/# sourceURL=https:\/\/www.focus-obs.org\/wp-includes\/js\/wp-embed.min.js\n<\/script>\n","description":"Cette publication a pour but de fournir un suivi d\u00e9taill\u00e9 des d\u00e9veloppements dans le domaine des politiques publiques nationales associ\u00e9es \u00e0 la protection des d\u00e9fenseur.e.s des droits humains (DDH ou d\u00e9fenseur\u00b7e\u00b7s) dans le monde. Pour comm\u00e9morer le 15\u00e8me anniversaire de la D\u00e9claration des Nations Unies sur le droit et la responsabilit\u00e9 des individus, groupes et [&hellip;]"}

Cette publication a pour but de fournir un suivi détaillé des développements dans le domaine des politiques publiques nationales associées à la protection des défenseur.e.s des droits humains (DDH ou défenseur·e·s) dans le monde. Pour commémorer le 15ème anniversaire de la Déclaration des Nations Unies sur le droit et la responsabilité des individus, groupes et [&hellip;]
