{"id":4726,"date":"2022-01-31T14:37:28","date_gmt":"2022-01-31T13:37:28","guid":{"rendered":"https:\/\/www.focus-obs.org\/documents\/cote-divoire-regional-consultation-on-protecting-civic-and-democratic-space-and-strengthening-the-protection-of-defenders-in-times-of-crisis\/"},"modified":"2022-09-12T17:47:47","modified_gmt":"2022-09-12T15:47:47","slug":"cote-divoire-regional-consultation-on-protecting-civic-and-democratic-space-and-strengthening-the-protection-of-defenders-in-times-of-crisis","status":"publish","type":"documents","link":"https:\/\/www.focus-obs.org\/es\/documents\/cote-divoire-regional-consultation-on-protecting-civic-and-democratic-space-and-strengthening-the-protection-of-defenders-in-times-of-crisis\/","title":{"rendered":"Costa de Marfil: Consulta regional sobre la protecci\u00f3n de las personas defensoras en tiempos de crisis"},"content":{"rendered":"\n<p>Del 18 al 20 de octubre de 2021, el Servicio Internacional para los Derechos Humanos (ISHR) organiz\u00f3 una consulta regional en Abidjan sobre la protecci\u00f3n del espacio c\u00edvico y democr\u00e1tico y el fortalecimiento de la protecci\u00f3n de las personas defensoras de los derechos humanos (DDH o personas defensoras) en tiempos de crisis. Durante la consulta, se debati\u00f3 sobre restricciones para las personas defensoras de los derechos humanos, especialmente en lo que respecta a aquellas restricciones vinculadas al Covid-19.<\/p>\n\n\n\n<p>La iniciativa fue impulsada por los recientes acontecimientos en torno a la pandemia, debido a los cuales los gobiernos adoptaron restricciones que tuvieron un impacto significativo en el espacio c\u00edvico y en las personas defensoras de los derechos humanos. La consulta tambi\u00e9n se refiri\u00f3 a la evoluci\u00f3n m\u00e1s general de los esfuerzos estatales para proteger o restringir a las personas defensoras.<\/p>\n\n\n\n<p>En los debates participaron muchas partes diferentes. Las coaliciones de personas defensoras de Burkina Faso, Costa de Marfil, N\u00edger, Mal\u00ed y Sierra Leona contribuyeron compartiendo el impacto de las restricciones y las buenas pr\u00e1cticas en su trabajo. Los actores internacionales y las organizaciones de la sociedad civil tambi\u00e9n estuvieron presentes para se\u00f1alar las buenas pr\u00e1cticas en los diferentes estados afectados y expresar su apoyo a las personas defensoras. Entre estos actores se encuentran la CNDH, el SIDH, los relatores especiales, los embajadores de B\u00e9lgica y Suiza en Costa de Marfil y el representante del Ministro de Justicia y Derechos Humanos.<\/p>\n\n\n\n<p>Aparte de las restricciones para las personas defensoras de los derechos humanos debido al Covid-19, los debates se desarrollaron en torno al impacto de las decisiones de las autoridades nacionales e internacionales sobre el trabajo de las personas defensoras de los derechos humanos. Un tema importante fue el papel de los relatores especiales en la protecci\u00f3n del espacio c\u00edvico y de las personas defensoras, su mandato y la accesibilidad de este mecanismo para las personas defensoras.<\/p>\n\n\n\n<p>Para ayudar a las personas defensoras a continuar con su vital labor de protecci\u00f3n de los derechos humanos durante las crisis, se comparti\u00f3 con los participantes un <a href=\"https:\/\/ishr.ch\/defenders-toolbox\/resources\/bonnes-pratiques-pour-la-protection-des-defenseur-es-des-droits-humains-en-temps-de-crise\/\">compendio de buenas pr\u00e1cticas<\/a> que analiza las experiencias de las personas defensoras en Costa de Marfil, Mali, N\u00edger, Sierra Leona y Burkina Faso. Se trata de un documento cuyo objetivo es facilitar la continuidad del trabajo de las personas defensoras en tiempos de covid-19 y otras crisis. El compendio ha sido elaborado por el SIDH con el apoyo de las coaliciones nacionales sobre la base de un an\u00e1lisis que considera las buenas pr\u00e1cticas desarrolladas por las personas defensoras y los gobiernos y las disposiciones de los mecanismos de protecci\u00f3n de los derechos de las personas defensoras de los derechos humanos.<\/p>\n","protected":false},"template":"","document-original-language":[350],"authorship":[139],"type-of-document":[145],"progress":[],"location":[186,198],"class_list":["post-4726","documents","type-documents","status-publish","hentry","document-original-language-en-es","authorship-sociedad-civil-y-mundo-academico","type-of-document-noticia","location-africa","location-costa-de-marfil"],"_links":{"self":[{"href":"https:\/\/www.focus-obs.org\/es\/wp-json\/wp\/v2\/documents\/4726","targetHints":{"allow":["GET"]}}],"collection":[{"href":"https:\/\/www.focus-obs.org\/es\/wp-json\/wp\/v2\/documents"}],"about":[{"href":"https:\/\/www.focus-obs.org\/es\/wp-json\/wp\/v2\/types\/documents"}],"version-history":[{"count":8,"href":"https:\/\/www.focus-obs.org\/es\/wp-json\/wp\/v2\/documents\/4726\/revisions"}],"predecessor-version":[{"id":6961,"href":"https:\/\/www.focus-obs.org\/es\/wp-json\/wp\/v2\/documents\/4726\/revisions\/6961"}],"wp:attachment":[{"href":"https:\/\/www.focus-obs.org\/es\/wp-json\/wp\/v2\/media?parent=4726"}],"wp:term":[{"taxonomy":"document-original-language","embeddable":true,"href":"https:\/\/www.focus-obs.org\/es\/wp-json\/wp\/v2\/document-original-language?post=4726"},{"taxonomy":"authorship","embeddable":true,"href":"https:\/\/www.focus-obs.org\/es\/wp-json\/wp\/v2\/authorship?post=4726"},{"taxonomy":"type-of-document","embeddable":true,"href":"https:\/\/www.focus-obs.org\/es\/wp-json\/wp\/v2\/type-of-document?post=4726"},{"taxonomy":"progress","embeddable":true,"href":"https:\/\/www.focus-obs.org\/es\/wp-json\/wp\/v2\/progress?post=4726"},{"taxonomy":"location","embeddable":true,"href":"https:\/\/www.focus-obs.org\/es\/wp-json\/wp\/v2\/location?post=4726"}],"curies":[{"name":"wp","href":"https:\/\/api.w.org\/{rel}","templated":true}]}}

Costa de Marfil: Consulta regional sobre la protección de las personas defensoras en tiempos de crisis

<p>Del 18 al 20 de octubre de 2021, el Servicio Internacional para los Derechos Humanos (ISHR) organizó una consulta regional en Abidjan sobre la protección del espacio cívico y democrático y el fortalecimiento de la protección de las personas defensoras de los derechos humanos (DDH o personas defensoras) en tiempos de crisis. Durante la consulta, se debatió sobre restricciones para las personas defensoras de los derechos humanos, especialmente en lo que respecta a aquellas restricciones vinculadas al Covid-19.</p>



<p>La iniciativa fue impulsada por los recientes acontecimientos en torno a la pandemia, debido a los cuales los gobiernos adoptaron restricciones que tuvieron un impacto significativo en el espacio cívico y en las personas defensoras de los derechos humanos. La consulta también se refirió a la evolución más general de los esfuerzos estatales para proteger o restringir a las personas defensoras.</p>



<p>En los debates participaron muchas partes diferentes. Las coaliciones de personas defensoras de Burkina Faso, Costa de Marfil, Níger, Malí y Sierra Leona contribuyeron compartiendo el impacto de las restricciones y las buenas prácticas en su trabajo. Los actores internacionales y las organizaciones de la sociedad civil también estuvieron presentes para señalar las buenas prácticas en los diferentes estados afectados y expresar su apoyo a las personas defensoras. Entre estos actores se encuentran la CNDH, el SIDH, los relatores especiales, los embajadores de Bélgica y Suiza en Costa de Marfil y el representante del Ministro de Justicia y Derechos Humanos.</p>



<p>Aparte de las restricciones para las personas defensoras de los derechos humanos debido al Covid-19, los debates se desarrollaron en torno al impacto de las decisiones de las autoridades nacionales e internacionales sobre el trabajo de las personas defensoras de los derechos humanos. Un tema importante fue el papel de los relatores especiales en la protección del espacio cívico y de las personas defensoras, su mandato y la accesibilidad de este mecanismo para las personas defensoras.</p>



<p>Para ayudar a las personas defensoras a continuar con su vital labor de protección de los derechos humanos durante las crisis, se compartió con los participantes un <a href="https://ishr.ch/defenders-toolbox/resources/bonnes-pratiques-pour-la-protection-des-defenseur-es-des-droits-humains-en-temps-de-crise/">compendio de buenas prácticas</a> que analiza las experiencias de las personas defensoras en Costa de Marfil, Mali, Níger, Sierra Leona y Burkina Faso. Se trata de un documento cuyo objetivo es facilitar la continuidad del trabajo de las personas defensoras en tiempos de covid-19 y otras crisis. El compendio ha sido elaborado por el SIDH con el apoyo de las coaliciones nacionales sobre la base de un análisis que considera las buenas prácticas desarrolladas por las personas defensoras y los gobiernos y las disposiciones de los mecanismos de protección de los derechos de las personas defensoras de los derechos humanos.</p>
