{"id":4640,"date":"2022-01-18T09:03:08","date_gmt":"2022-01-18T08:03:08","guid":{"rendered":"https:\/\/www.focus-obs.org\/?post_type=documents&#038;p=4640"},"modified":"2022-10-28T11:49:51","modified_gmt":"2022-10-28T09:49:51","slug":"mexico-acuerdo-para-el-reconocimiento-y-proteccion-de-las-personas-defensoras-de-derechos-humanos-en-oaxaca","status":"publish","type":"documents","link":"https:\/\/www.focus-obs.org\/es\/documents\/mexico-acuerdo-para-el-reconocimiento-y-proteccion-de-las-personas-defensoras-de-derechos-humanos-en-oaxaca\/","title":{"rendered":"Mexico: acuerdo para el reconocimiento y protecci\u00f3n de las personas defensoras de derechos humanos en Oaxaca"},"content":{"rendered":"\n<p class=\"wp-block-paragraph\">La Defensor\u00eda de los Derechos Humanos del Pueblo de Oaxaca participa en la renovaci\u00f3n del acuerdo para el reconocimiento y la protecci\u00f3n de las personas defensoras (o las personas defensoras) de los derechos humanos en Oaxaca, firmado por primera vez en noviembre de 2020: \u00abReconocemos el trabajo de las personas defensoras de derechos humanos, que son objeto de agresiones, amenazas y hostigamientos que impiden la continuidad de su labor\u00bb (Defensor\u00eda de los derechos humanos del pueblo de Oaxaca). <\/p>\n\n\n\n<p class=\"wp-block-paragraph\">La actualizaci\u00f3n del acuerdo reafirma la importancia de reconocer el trabajo de las personas defensoras, as\u00ed como de fortalecer las alianzas con instancias nacionales y municipales, como cuerpos de seguridad p\u00fablica, instituciones acad\u00e9micas, sociedad civil y personas defensoras. A partir de la firma de este acuerdo, se han evaluado los avances en la investigaci\u00f3n de las violaciones a los derechos humanos de las personas defensoras y las instituciones firmantes refrendan su compromiso de darle seguimiento a estas acciones estrat\u00e9gicas e impulsar acciones que fortalezcan pol\u00edticas p\u00fablicas en la materia (<a href=\"https:\/\/codigodh.org\/2021\/12\/10\/boletin-en-favor-de-las-personas-defensoras-el-acuerdo-para-su-reconocimiento-y-proteccion\/\" target=\"_blank\" rel=\"noreferrer noopener\">CODIGO DH, 2021<\/a>).<\/p>\n\n\n\n<figure class=\"wp-block-embed is-type-video is-provider-youtube wp-block-embed-youtube wp-embed-aspect-16-9 wp-has-aspect-ratio\"><div class=\"wp-block-embed__wrapper\">\n<iframe title=\"Acuerdo para el Reconocimiento y Protecci\u00f3n de las Personas Defensoras de Derechos Humanos en Oaxaca\" width=\"800\" height=\"450\" src=\"https:\/\/www.youtube.com\/embed\/regqFw6aJXE?feature=oembed\" frameborder=\"0\" allow=\"accelerometer; autoplay; clipboard-write; encrypted-media; gyroscope; picture-in-picture\" allowfullscreen><\/iframe>\n<\/div><\/figure>\n\n\n\n<p class=\"wp-block-paragraph\">Encuentren el video <a href=\"https:\/\/youtu.be\/regqFw6aJXE\" target=\"_blank\" rel=\"noreferrer noopener\">aqu\u00ed<\/a> en espa\u00f1ol (<a href=\"https:\/\/codigodh.org\/\" target=\"_blank\" rel=\"noreferrer noopener\">CODIGO DH<\/a>). <\/p>\n","protected":false},"template":"","document-original-language":[352],"authorship":[139],"type-of-document":[145],"progress":[],"location":[169,228],"class_list":["post-4640","documents","type-documents","status-publish","hentry","document-original-language-es-es","authorship-sociedad-civil-y-mundo-academico","type-of-document-noticia","location-americas","location-mexico"],"yoast_head":"<!-- This site is optimized with the Yoast SEO plugin v28.4 - https:\/\/yoast.com\/product\/yoast-seo-wordpress\/ -->\n<title>Mexico: acuerdo para el reconocimiento y protecci\u00f3n de las personas defensoras de derechos humanos en Oaxaca - Focus: The Observatory On Public Policies For Defenders<\/title>\n<meta name=\"robots\" content=\"index, follow, max-snippet:-1, max-image-preview:large, max-video-preview:-1\" \/>\n<link rel=\"canonical\" href=\"https:\/\/www.focus-obs.org\/es\/documents\/mexico-acuerdo-para-el-reconocimiento-y-proteccion-de-las-personas-defensoras-de-derechos-humanos-en-oaxaca\/\" \/>\n<meta property=\"og:locale\" content=\"es_ES\" \/>\n<meta property=\"og:type\" content=\"article\" \/>\n<meta property=\"og:title\" content=\"Mexico: acuerdo para el reconocimiento y protecci\u00f3n de las personas defensoras de derechos humanos en Oaxaca - Focus: The Observatory On Public Policies For Defenders\" \/>\n<meta property=\"og:description\" content=\"La Defensor\u00eda de los Derechos Humanos del Pueblo de Oaxaca participa en la renovaci\u00f3n del acuerdo para el reconocimiento y la protecci\u00f3n de las personas defensoras (o las personas defensoras) de los derechos humanos en Oaxaca, firmado por primera vez en noviembre de 2020: \u00abReconocemos el trabajo de las personas defensoras de derechos humanos, que [&hellip;]\" \/>\n<meta property=\"og:url\" content=\"https:\/\/www.focus-obs.org\/es\/documents\/mexico-acuerdo-para-el-reconocimiento-y-proteccion-de-las-personas-defensoras-de-derechos-humanos-en-oaxaca\/\" \/>\n<meta property=\"og:site_name\" content=\"Focus: The Observatory On Public Policies For Defenders\" \/>\n<meta property=\"article:modified_time\" content=\"2022-10-28T09:49:51+00:00\" \/>\n<meta name=\"twitter:card\" content=\"summary_large_image\" \/>\n<meta name=\"twitter:label1\" content=\"Tiempo de lectura\" \/>\n\t<meta name=\"twitter:data1\" content=\"1 minuto\" \/>\n<script type=\"application\/ld+json\" class=\"yoast-schema-graph\">{\"@context\":\"https:\\\/\\\/schema.org\",\"@graph\":[{\"@type\":\"WebPage\",\"@id\":\"https:\\\/\\\/www.focus-obs.org\\\/es\\\/documents\\\/mexico-acuerdo-para-el-reconocimiento-y-proteccion-de-las-personas-defensoras-de-derechos-humanos-en-oaxaca\\\/\",\"url\":\"https:\\\/\\\/www.focus-obs.org\\\/es\\\/documents\\\/mexico-acuerdo-para-el-reconocimiento-y-proteccion-de-las-personas-defensoras-de-derechos-humanos-en-oaxaca\\\/\",\"name\":\"Mexico: acuerdo para el reconocimiento y protecci\u00f3n de las personas defensoras de derechos humanos en Oaxaca - Focus: The Observatory On Public Policies For Defenders\",\"isPartOf\":{\"@id\":\"https:\\\/\\\/www.focus-obs.org\\\/es\\\/#website\"},\"datePublished\":\"2022-01-18T08:03:08+00:00\",\"dateModified\":\"2022-10-28T09:49:51+00:00\",\"breadcrumb\":{\"@id\":\"https:\\\/\\\/www.focus-obs.org\\\/es\\\/documents\\\/mexico-acuerdo-para-el-reconocimiento-y-proteccion-de-las-personas-defensoras-de-derechos-humanos-en-oaxaca\\\/#breadcrumb\"},\"inLanguage\":\"es\",\"potentialAction\":[{\"@type\":\"ReadAction\",\"target\":[\"https:\\\/\\\/www.focus-obs.org\\\/es\\\/documents\\\/mexico-acuerdo-para-el-reconocimiento-y-proteccion-de-las-personas-defensoras-de-derechos-humanos-en-oaxaca\\\/\"]}]},{\"@type\":\"BreadcrumbList\",\"@id\":\"https:\\\/\\\/www.focus-obs.org\\\/es\\\/documents\\\/mexico-acuerdo-para-el-reconocimiento-y-proteccion-de-las-personas-defensoras-de-derechos-humanos-en-oaxaca\\\/#breadcrumb\",\"itemListElement\":[{\"@type\":\"ListItem\",\"position\":1,\"name\":\"Home\",\"item\":\"https:\\\/\\\/www.focus-obs.org\\\/es\\\/\"},{\"@type\":\"ListItem\",\"position\":2,\"name\":\"Documents\",\"item\":\"https:\\\/\\\/www.focus-obs.org\\\/es\\\/documents\\\/\"},{\"@type\":\"ListItem\",\"position\":3,\"name\":\"Mexico: acuerdo para el reconocimiento y protecci\u00f3n de las personas defensoras de derechos humanos en Oaxaca\"}]},{\"@type\":\"WebSite\",\"@id\":\"https:\\\/\\\/www.focus-obs.org\\\/es\\\/#website\",\"url\":\"https:\\\/\\\/www.focus-obs.org\\\/es\\\/\",\"name\":\"Focus: The Observatory On Public Policies For Defenders\",\"description\":\"The Observatory On Public Policies For Defenders\",\"publisher\":{\"@id\":\"https:\\\/\\\/www.focus-obs.org\\\/es\\\/#organization\"},\"potentialAction\":[{\"@type\":\"SearchAction\",\"target\":{\"@type\":\"EntryPoint\",\"urlTemplate\":\"https:\\\/\\\/www.focus-obs.org\\\/es\\\/?s={search_term_string}\"},\"query-input\":{\"@type\":\"PropertyValueSpecification\",\"valueRequired\":true,\"valueName\":\"search_term_string\"}}],\"inLanguage\":\"es\"},{\"@type\":\"Organization\",\"@id\":\"https:\\\/\\\/www.focus-obs.org\\\/es\\\/#organization\",\"name\":\"Focus: The Observatory On Public Policies For Defenders\",\"url\":\"https:\\\/\\\/www.focus-obs.org\\\/es\\\/\",\"logo\":{\"@type\":\"ImageObject\",\"inLanguage\":\"es\",\"@id\":\"https:\\\/\\\/www.focus-obs.org\\\/es\\\/#\\\/schema\\\/logo\\\/image\\\/\",\"url\":\"https:\\\/\\\/www.focus-obs.org\\\/wp-content\\\/uploads\\\/2021\\\/01\\\/logo-focus-white-on-black-1.png\",\"contentUrl\":\"https:\\\/\\\/www.focus-obs.org\\\/wp-content\\\/uploads\\\/2021\\\/01\\\/logo-focus-white-on-black-1.png\",\"width\":2132,\"height\":735,\"caption\":\"Focus: The Observatory On Public Policies For Defenders\"},\"image\":{\"@id\":\"https:\\\/\\\/www.focus-obs.org\\\/es\\\/#\\\/schema\\\/logo\\\/image\\\/\"}}]}<\/script>\n<!-- \/ Yoast SEO plugin. -->","yoast_head_json":{"title":"Mexico: acuerdo para el reconocimiento y protecci\u00f3n de las personas defensoras de derechos humanos en Oaxaca - Focus: The Observatory On Public Policies For Defenders","robots":{"index":"index","follow":"follow","max-snippet":"max-snippet:-1","max-image-preview":"max-image-preview:large","max-video-preview":"max-video-preview:-1"},"canonical":"https:\/\/www.focus-obs.org\/es\/documents\/mexico-acuerdo-para-el-reconocimiento-y-proteccion-de-las-personas-defensoras-de-derechos-humanos-en-oaxaca\/","og_locale":"es_ES","og_type":"article","og_title":"Mexico: acuerdo para el reconocimiento y protecci\u00f3n de las personas defensoras de derechos humanos en Oaxaca - Focus: The Observatory On Public Policies For Defenders","og_description":"La Defensor\u00eda de los Derechos Humanos del Pueblo de Oaxaca participa en la renovaci\u00f3n del acuerdo para el reconocimiento y la protecci\u00f3n de las personas defensoras (o las personas defensoras) de los derechos humanos en Oaxaca, firmado por primera vez en noviembre de 2020: \u00abReconocemos el trabajo de las personas defensoras de derechos humanos, que [&hellip;]","og_url":"https:\/\/www.focus-obs.org\/es\/documents\/mexico-acuerdo-para-el-reconocimiento-y-proteccion-de-las-personas-defensoras-de-derechos-humanos-en-oaxaca\/","og_site_name":"Focus: The Observatory On Public Policies For Defenders","article_modified_time":"2022-10-28T09:49:51+00:00","twitter_card":"summary_large_image","twitter_misc":{"Tiempo de lectura":"1 minuto"},"schema":{"@context":"https:\/\/schema.org","@graph":[{"@type":"WebPage","@id":"https:\/\/www.focus-obs.org\/es\/documents\/mexico-acuerdo-para-el-reconocimiento-y-proteccion-de-las-personas-defensoras-de-derechos-humanos-en-oaxaca\/","url":"https:\/\/www.focus-obs.org\/es\/documents\/mexico-acuerdo-para-el-reconocimiento-y-proteccion-de-las-personas-defensoras-de-derechos-humanos-en-oaxaca\/","name":"Mexico: acuerdo para el reconocimiento y protecci\u00f3n de las personas defensoras de derechos humanos en Oaxaca - Focus: The Observatory On Public Policies For Defenders","isPartOf":{"@id":"https:\/\/www.focus-obs.org\/es\/#website"},"datePublished":"2022-01-18T08:03:08+00:00","dateModified":"2022-10-28T09:49:51+00:00","breadcrumb":{"@id":"https:\/\/www.focus-obs.org\/es\/documents\/mexico-acuerdo-para-el-reconocimiento-y-proteccion-de-las-personas-defensoras-de-derechos-humanos-en-oaxaca\/#breadcrumb"},"inLanguage":"es","potentialAction":[{"@type":"ReadAction","target":["https:\/\/www.focus-obs.org\/es\/documents\/mexico-acuerdo-para-el-reconocimiento-y-proteccion-de-las-personas-defensoras-de-derechos-humanos-en-oaxaca\/"]}]},{"@type":"BreadcrumbList","@id":"https:\/\/www.focus-obs.org\/es\/documents\/mexico-acuerdo-para-el-reconocimiento-y-proteccion-de-las-personas-defensoras-de-derechos-humanos-en-oaxaca\/#breadcrumb","itemListElement":[{"@type":"ListItem","position":1,"name":"Home","item":"https:\/\/www.focus-obs.org\/es\/"},{"@type":"ListItem","position":2,"name":"Documents","item":"https:\/\/www.focus-obs.org\/es\/documents\/"},{"@type":"ListItem","position":3,"name":"Mexico: acuerdo para el reconocimiento y protecci\u00f3n de las personas defensoras de derechos humanos en Oaxaca"}]},{"@type":"WebSite","@id":"https:\/\/www.focus-obs.org\/es\/#website","url":"https:\/\/www.focus-obs.org\/es\/","name":"Focus: The Observatory On Public Policies For Defenders","description":"The Observatory On Public Policies For Defenders","publisher":{"@id":"https:\/\/www.focus-obs.org\/es\/#organization"},"potentialAction":[{"@type":"SearchAction","target":{"@type":"EntryPoint","urlTemplate":"https:\/\/www.focus-obs.org\/es\/?s={search_term_string}"},"query-input":{"@type":"PropertyValueSpecification","valueRequired":true,"valueName":"search_term_string"}}],"inLanguage":"es"},{"@type":"Organization","@id":"https:\/\/www.focus-obs.org\/es\/#organization","name":"Focus: The Observatory On Public Policies For Defenders","url":"https:\/\/www.focus-obs.org\/es\/","logo":{"@type":"ImageObject","inLanguage":"es","@id":"https:\/\/www.focus-obs.org\/es\/#\/schema\/logo\/image\/","url":"https:\/\/www.focus-obs.org\/wp-content\/uploads\/2021\/01\/logo-focus-white-on-black-1.png","contentUrl":"https:\/\/www.focus-obs.org\/wp-content\/uploads\/2021\/01\/logo-focus-white-on-black-1.png","width":2132,"height":735,"caption":"Focus: The Observatory On Public Policies For Defenders"},"image":{"@id":"https:\/\/www.focus-obs.org\/es\/#\/schema\/logo\/image\/"}}]}},"_links":{"self":[{"href":"https:\/\/www.focus-obs.org\/es\/wp-json\/wp\/v2\/documents\/4640","targetHints":{"allow":["GET"]}}],"collection":[{"href":"https:\/\/www.focus-obs.org\/es\/wp-json\/wp\/v2\/documents"}],"about":[{"href":"https:\/\/www.focus-obs.org\/es\/wp-json\/wp\/v2\/types\/documents"}],"version-history":[{"count":5,"href":"https:\/\/www.focus-obs.org\/es\/wp-json\/wp\/v2\/documents\/4640\/revisions"}],"predecessor-version":[{"id":5642,"href":"https:\/\/www.focus-obs.org\/es\/wp-json\/wp\/v2\/documents\/4640\/revisions\/5642"}],"wp:attachment":[{"href":"https:\/\/www.focus-obs.org\/es\/wp-json\/wp\/v2\/media?parent=4640"}],"wp:term":[{"taxonomy":"document-original-language","embeddable":true,"href":"https:\/\/www.focus-obs.org\/es\/wp-json\/wp\/v2\/document-original-language?post=4640"},{"taxonomy":"authorship","embeddable":true,"href":"https:\/\/www.focus-obs.org\/es\/wp-json\/wp\/v2\/authorship?post=4640"},{"taxonomy":"type-of-document","embeddable":true,"href":"https:\/\/www.focus-obs.org\/es\/wp-json\/wp\/v2\/type-of-document?post=4640"},{"taxonomy":"progress","embeddable":true,"href":"https:\/\/www.focus-obs.org\/es\/wp-json\/wp\/v2\/progress?post=4640"},{"taxonomy":"location","embeddable":true,"href":"https:\/\/www.focus-obs.org\/es\/wp-json\/wp\/v2\/location?post=4640"}],"curies":[{"name":"wp","href":"https:\/\/api.w.org\/{rel}","templated":true}]}}

Mexico: acuerdo para el reconocimiento y protección de las personas defensoras de derechos humanos en Oaxaca

<p class="wp-block-paragraph">La Defensoría de los Derechos Humanos del Pueblo de Oaxaca participa en la renovación del acuerdo para el reconocimiento y la protección de las personas defensoras (o las personas defensoras) de los derechos humanos en Oaxaca, firmado por primera vez en noviembre de 2020: «Reconocemos el trabajo de las personas defensoras de derechos humanos, que son objeto de agresiones, amenazas y hostigamientos que impiden la continuidad de su labor» (Defensoría de los derechos humanos del pueblo de Oaxaca). </p>



<p class="wp-block-paragraph">La actualización del acuerdo reafirma la importancia de reconocer el trabajo de las personas defensoras, así como de fortalecer las alianzas con instancias nacionales y municipales, como cuerpos de seguridad pública, instituciones académicas, sociedad civil y personas defensoras. A partir de la firma de este acuerdo, se han evaluado los avances en la investigación de las violaciones a los derechos humanos de las personas defensoras y las instituciones firmantes refrendan su compromiso de darle seguimiento a estas acciones estratégicas e impulsar acciones que fortalezcan políticas públicas en la materia (<a href="https://codigodh.org/2021/12/10/boletin-en-favor-de-las-personas-defensoras-el-acuerdo-para-su-reconocimiento-y-proteccion/" target="_blank" rel="noreferrer noopener">CODIGO DH, 2021</a>).</p>



<figure class="wp-block-embed is-type-video is-provider-youtube wp-block-embed-youtube wp-embed-aspect-16-9 wp-has-aspect-ratio"><div class="wp-block-embed__wrapper">
<iframe title="Acuerdo para el Reconocimiento y Protección de las Personas Defensoras de Derechos Humanos en Oaxaca" width="800" height="450" src="https://www.youtube.com/embed/regqFw6aJXE?feature=oembed" frameborder="0" allow="accelerometer; autoplay; clipboard-write; encrypted-media; gyroscope; picture-in-picture" allowfullscreen></iframe>
</div></figure>



<p class="wp-block-paragraph">Encuentren el video <a href="https://youtu.be/regqFw6aJXE" target="_blank" rel="noreferrer noopener">aquí</a> en español (<a href="https://codigodh.org/" target="_blank" rel="noreferrer noopener">CODIGO DH</a>). </p>

<!-- This site is optimized with the Yoast SEO plugin v28.4 - https://yoast.com/product/yoast-seo-wordpress/ -->
<title>Mexico: acuerdo para el reconocimiento y protección de las personas defensoras de derechos humanos en Oaxaca - Focus: The Observatory On Public Policies For Defenders</title>
<meta name="robots" content="index, follow, max-snippet:-1, max-image-preview:large, max-video-preview:-1" />
<link rel="canonical" href="https://www.focus-obs.org/es/documents/mexico-acuerdo-para-el-reconocimiento-y-proteccion-de-las-personas-defensoras-de-derechos-humanos-en-oaxaca/" />
<meta property="og:locale" content="es_ES" />
<meta property="og:type" content="article" />
<meta property="og:title" content="Mexico: acuerdo para el reconocimiento y protección de las personas defensoras de derechos humanos en Oaxaca - Focus: The Observatory On Public Policies For Defenders" />
<meta property="og:description" content="La Defensoría de los Derechos Humanos del Pueblo de Oaxaca participa en la renovación del acuerdo para el reconocimiento y la protección de las personas defensoras (o las personas defensoras) de los derechos humanos en Oaxaca, firmado por primera vez en noviembre de 2020: «Reconocemos el trabajo de las personas defensoras de derechos humanos, que [&hellip;]" />
<meta property="og:url" content="https://www.focus-obs.org/es/documents/mexico-acuerdo-para-el-reconocimiento-y-proteccion-de-las-personas-defensoras-de-derechos-humanos-en-oaxaca/" />
<meta property="og:site_name" content="Focus: The Observatory On Public Policies For Defenders" />
<meta property="article:modified_time" content="2022-10-28T09:49:51+00:00" />
<meta name="twitter:card" content="summary_large_image" />
<meta name="twitter:label1" content="Tiempo de lectura" />
	<meta name="twitter:data1" content="1 minuto" />
<script type="application/ld+json" class="yoast-schema-graph">{"@context":"https:\/\/schema.org","@graph":[{"@type":"WebPage","@id":"https:\/\/www.focus-obs.org\/es\/documents\/mexico-acuerdo-para-el-reconocimiento-y-proteccion-de-las-personas-defensoras-de-derechos-humanos-en-oaxaca\/","url":"https:\/\/www.focus-obs.org\/es\/documents\/mexico-acuerdo-para-el-reconocimiento-y-proteccion-de-las-personas-defensoras-de-derechos-humanos-en-oaxaca\/","name":"Mexico: acuerdo para el reconocimiento y protección de las personas defensoras de derechos humanos en Oaxaca - Focus: The Observatory On Public Policies For Defenders","isPartOf":{"@id":"https:\/\/www.focus-obs.org\/es\/#website"},"datePublished":"2022-01-18T08:03:08+00:00","dateModified":"2022-10-28T09:49:51+00:00","breadcrumb":{"@id":"https:\/\/www.focus-obs.org\/es\/documents\/mexico-acuerdo-para-el-reconocimiento-y-proteccion-de-las-personas-defensoras-de-derechos-humanos-en-oaxaca\/#breadcrumb"},"inLanguage":"es","potentialAction":[{"@type":"ReadAction","target":["https:\/\/www.focus-obs.org\/es\/documents\/mexico-acuerdo-para-el-reconocimiento-y-proteccion-de-las-personas-defensoras-de-derechos-humanos-en-oaxaca\/"]}]},{"@type":"BreadcrumbList","@id":"https:\/\/www.focus-obs.org\/es\/documents\/mexico-acuerdo-para-el-reconocimiento-y-proteccion-de-las-personas-defensoras-de-derechos-humanos-en-oaxaca\/#breadcrumb","itemListElement":[{"@type":"ListItem","position":1,"name":"Home","item":"https:\/\/www.focus-obs.org\/es\/"},{"@type":"ListItem","position":2,"name":"Documents","item":"https:\/\/www.focus-obs.org\/es\/documents\/"},{"@type":"ListItem","position":3,"name":"Mexico: acuerdo para el reconocimiento y protección de las personas defensoras de derechos humanos en Oaxaca"}]},{"@type":"WebSite","@id":"https:\/\/www.focus-obs.org\/es\/#website","url":"https:\/\/www.focus-obs.org\/es\/","name":"Focus: The Observatory On Public Policies For Defenders","description":"The Observatory On Public Policies For Defenders","publisher":{"@id":"https:\/\/www.focus-obs.org\/es\/#organization"},"potentialAction":[{"@type":"SearchAction","target":{"@type":"EntryPoint","urlTemplate":"https:\/\/www.focus-obs.org\/es\/?s={search_term_string}"},"query-input":{"@type":"PropertyValueSpecification","valueRequired":true,"valueName":"search_term_string"}}],"inLanguage":"es"},{"@type":"Organization","@id":"https:\/\/www.focus-obs.org\/es\/#organization","name":"Focus: The Observatory On Public Policies For Defenders","url":"https:\/\/www.focus-obs.org\/es\/","logo":{"@type":"ImageObject","inLanguage":"es","@id":"https:\/\/www.focus-obs.org\/es\/#\/schema\/logo\/image\/","url":"https:\/\/www.focus-obs.org\/wp-content\/uploads\/2021\/01\/logo-focus-white-on-black-1.png","contentUrl":"https:\/\/www.focus-obs.org\/wp-content\/uploads\/2021\/01\/logo-focus-white-on-black-1.png","width":2132,"height":735,"caption":"Focus: The Observatory On Public Policies For Defenders"},"image":{"@id":"https:\/\/www.focus-obs.org\/es\/#\/schema\/logo\/image\/"}}]}</script>
<!-- / Yoast SEO plugin. -->

Mexico: acuerdo para el reconocimiento y protección de las personas defensoras de derechos humanos en Oaxaca - Focus: The Observatory On Public Policies For Defenders

La Defensoría de los Derechos Humanos del Pueblo de Oaxaca participa en la renovación del acuerdo para el reconocimiento y la protección de las personas defensoras (o las personas defensoras) de los derechos humanos en Oaxaca, firmado por primera vez en noviembre de 2020: «Reconocemos el trabajo de las personas defensoras de derechos humanos, que [&hellip;]
