{"id":4362,"date":"2021-11-02T17:06:23","date_gmt":"2021-11-02T16:06:23","guid":{"rendered":"https:\/\/www.focus-obs.org\/?post_type=documents&#038;p=4362"},"modified":"2022-11-04T15:16:02","modified_gmt":"2022-11-04T14:16:02","slug":"peru-gobierno-implementara-mecanismo-intersectorial-para-proteccion-de-personas-defensoras","status":"publish","type":"documents","link":"https:\/\/www.focus-obs.org\/es\/documents\/peru-gobierno-implementara-mecanismo-intersectorial-para-proteccion-de-personas-defensoras\/","title":{"rendered":"Per\u00fa: Gobierno implementar\u00e1 mecanismo intersectorial para protecci\u00f3n de personas defensoras"},"content":{"rendered":"\n<p class=\"wp-block-paragraph\">En Per\u00fa, el gobierno confirm\u00f3 que pondr\u00e1 en marcha el <a href=\"https:\/\/www.focus-obs.org\/es\/documents\/peru-decreto-supremo-que-crea-el-mecanismo-intersectorial-para-la-proteccion-de-las-personas-defensoras-de-derechos-humanos\/\" target=\"_blank\" rel=\"noreferrer noopener\">mecanismo intersectorial de protecci\u00f3n de las pesronas defensoras de los derechos humanos<\/a>. Este anuncio fue precedido por las manifestaciones de las personas defensoras de los derechos humanos frente al Ministerio de Justicia.<\/p>\n\n\n\n<p class=\"wp-block-paragraph\">\u201cHoy tuvimos un di\u00e1logo con el Viceministro de Derechos Humanos y acceso a la Justicia, Guillermo Vargas Jaramillo, para que se dote de recursos econ\u00f3micos y humanos al Mecanismo Intersectorial para la protecci\u00f3n de defensores y defensoras de derechos humanos, porque de lo contrario no ser\u00e1 un recurso viable. El viceministro se comprometi\u00f3 a implementar este mecanismo a la brevedad, porque consider\u00f3 que es la mejor forma que tiene el Estado para reducir la precarizaci\u00f3n de la labor que realizan los defensores y defensoras\u201d, se\u00f1al\u00f3 David Velazco, abogado del grupo de defensores.<\/p>\n\n\n\n<p class=\"wp-block-paragraph\">Encuentren el art\u00edculo completo <a href=\"https:\/\/larepublica.pe\/sociedad\/2021\/10\/27\/gobierno-implementara-mecanismo-intersectorial-para-proteccion-de-defensores-y-defensoras-del-peru\/\" target=\"_blank\" rel=\"noreferrer noopener\">aqu\u00ed<\/a> en espa\u00f1ol (<a href=\"https:\/\/larepublica.pe\/\" target=\"_blank\" rel=\"noreferrer noopener\">La Rep\u00fablica Per\u00fa<\/a>).<\/p>\n","protected":false},"template":"","document-original-language":[352],"authorship":[138],"type-of-document":[145],"progress":[],"location":[169,268],"class_list":["post-4362","documents","type-documents","status-publish","hentry","document-original-language-es-es","authorship-prensa","type-of-document-noticia","location-americas","location-peru"],"yoast_head":"<!-- This site is optimized with the Yoast SEO plugin v28.4 - https:\/\/yoast.com\/product\/yoast-seo-wordpress\/ -->\n<title>Per\u00fa: Gobierno implementar\u00e1 mecanismo intersectorial para protecci\u00f3n de personas defensoras - Focus: The Observatory On Public Policies For Defenders<\/title>\n<meta name=\"robots\" content=\"index, follow, max-snippet:-1, max-image-preview:large, max-video-preview:-1\" \/>\n<link rel=\"canonical\" href=\"https:\/\/www.focus-obs.org\/es\/documents\/peru-gobierno-implementara-mecanismo-intersectorial-para-proteccion-de-personas-defensoras\/\" \/>\n<meta property=\"og:locale\" content=\"es_ES\" \/>\n<meta property=\"og:type\" content=\"article\" \/>\n<meta property=\"og:title\" content=\"Per\u00fa: Gobierno implementar\u00e1 mecanismo intersectorial para protecci\u00f3n de personas defensoras - Focus: The Observatory On Public Policies For Defenders\" \/>\n<meta property=\"og:description\" content=\"En Per\u00fa, el gobierno confirm\u00f3 que pondr\u00e1 en marcha el mecanismo intersectorial de protecci\u00f3n de las pesronas defensoras de los derechos humanos. Este anuncio fue precedido por las manifestaciones de las personas defensoras de los derechos humanos frente al Ministerio de Justicia. \u201cHoy tuvimos un di\u00e1logo con el Viceministro de Derechos Humanos y acceso a [&hellip;]\" \/>\n<meta property=\"og:url\" content=\"https:\/\/www.focus-obs.org\/es\/documents\/peru-gobierno-implementara-mecanismo-intersectorial-para-proteccion-de-personas-defensoras\/\" \/>\n<meta property=\"og:site_name\" content=\"Focus: The Observatory On Public Policies For Defenders\" \/>\n<meta property=\"article:modified_time\" content=\"2022-11-04T14:16:02+00:00\" \/>\n<meta name=\"twitter:card\" content=\"summary_large_image\" \/>\n<meta name=\"twitter:label1\" content=\"Tiempo de lectura\" \/>\n\t<meta name=\"twitter:data1\" content=\"1 minuto\" \/>\n<script type=\"application\/ld+json\" class=\"yoast-schema-graph\">{\"@context\":\"https:\\\/\\\/schema.org\",\"@graph\":[{\"@type\":\"WebPage\",\"@id\":\"https:\\\/\\\/www.focus-obs.org\\\/es\\\/documents\\\/peru-gobierno-implementara-mecanismo-intersectorial-para-proteccion-de-personas-defensoras\\\/\",\"url\":\"https:\\\/\\\/www.focus-obs.org\\\/es\\\/documents\\\/peru-gobierno-implementara-mecanismo-intersectorial-para-proteccion-de-personas-defensoras\\\/\",\"name\":\"Per\u00fa: Gobierno implementar\u00e1 mecanismo intersectorial para protecci\u00f3n de personas defensoras - Focus: The Observatory On Public Policies For Defenders\",\"isPartOf\":{\"@id\":\"https:\\\/\\\/www.focus-obs.org\\\/es\\\/#website\"},\"datePublished\":\"2021-11-02T16:06:23+00:00\",\"dateModified\":\"2022-11-04T14:16:02+00:00\",\"breadcrumb\":{\"@id\":\"https:\\\/\\\/www.focus-obs.org\\\/es\\\/documents\\\/peru-gobierno-implementara-mecanismo-intersectorial-para-proteccion-de-personas-defensoras\\\/#breadcrumb\"},\"inLanguage\":\"es\",\"potentialAction\":[{\"@type\":\"ReadAction\",\"target\":[\"https:\\\/\\\/www.focus-obs.org\\\/es\\\/documents\\\/peru-gobierno-implementara-mecanismo-intersectorial-para-proteccion-de-personas-defensoras\\\/\"]}]},{\"@type\":\"BreadcrumbList\",\"@id\":\"https:\\\/\\\/www.focus-obs.org\\\/es\\\/documents\\\/peru-gobierno-implementara-mecanismo-intersectorial-para-proteccion-de-personas-defensoras\\\/#breadcrumb\",\"itemListElement\":[{\"@type\":\"ListItem\",\"position\":1,\"name\":\"Home\",\"item\":\"https:\\\/\\\/www.focus-obs.org\\\/es\\\/\"},{\"@type\":\"ListItem\",\"position\":2,\"name\":\"Documents\",\"item\":\"https:\\\/\\\/www.focus-obs.org\\\/es\\\/documents\\\/\"},{\"@type\":\"ListItem\",\"position\":3,\"name\":\"Per\u00fa: Gobierno implementar\u00e1 mecanismo intersectorial para protecci\u00f3n de personas defensoras\"}]},{\"@type\":\"WebSite\",\"@id\":\"https:\\\/\\\/www.focus-obs.org\\\/es\\\/#website\",\"url\":\"https:\\\/\\\/www.focus-obs.org\\\/es\\\/\",\"name\":\"Focus: The Observatory On Public Policies For Defenders\",\"description\":\"The Observatory On Public Policies For Defenders\",\"publisher\":{\"@id\":\"https:\\\/\\\/www.focus-obs.org\\\/es\\\/#organization\"},\"potentialAction\":[{\"@type\":\"SearchAction\",\"target\":{\"@type\":\"EntryPoint\",\"urlTemplate\":\"https:\\\/\\\/www.focus-obs.org\\\/es\\\/?s={search_term_string}\"},\"query-input\":{\"@type\":\"PropertyValueSpecification\",\"valueRequired\":true,\"valueName\":\"search_term_string\"}}],\"inLanguage\":\"es\"},{\"@type\":\"Organization\",\"@id\":\"https:\\\/\\\/www.focus-obs.org\\\/es\\\/#organization\",\"name\":\"Focus: The Observatory On Public Policies For Defenders\",\"url\":\"https:\\\/\\\/www.focus-obs.org\\\/es\\\/\",\"logo\":{\"@type\":\"ImageObject\",\"inLanguage\":\"es\",\"@id\":\"https:\\\/\\\/www.focus-obs.org\\\/es\\\/#\\\/schema\\\/logo\\\/image\\\/\",\"url\":\"https:\\\/\\\/www.focus-obs.org\\\/wp-content\\\/uploads\\\/2021\\\/01\\\/logo-focus-white-on-black-1.png\",\"contentUrl\":\"https:\\\/\\\/www.focus-obs.org\\\/wp-content\\\/uploads\\\/2021\\\/01\\\/logo-focus-white-on-black-1.png\",\"width\":2132,\"height\":735,\"caption\":\"Focus: The Observatory On Public Policies For Defenders\"},\"image\":{\"@id\":\"https:\\\/\\\/www.focus-obs.org\\\/es\\\/#\\\/schema\\\/logo\\\/image\\\/\"}}]}<\/script>\n<!-- \/ Yoast SEO plugin. -->","yoast_head_json":{"title":"Per\u00fa: Gobierno implementar\u00e1 mecanismo intersectorial para protecci\u00f3n de personas defensoras - Focus: The Observatory On Public Policies For Defenders","robots":{"index":"index","follow":"follow","max-snippet":"max-snippet:-1","max-image-preview":"max-image-preview:large","max-video-preview":"max-video-preview:-1"},"canonical":"https:\/\/www.focus-obs.org\/es\/documents\/peru-gobierno-implementara-mecanismo-intersectorial-para-proteccion-de-personas-defensoras\/","og_locale":"es_ES","og_type":"article","og_title":"Per\u00fa: Gobierno implementar\u00e1 mecanismo intersectorial para protecci\u00f3n de personas defensoras - Focus: The Observatory On Public Policies For Defenders","og_description":"En Per\u00fa, el gobierno confirm\u00f3 que pondr\u00e1 en marcha el mecanismo intersectorial de protecci\u00f3n de las pesronas defensoras de los derechos humanos. Este anuncio fue precedido por las manifestaciones de las personas defensoras de los derechos humanos frente al Ministerio de Justicia. \u201cHoy tuvimos un di\u00e1logo con el Viceministro de Derechos Humanos y acceso a [&hellip;]","og_url":"https:\/\/www.focus-obs.org\/es\/documents\/peru-gobierno-implementara-mecanismo-intersectorial-para-proteccion-de-personas-defensoras\/","og_site_name":"Focus: The Observatory On Public Policies For Defenders","article_modified_time":"2022-11-04T14:16:02+00:00","twitter_card":"summary_large_image","twitter_misc":{"Tiempo de lectura":"1 minuto"},"schema":{"@context":"https:\/\/schema.org","@graph":[{"@type":"WebPage","@id":"https:\/\/www.focus-obs.org\/es\/documents\/peru-gobierno-implementara-mecanismo-intersectorial-para-proteccion-de-personas-defensoras\/","url":"https:\/\/www.focus-obs.org\/es\/documents\/peru-gobierno-implementara-mecanismo-intersectorial-para-proteccion-de-personas-defensoras\/","name":"Per\u00fa: Gobierno implementar\u00e1 mecanismo intersectorial para protecci\u00f3n de personas defensoras - Focus: The Observatory On Public Policies For Defenders","isPartOf":{"@id":"https:\/\/www.focus-obs.org\/es\/#website"},"datePublished":"2021-11-02T16:06:23+00:00","dateModified":"2022-11-04T14:16:02+00:00","breadcrumb":{"@id":"https:\/\/www.focus-obs.org\/es\/documents\/peru-gobierno-implementara-mecanismo-intersectorial-para-proteccion-de-personas-defensoras\/#breadcrumb"},"inLanguage":"es","potentialAction":[{"@type":"ReadAction","target":["https:\/\/www.focus-obs.org\/es\/documents\/peru-gobierno-implementara-mecanismo-intersectorial-para-proteccion-de-personas-defensoras\/"]}]},{"@type":"BreadcrumbList","@id":"https:\/\/www.focus-obs.org\/es\/documents\/peru-gobierno-implementara-mecanismo-intersectorial-para-proteccion-de-personas-defensoras\/#breadcrumb","itemListElement":[{"@type":"ListItem","position":1,"name":"Home","item":"https:\/\/www.focus-obs.org\/es\/"},{"@type":"ListItem","position":2,"name":"Documents","item":"https:\/\/www.focus-obs.org\/es\/documents\/"},{"@type":"ListItem","position":3,"name":"Per\u00fa: Gobierno implementar\u00e1 mecanismo intersectorial para protecci\u00f3n de personas defensoras"}]},{"@type":"WebSite","@id":"https:\/\/www.focus-obs.org\/es\/#website","url":"https:\/\/www.focus-obs.org\/es\/","name":"Focus: The Observatory On Public Policies For Defenders","description":"The Observatory On Public Policies For Defenders","publisher":{"@id":"https:\/\/www.focus-obs.org\/es\/#organization"},"potentialAction":[{"@type":"SearchAction","target":{"@type":"EntryPoint","urlTemplate":"https:\/\/www.focus-obs.org\/es\/?s={search_term_string}"},"query-input":{"@type":"PropertyValueSpecification","valueRequired":true,"valueName":"search_term_string"}}],"inLanguage":"es"},{"@type":"Organization","@id":"https:\/\/www.focus-obs.org\/es\/#organization","name":"Focus: The Observatory On Public Policies For Defenders","url":"https:\/\/www.focus-obs.org\/es\/","logo":{"@type":"ImageObject","inLanguage":"es","@id":"https:\/\/www.focus-obs.org\/es\/#\/schema\/logo\/image\/","url":"https:\/\/www.focus-obs.org\/wp-content\/uploads\/2021\/01\/logo-focus-white-on-black-1.png","contentUrl":"https:\/\/www.focus-obs.org\/wp-content\/uploads\/2021\/01\/logo-focus-white-on-black-1.png","width":2132,"height":735,"caption":"Focus: The Observatory On Public Policies For Defenders"},"image":{"@id":"https:\/\/www.focus-obs.org\/es\/#\/schema\/logo\/image\/"}}]}},"_links":{"self":[{"href":"https:\/\/www.focus-obs.org\/es\/wp-json\/wp\/v2\/documents\/4362","targetHints":{"allow":["GET"]}}],"collection":[{"href":"https:\/\/www.focus-obs.org\/es\/wp-json\/wp\/v2\/documents"}],"about":[{"href":"https:\/\/www.focus-obs.org\/es\/wp-json\/wp\/v2\/types\/documents"}],"version-history":[{"count":6,"href":"https:\/\/www.focus-obs.org\/es\/wp-json\/wp\/v2\/documents\/4362\/revisions"}],"predecessor-version":[{"id":8010,"href":"https:\/\/www.focus-obs.org\/es\/wp-json\/wp\/v2\/documents\/4362\/revisions\/8010"}],"wp:attachment":[{"href":"https:\/\/www.focus-obs.org\/es\/wp-json\/wp\/v2\/media?parent=4362"}],"wp:term":[{"taxonomy":"document-original-language","embeddable":true,"href":"https:\/\/www.focus-obs.org\/es\/wp-json\/wp\/v2\/document-original-language?post=4362"},{"taxonomy":"authorship","embeddable":true,"href":"https:\/\/www.focus-obs.org\/es\/wp-json\/wp\/v2\/authorship?post=4362"},{"taxonomy":"type-of-document","embeddable":true,"href":"https:\/\/www.focus-obs.org\/es\/wp-json\/wp\/v2\/type-of-document?post=4362"},{"taxonomy":"progress","embeddable":true,"href":"https:\/\/www.focus-obs.org\/es\/wp-json\/wp\/v2\/progress?post=4362"},{"taxonomy":"location","embeddable":true,"href":"https:\/\/www.focus-obs.org\/es\/wp-json\/wp\/v2\/location?post=4362"}],"curies":[{"name":"wp","href":"https:\/\/api.w.org\/{rel}","templated":true}]}}

Perú: Gobierno implementará mecanismo intersectorial para protección de personas defensoras

<p class="wp-block-paragraph">En Perú, el gobierno confirmó que pondrá en marcha el <a href="https://www.focus-obs.org/es/documents/peru-decreto-supremo-que-crea-el-mecanismo-intersectorial-para-la-proteccion-de-las-personas-defensoras-de-derechos-humanos/" target="_blank" rel="noreferrer noopener">mecanismo intersectorial de protección de las pesronas defensoras de los derechos humanos</a>. Este anuncio fue precedido por las manifestaciones de las personas defensoras de los derechos humanos frente al Ministerio de Justicia.</p>



<p class="wp-block-paragraph">“Hoy tuvimos un diálogo con el Viceministro de Derechos Humanos y acceso a la Justicia, Guillermo Vargas Jaramillo, para que se dote de recursos económicos y humanos al Mecanismo Intersectorial para la protección de defensores y defensoras de derechos humanos, porque de lo contrario no será un recurso viable. El viceministro se comprometió a implementar este mecanismo a la brevedad, porque consideró que es la mejor forma que tiene el Estado para reducir la precarización de la labor que realizan los defensores y defensoras”, señaló David Velazco, abogado del grupo de defensores.</p>



<p class="wp-block-paragraph">Encuentren el artículo completo <a href="https://larepublica.pe/sociedad/2021/10/27/gobierno-implementara-mecanismo-intersectorial-para-proteccion-de-defensores-y-defensoras-del-peru/" target="_blank" rel="noreferrer noopener">aquí</a> en español (<a href="https://larepublica.pe/" target="_blank" rel="noreferrer noopener">La República Perú</a>).</p>

<!-- This site is optimized with the Yoast SEO plugin v28.4 - https://yoast.com/product/yoast-seo-wordpress/ -->
<title>Perú: Gobierno implementará mecanismo intersectorial para protección de personas defensoras - Focus: The Observatory On Public Policies For Defenders</title>
<meta name="robots" content="index, follow, max-snippet:-1, max-image-preview:large, max-video-preview:-1" />
<link rel="canonical" href="https://www.focus-obs.org/es/documents/peru-gobierno-implementara-mecanismo-intersectorial-para-proteccion-de-personas-defensoras/" />
<meta property="og:locale" content="es_ES" />
<meta property="og:type" content="article" />
<meta property="og:title" content="Perú: Gobierno implementará mecanismo intersectorial para protección de personas defensoras - Focus: The Observatory On Public Policies For Defenders" />
<meta property="og:description" content="En Perú, el gobierno confirmó que pondrá en marcha el mecanismo intersectorial de protección de las pesronas defensoras de los derechos humanos. Este anuncio fue precedido por las manifestaciones de las personas defensoras de los derechos humanos frente al Ministerio de Justicia. “Hoy tuvimos un diálogo con el Viceministro de Derechos Humanos y acceso a [&hellip;]" />
<meta property="og:url" content="https://www.focus-obs.org/es/documents/peru-gobierno-implementara-mecanismo-intersectorial-para-proteccion-de-personas-defensoras/" />
<meta property="og:site_name" content="Focus: The Observatory On Public Policies For Defenders" />
<meta property="article:modified_time" content="2022-11-04T14:16:02+00:00" />
<meta name="twitter:card" content="summary_large_image" />
<meta name="twitter:label1" content="Tiempo de lectura" />
	<meta name="twitter:data1" content="1 minuto" />
<script type="application/ld+json" class="yoast-schema-graph">{"@context":"https:\/\/schema.org","@graph":[{"@type":"WebPage","@id":"https:\/\/www.focus-obs.org\/es\/documents\/peru-gobierno-implementara-mecanismo-intersectorial-para-proteccion-de-personas-defensoras\/","url":"https:\/\/www.focus-obs.org\/es\/documents\/peru-gobierno-implementara-mecanismo-intersectorial-para-proteccion-de-personas-defensoras\/","name":"Perú: Gobierno implementará mecanismo intersectorial para protección de personas defensoras - Focus: The Observatory On Public Policies For Defenders","isPartOf":{"@id":"https:\/\/www.focus-obs.org\/es\/#website"},"datePublished":"2021-11-02T16:06:23+00:00","dateModified":"2022-11-04T14:16:02+00:00","breadcrumb":{"@id":"https:\/\/www.focus-obs.org\/es\/documents\/peru-gobierno-implementara-mecanismo-intersectorial-para-proteccion-de-personas-defensoras\/#breadcrumb"},"inLanguage":"es","potentialAction":[{"@type":"ReadAction","target":["https:\/\/www.focus-obs.org\/es\/documents\/peru-gobierno-implementara-mecanismo-intersectorial-para-proteccion-de-personas-defensoras\/"]}]},{"@type":"BreadcrumbList","@id":"https:\/\/www.focus-obs.org\/es\/documents\/peru-gobierno-implementara-mecanismo-intersectorial-para-proteccion-de-personas-defensoras\/#breadcrumb","itemListElement":[{"@type":"ListItem","position":1,"name":"Home","item":"https:\/\/www.focus-obs.org\/es\/"},{"@type":"ListItem","position":2,"name":"Documents","item":"https:\/\/www.focus-obs.org\/es\/documents\/"},{"@type":"ListItem","position":3,"name":"Perú: Gobierno implementará mecanismo intersectorial para protección de personas defensoras"}]},{"@type":"WebSite","@id":"https:\/\/www.focus-obs.org\/es\/#website","url":"https:\/\/www.focus-obs.org\/es\/","name":"Focus: The Observatory On Public Policies For Defenders","description":"The Observatory On Public Policies For Defenders","publisher":{"@id":"https:\/\/www.focus-obs.org\/es\/#organization"},"potentialAction":[{"@type":"SearchAction","target":{"@type":"EntryPoint","urlTemplate":"https:\/\/www.focus-obs.org\/es\/?s={search_term_string}"},"query-input":{"@type":"PropertyValueSpecification","valueRequired":true,"valueName":"search_term_string"}}],"inLanguage":"es"},{"@type":"Organization","@id":"https:\/\/www.focus-obs.org\/es\/#organization","name":"Focus: The Observatory On Public Policies For Defenders","url":"https:\/\/www.focus-obs.org\/es\/","logo":{"@type":"ImageObject","inLanguage":"es","@id":"https:\/\/www.focus-obs.org\/es\/#\/schema\/logo\/image\/","url":"https:\/\/www.focus-obs.org\/wp-content\/uploads\/2021\/01\/logo-focus-white-on-black-1.png","contentUrl":"https:\/\/www.focus-obs.org\/wp-content\/uploads\/2021\/01\/logo-focus-white-on-black-1.png","width":2132,"height":735,"caption":"Focus: The Observatory On Public Policies For Defenders"},"image":{"@id":"https:\/\/www.focus-obs.org\/es\/#\/schema\/logo\/image\/"}}]}</script>
<!-- / Yoast SEO plugin. -->

Perú: Gobierno implementará mecanismo intersectorial para protección de personas defensoras - Focus: The Observatory On Public Policies For Defenders

En Perú, el gobierno confirmó que pondrá en marcha el mecanismo intersectorial de protección de las pesronas defensoras de los derechos humanos. Este anuncio fue precedido por las manifestaciones de las personas defensoras de los derechos humanos frente al Ministerio de Justicia. “Hoy tuvimos un diálogo con el Viceministro de Derechos Humanos y acceso a [&hellip;]
