{"id":4354,"date":"2021-11-02T16:55:53","date_gmt":"2021-11-02T15:55:53","guid":{"rendered":"https:\/\/www.focus-obs.org\/?post_type=documents&#038;p=4354"},"modified":"2022-11-04T15:32:48","modified_gmt":"2022-11-04T14:32:48","slug":"defensores-ambientales-de-peru-urgen-por-un-alto-a-la-violencia-y-piden-proteccion","status":"publish","type":"documents","link":"https:\/\/www.focus-obs.org\/es\/documents\/defensores-ambientales-de-peru-urgen-por-un-alto-a-la-violencia-y-piden-proteccion\/","title":{"rendered":"Per\u00fa: defensores ambientales urgen por un alto a la violencia y piden protecci\u00f3n"},"content":{"rendered":"\n<p class=\"wp-block-paragraph\">\u00abUn grupo de defensores de los derechos humanos y del medioambiente, llegado de diversas regiones del Per\u00fa, se manifest\u00f3 este mi\u00e9rcoles en Lima para exigir un alto a la violencia y demandar al Estado que les garantice protecci\u00f3n.<\/p>\n\n\n\n<p class=\"wp-block-paragraph\">\u00abLo que estamos haciendo ac\u00e1 es haciendo llegar nuestra demanda para que oportunamente accione el Estado (\u2026), que tome las acciones correspondientes antes de que haya m\u00e1s matanzas o asesinatos\u00bb, declar\u00f3 a Efe Agustina May\u00e1n, representante de la Organizaci\u00f3n de Desarrollo de las Comunidades Fronterizas del Cenepa (Odecofroc).\u00bb<\/p>\n\n\n\n<p class=\"wp-block-paragraph\">Encuentren la publicaci\u00f3n completa <a href=\"https:\/\/www.laestrella.com.pa\/internacional\/america\/211027\/defensores-ambientales-peru-urgen-alto-violencia-piden-proteccion\" target=\"_blank\" rel=\"noreferrer noopener\">aqu\u00ed<\/a> en espagnol (<a href=\"https:\/\/www.laestrella.com.pa\/\" target=\"_blank\" rel=\"noreferrer noopener\">La estrella de Panama<\/a>, recuperado de <a href=\"https:\/\/efe.com\/\" target=\"_blank\" rel=\"noreferrer noopener\">EFE media<\/a>).<\/p>\n","protected":false},"template":"","document-original-language":[352],"authorship":[138],"type-of-document":[145],"progress":[],"location":[169,268],"class_list":["post-4354","documents","type-documents","status-publish","hentry","document-original-language-es-es","authorship-prensa","type-of-document-noticia","location-americas","location-peru"],"yoast_head":"<!-- This site is optimized with the Yoast SEO plugin v28.4 - https:\/\/yoast.com\/product\/yoast-seo-wordpress\/ -->\n<title>Per\u00fa: defensores ambientales urgen por un alto a la violencia y piden protecci\u00f3n - Focus: The Observatory On Public Policies For Defenders<\/title>\n<meta name=\"robots\" content=\"index, follow, max-snippet:-1, max-image-preview:large, max-video-preview:-1\" \/>\n<link rel=\"canonical\" href=\"https:\/\/www.focus-obs.org\/es\/documents\/defensores-ambientales-de-peru-urgen-por-un-alto-a-la-violencia-y-piden-proteccion\/\" \/>\n<meta property=\"og:locale\" content=\"es_ES\" \/>\n<meta property=\"og:type\" content=\"article\" \/>\n<meta property=\"og:title\" content=\"Per\u00fa: defensores ambientales urgen por un alto a la violencia y piden protecci\u00f3n - Focus: The Observatory On Public Policies For Defenders\" \/>\n<meta property=\"og:description\" content=\"\u00abUn grupo de defensores de los derechos humanos y del medioambiente, llegado de diversas regiones del Per\u00fa, se manifest\u00f3 este mi\u00e9rcoles en Lima para exigir un alto a la violencia y demandar al Estado que les garantice protecci\u00f3n. \u00abLo que estamos haciendo ac\u00e1 es haciendo llegar nuestra demanda para que oportunamente accione el Estado (\u2026), [&hellip;]\" \/>\n<meta property=\"og:url\" content=\"https:\/\/www.focus-obs.org\/es\/documents\/defensores-ambientales-de-peru-urgen-por-un-alto-a-la-violencia-y-piden-proteccion\/\" \/>\n<meta property=\"og:site_name\" content=\"Focus: The Observatory On Public Policies For Defenders\" \/>\n<meta property=\"article:modified_time\" content=\"2022-11-04T14:32:48+00:00\" \/>\n<meta name=\"twitter:card\" content=\"summary_large_image\" \/>\n<meta name=\"twitter:label1\" content=\"Tiempo de lectura\" \/>\n\t<meta name=\"twitter:data1\" content=\"1 minuto\" \/>\n<script type=\"application\/ld+json\" class=\"yoast-schema-graph\">{\"@context\":\"https:\\\/\\\/schema.org\",\"@graph\":[{\"@type\":\"WebPage\",\"@id\":\"https:\\\/\\\/www.focus-obs.org\\\/es\\\/documents\\\/defensores-ambientales-de-peru-urgen-por-un-alto-a-la-violencia-y-piden-proteccion\\\/\",\"url\":\"https:\\\/\\\/www.focus-obs.org\\\/es\\\/documents\\\/defensores-ambientales-de-peru-urgen-por-un-alto-a-la-violencia-y-piden-proteccion\\\/\",\"name\":\"Per\u00fa: defensores ambientales urgen por un alto a la violencia y piden protecci\u00f3n - Focus: The Observatory On Public Policies For Defenders\",\"isPartOf\":{\"@id\":\"https:\\\/\\\/www.focus-obs.org\\\/es\\\/#website\"},\"datePublished\":\"2021-11-02T15:55:53+00:00\",\"dateModified\":\"2022-11-04T14:32:48+00:00\",\"breadcrumb\":{\"@id\":\"https:\\\/\\\/www.focus-obs.org\\\/es\\\/documents\\\/defensores-ambientales-de-peru-urgen-por-un-alto-a-la-violencia-y-piden-proteccion\\\/#breadcrumb\"},\"inLanguage\":\"es\",\"potentialAction\":[{\"@type\":\"ReadAction\",\"target\":[\"https:\\\/\\\/www.focus-obs.org\\\/es\\\/documents\\\/defensores-ambientales-de-peru-urgen-por-un-alto-a-la-violencia-y-piden-proteccion\\\/\"]}]},{\"@type\":\"BreadcrumbList\",\"@id\":\"https:\\\/\\\/www.focus-obs.org\\\/es\\\/documents\\\/defensores-ambientales-de-peru-urgen-por-un-alto-a-la-violencia-y-piden-proteccion\\\/#breadcrumb\",\"itemListElement\":[{\"@type\":\"ListItem\",\"position\":1,\"name\":\"Home\",\"item\":\"https:\\\/\\\/www.focus-obs.org\\\/es\\\/\"},{\"@type\":\"ListItem\",\"position\":2,\"name\":\"Documents\",\"item\":\"https:\\\/\\\/www.focus-obs.org\\\/es\\\/documents\\\/\"},{\"@type\":\"ListItem\",\"position\":3,\"name\":\"Per\u00fa: defensores ambientales urgen por un alto a la violencia y piden protecci\u00f3n\"}]},{\"@type\":\"WebSite\",\"@id\":\"https:\\\/\\\/www.focus-obs.org\\\/es\\\/#website\",\"url\":\"https:\\\/\\\/www.focus-obs.org\\\/es\\\/\",\"name\":\"Focus: The Observatory On Public Policies For Defenders\",\"description\":\"The Observatory On Public Policies For Defenders\",\"publisher\":{\"@id\":\"https:\\\/\\\/www.focus-obs.org\\\/es\\\/#organization\"},\"potentialAction\":[{\"@type\":\"SearchAction\",\"target\":{\"@type\":\"EntryPoint\",\"urlTemplate\":\"https:\\\/\\\/www.focus-obs.org\\\/es\\\/?s={search_term_string}\"},\"query-input\":{\"@type\":\"PropertyValueSpecification\",\"valueRequired\":true,\"valueName\":\"search_term_string\"}}],\"inLanguage\":\"es\"},{\"@type\":\"Organization\",\"@id\":\"https:\\\/\\\/www.focus-obs.org\\\/es\\\/#organization\",\"name\":\"Focus: The Observatory On Public Policies For Defenders\",\"url\":\"https:\\\/\\\/www.focus-obs.org\\\/es\\\/\",\"logo\":{\"@type\":\"ImageObject\",\"inLanguage\":\"es\",\"@id\":\"https:\\\/\\\/www.focus-obs.org\\\/es\\\/#\\\/schema\\\/logo\\\/image\\\/\",\"url\":\"https:\\\/\\\/www.focus-obs.org\\\/wp-content\\\/uploads\\\/2021\\\/01\\\/logo-focus-white-on-black-1.png\",\"contentUrl\":\"https:\\\/\\\/www.focus-obs.org\\\/wp-content\\\/uploads\\\/2021\\\/01\\\/logo-focus-white-on-black-1.png\",\"width\":2132,\"height\":735,\"caption\":\"Focus: The Observatory On Public Policies For Defenders\"},\"image\":{\"@id\":\"https:\\\/\\\/www.focus-obs.org\\\/es\\\/#\\\/schema\\\/logo\\\/image\\\/\"}}]}<\/script>\n<!-- \/ Yoast SEO plugin. -->","yoast_head_json":{"title":"Per\u00fa: defensores ambientales urgen por un alto a la violencia y piden protecci\u00f3n - Focus: The Observatory On Public Policies For Defenders","robots":{"index":"index","follow":"follow","max-snippet":"max-snippet:-1","max-image-preview":"max-image-preview:large","max-video-preview":"max-video-preview:-1"},"canonical":"https:\/\/www.focus-obs.org\/es\/documents\/defensores-ambientales-de-peru-urgen-por-un-alto-a-la-violencia-y-piden-proteccion\/","og_locale":"es_ES","og_type":"article","og_title":"Per\u00fa: defensores ambientales urgen por un alto a la violencia y piden protecci\u00f3n - Focus: The Observatory On Public Policies For Defenders","og_description":"\u00abUn grupo de defensores de los derechos humanos y del medioambiente, llegado de diversas regiones del Per\u00fa, se manifest\u00f3 este mi\u00e9rcoles en Lima para exigir un alto a la violencia y demandar al Estado que les garantice protecci\u00f3n. \u00abLo que estamos haciendo ac\u00e1 es haciendo llegar nuestra demanda para que oportunamente accione el Estado (\u2026), [&hellip;]","og_url":"https:\/\/www.focus-obs.org\/es\/documents\/defensores-ambientales-de-peru-urgen-por-un-alto-a-la-violencia-y-piden-proteccion\/","og_site_name":"Focus: The Observatory On Public Policies For Defenders","article_modified_time":"2022-11-04T14:32:48+00:00","twitter_card":"summary_large_image","twitter_misc":{"Tiempo de lectura":"1 minuto"},"schema":{"@context":"https:\/\/schema.org","@graph":[{"@type":"WebPage","@id":"https:\/\/www.focus-obs.org\/es\/documents\/defensores-ambientales-de-peru-urgen-por-un-alto-a-la-violencia-y-piden-proteccion\/","url":"https:\/\/www.focus-obs.org\/es\/documents\/defensores-ambientales-de-peru-urgen-por-un-alto-a-la-violencia-y-piden-proteccion\/","name":"Per\u00fa: defensores ambientales urgen por un alto a la violencia y piden protecci\u00f3n - Focus: The Observatory On Public Policies For Defenders","isPartOf":{"@id":"https:\/\/www.focus-obs.org\/es\/#website"},"datePublished":"2021-11-02T15:55:53+00:00","dateModified":"2022-11-04T14:32:48+00:00","breadcrumb":{"@id":"https:\/\/www.focus-obs.org\/es\/documents\/defensores-ambientales-de-peru-urgen-por-un-alto-a-la-violencia-y-piden-proteccion\/#breadcrumb"},"inLanguage":"es","potentialAction":[{"@type":"ReadAction","target":["https:\/\/www.focus-obs.org\/es\/documents\/defensores-ambientales-de-peru-urgen-por-un-alto-a-la-violencia-y-piden-proteccion\/"]}]},{"@type":"BreadcrumbList","@id":"https:\/\/www.focus-obs.org\/es\/documents\/defensores-ambientales-de-peru-urgen-por-un-alto-a-la-violencia-y-piden-proteccion\/#breadcrumb","itemListElement":[{"@type":"ListItem","position":1,"name":"Home","item":"https:\/\/www.focus-obs.org\/es\/"},{"@type":"ListItem","position":2,"name":"Documents","item":"https:\/\/www.focus-obs.org\/es\/documents\/"},{"@type":"ListItem","position":3,"name":"Per\u00fa: defensores ambientales urgen por un alto a la violencia y piden protecci\u00f3n"}]},{"@type":"WebSite","@id":"https:\/\/www.focus-obs.org\/es\/#website","url":"https:\/\/www.focus-obs.org\/es\/","name":"Focus: The Observatory On Public Policies For Defenders","description":"The Observatory On Public Policies For Defenders","publisher":{"@id":"https:\/\/www.focus-obs.org\/es\/#organization"},"potentialAction":[{"@type":"SearchAction","target":{"@type":"EntryPoint","urlTemplate":"https:\/\/www.focus-obs.org\/es\/?s={search_term_string}"},"query-input":{"@type":"PropertyValueSpecification","valueRequired":true,"valueName":"search_term_string"}}],"inLanguage":"es"},{"@type":"Organization","@id":"https:\/\/www.focus-obs.org\/es\/#organization","name":"Focus: The Observatory On Public Policies For Defenders","url":"https:\/\/www.focus-obs.org\/es\/","logo":{"@type":"ImageObject","inLanguage":"es","@id":"https:\/\/www.focus-obs.org\/es\/#\/schema\/logo\/image\/","url":"https:\/\/www.focus-obs.org\/wp-content\/uploads\/2021\/01\/logo-focus-white-on-black-1.png","contentUrl":"https:\/\/www.focus-obs.org\/wp-content\/uploads\/2021\/01\/logo-focus-white-on-black-1.png","width":2132,"height":735,"caption":"Focus: The Observatory On Public Policies For Defenders"},"image":{"@id":"https:\/\/www.focus-obs.org\/es\/#\/schema\/logo\/image\/"}}]}},"_links":{"self":[{"href":"https:\/\/www.focus-obs.org\/es\/wp-json\/wp\/v2\/documents\/4354","targetHints":{"allow":["GET"]}}],"collection":[{"href":"https:\/\/www.focus-obs.org\/es\/wp-json\/wp\/v2\/documents"}],"about":[{"href":"https:\/\/www.focus-obs.org\/es\/wp-json\/wp\/v2\/types\/documents"}],"version-history":[{"count":7,"href":"https:\/\/www.focus-obs.org\/es\/wp-json\/wp\/v2\/documents\/4354\/revisions"}],"predecessor-version":[{"id":8026,"href":"https:\/\/www.focus-obs.org\/es\/wp-json\/wp\/v2\/documents\/4354\/revisions\/8026"}],"wp:attachment":[{"href":"https:\/\/www.focus-obs.org\/es\/wp-json\/wp\/v2\/media?parent=4354"}],"wp:term":[{"taxonomy":"document-original-language","embeddable":true,"href":"https:\/\/www.focus-obs.org\/es\/wp-json\/wp\/v2\/document-original-language?post=4354"},{"taxonomy":"authorship","embeddable":true,"href":"https:\/\/www.focus-obs.org\/es\/wp-json\/wp\/v2\/authorship?post=4354"},{"taxonomy":"type-of-document","embeddable":true,"href":"https:\/\/www.focus-obs.org\/es\/wp-json\/wp\/v2\/type-of-document?post=4354"},{"taxonomy":"progress","embeddable":true,"href":"https:\/\/www.focus-obs.org\/es\/wp-json\/wp\/v2\/progress?post=4354"},{"taxonomy":"location","embeddable":true,"href":"https:\/\/www.focus-obs.org\/es\/wp-json\/wp\/v2\/location?post=4354"}],"curies":[{"name":"wp","href":"https:\/\/api.w.org\/{rel}","templated":true}]}}

Perú: defensores ambientales urgen por un alto a la violencia y piden protección

<p class="wp-block-paragraph">«Un grupo de defensores de los derechos humanos y del medioambiente, llegado de diversas regiones del Perú, se manifestó este miércoles en Lima para exigir un alto a la violencia y demandar al Estado que les garantice protección.</p>



<p class="wp-block-paragraph">«Lo que estamos haciendo acá es haciendo llegar nuestra demanda para que oportunamente accione el Estado (…), que tome las acciones correspondientes antes de que haya más matanzas o asesinatos», declaró a Efe Agustina Mayán, representante de la Organización de Desarrollo de las Comunidades Fronterizas del Cenepa (Odecofroc).»</p>



<p class="wp-block-paragraph">Encuentren la publicación completa <a href="https://www.laestrella.com.pa/internacional/america/211027/defensores-ambientales-peru-urgen-alto-violencia-piden-proteccion" target="_blank" rel="noreferrer noopener">aquí</a> en espagnol (<a href="https://www.laestrella.com.pa/" target="_blank" rel="noreferrer noopener">La estrella de Panama</a>, recuperado de <a href="https://efe.com/" target="_blank" rel="noreferrer noopener">EFE media</a>).</p>

<!-- This site is optimized with the Yoast SEO plugin v28.4 - https://yoast.com/product/yoast-seo-wordpress/ -->
<title>Perú: defensores ambientales urgen por un alto a la violencia y piden protección - Focus: The Observatory On Public Policies For Defenders</title>
<meta name="robots" content="index, follow, max-snippet:-1, max-image-preview:large, max-video-preview:-1" />
<link rel="canonical" href="https://www.focus-obs.org/es/documents/defensores-ambientales-de-peru-urgen-por-un-alto-a-la-violencia-y-piden-proteccion/" />
<meta property="og:locale" content="es_ES" />
<meta property="og:type" content="article" />
<meta property="og:title" content="Perú: defensores ambientales urgen por un alto a la violencia y piden protección - Focus: The Observatory On Public Policies For Defenders" />
<meta property="og:description" content="«Un grupo de defensores de los derechos humanos y del medioambiente, llegado de diversas regiones del Perú, se manifestó este miércoles en Lima para exigir un alto a la violencia y demandar al Estado que les garantice protección. «Lo que estamos haciendo acá es haciendo llegar nuestra demanda para que oportunamente accione el Estado (…), [&hellip;]" />
<meta property="og:url" content="https://www.focus-obs.org/es/documents/defensores-ambientales-de-peru-urgen-por-un-alto-a-la-violencia-y-piden-proteccion/" />
<meta property="og:site_name" content="Focus: The Observatory On Public Policies For Defenders" />
<meta property="article:modified_time" content="2022-11-04T14:32:48+00:00" />
<meta name="twitter:card" content="summary_large_image" />
<meta name="twitter:label1" content="Tiempo de lectura" />
	<meta name="twitter:data1" content="1 minuto" />
<script type="application/ld+json" class="yoast-schema-graph">{"@context":"https:\/\/schema.org","@graph":[{"@type":"WebPage","@id":"https:\/\/www.focus-obs.org\/es\/documents\/defensores-ambientales-de-peru-urgen-por-un-alto-a-la-violencia-y-piden-proteccion\/","url":"https:\/\/www.focus-obs.org\/es\/documents\/defensores-ambientales-de-peru-urgen-por-un-alto-a-la-violencia-y-piden-proteccion\/","name":"Perú: defensores ambientales urgen por un alto a la violencia y piden protección - Focus: The Observatory On Public Policies For Defenders","isPartOf":{"@id":"https:\/\/www.focus-obs.org\/es\/#website"},"datePublished":"2021-11-02T15:55:53+00:00","dateModified":"2022-11-04T14:32:48+00:00","breadcrumb":{"@id":"https:\/\/www.focus-obs.org\/es\/documents\/defensores-ambientales-de-peru-urgen-por-un-alto-a-la-violencia-y-piden-proteccion\/#breadcrumb"},"inLanguage":"es","potentialAction":[{"@type":"ReadAction","target":["https:\/\/www.focus-obs.org\/es\/documents\/defensores-ambientales-de-peru-urgen-por-un-alto-a-la-violencia-y-piden-proteccion\/"]}]},{"@type":"BreadcrumbList","@id":"https:\/\/www.focus-obs.org\/es\/documents\/defensores-ambientales-de-peru-urgen-por-un-alto-a-la-violencia-y-piden-proteccion\/#breadcrumb","itemListElement":[{"@type":"ListItem","position":1,"name":"Home","item":"https:\/\/www.focus-obs.org\/es\/"},{"@type":"ListItem","position":2,"name":"Documents","item":"https:\/\/www.focus-obs.org\/es\/documents\/"},{"@type":"ListItem","position":3,"name":"Perú: defensores ambientales urgen por un alto a la violencia y piden protección"}]},{"@type":"WebSite","@id":"https:\/\/www.focus-obs.org\/es\/#website","url":"https:\/\/www.focus-obs.org\/es\/","name":"Focus: The Observatory On Public Policies For Defenders","description":"The Observatory On Public Policies For Defenders","publisher":{"@id":"https:\/\/www.focus-obs.org\/es\/#organization"},"potentialAction":[{"@type":"SearchAction","target":{"@type":"EntryPoint","urlTemplate":"https:\/\/www.focus-obs.org\/es\/?s={search_term_string}"},"query-input":{"@type":"PropertyValueSpecification","valueRequired":true,"valueName":"search_term_string"}}],"inLanguage":"es"},{"@type":"Organization","@id":"https:\/\/www.focus-obs.org\/es\/#organization","name":"Focus: The Observatory On Public Policies For Defenders","url":"https:\/\/www.focus-obs.org\/es\/","logo":{"@type":"ImageObject","inLanguage":"es","@id":"https:\/\/www.focus-obs.org\/es\/#\/schema\/logo\/image\/","url":"https:\/\/www.focus-obs.org\/wp-content\/uploads\/2021\/01\/logo-focus-white-on-black-1.png","contentUrl":"https:\/\/www.focus-obs.org\/wp-content\/uploads\/2021\/01\/logo-focus-white-on-black-1.png","width":2132,"height":735,"caption":"Focus: The Observatory On Public Policies For Defenders"},"image":{"@id":"https:\/\/www.focus-obs.org\/es\/#\/schema\/logo\/image\/"}}]}</script>
<!-- / Yoast SEO plugin. -->

Perú: defensores ambientales urgen por un alto a la violencia y piden protección - Focus: The Observatory On Public Policies For Defenders

«Un grupo de defensores de los derechos humanos y del medioambiente, llegado de diversas regiones del Perú, se manifestó este miércoles en Lima para exigir un alto a la violencia y demandar al Estado que les garantice protección. «Lo que estamos haciendo acá es haciendo llegar nuestra demanda para que oportunamente accione el Estado (…), [&hellip;]
