{"id":4315,"date":"2021-11-02T15:37:27","date_gmt":"2021-11-02T14:37:27","guid":{"rendered":"https:\/\/www.focus-obs.org\/?post_type=documents&#038;p=4315"},"modified":"2022-11-07T18:09:45","modified_gmt":"2022-11-07T17:09:45","slug":"peru-nuevo-esfuerzo-para-defender-a-las-personas-defensoras","status":"publish","type":"documents","link":"https:\/\/www.focus-obs.org\/es\/documents\/peru-nuevo-esfuerzo-para-defender-a-las-personas-defensoras\/","title":{"rendered":"Per\u00fa: Nuevo esfuerzo para defender a las personas defensoras"},"content":{"rendered":"\n<p>Per\u00fa ha sido durante mucho tiempo uno de los pa\u00edses m\u00e1s peligrosos del mundo para los y las activistas y l\u00edderes ind\u00edgenas. Al menos 57 activistas medioambientales fueron asesinados all\u00ed entre 2002 y 14, seg\u00fan Global Witness, con la muerte a tiros de cuatro l\u00edderes ind\u00edgenas ashaninkas en la selva de Ucayal.<\/p>\n\n\n\n<p>Este a\u00f1o han sido asesinados\/as tres activistas ind\u00edgenas en Per\u00fa: Herasmo Garc\u00eda Grau y Yenes R\u00edos Bonsano de Ucayali, y Estela Casanto Mauricio de Jun\u00edn, seg\u00fan la Coordinadora de Organizaciones Ind\u00edgenas de la Amazon\u00eda. Forman parte de los 19 ind\u00edgenas asesinados\/as en la regi\u00f3n en 2021.<\/p>\n\n\n\n<p>Los y las activistas de todo el mundo siguen llorando el asesinato de Roberto Pacheco. El hijo de Demetrio Pacheco, de 34 a\u00f1os, fue asesinado a tiros en septiembre de 2020 en el bosque que \u00e9l y su familia protegen de los madereros. Su padre es un l\u00edder del Comit\u00e9 de Gesti\u00f3n Tambopata, que trabaja para oponerse a la miner\u00eda ilegal de oro en la regi\u00f3n de Madre de Dios.<\/p>\n\n\n\n<p>\u00abDurante a\u00f1os, Roberto ayud\u00f3 a su padre a proteger el bosque\u00bb, explica Liliana Jauregui, del Comit\u00e9 Nacional Holand\u00e9s de la Uni\u00f3n Internacional para la Conservaci\u00f3n de la Naturaleza (IUCN). \u00abAmbos plantearon el problema de los intrusos durante a\u00f1os, pero las autoridades no tomaron medidas\u00bb.<\/p>\n\n\n\n<p>La \u00faltima medida oficial para proteger a los y las activistas en Per\u00fa se tom\u00f3 el pasado mes de abril. Un nuevo decreto supremo estableci\u00f3 un sistema de tipo de protecci\u00f3n de los denunciantes conocido como Mecanismo intersectorial de protecci\u00f3n de las personas defensoras de los derechos humanos. El Ministerio de Justicia y Derechos Humanos y otros siete organismos federales supervisan un programa para evitar represalias, intervenir r\u00e1pidamente si alguien est\u00e1 en peligro y proporcionar acceso a la justicia. Las personas en peligro pueden recibir seguridad personal y ser ubicadas en casas de seguridad.<\/p>\n\n\n\n<p>Hasta julio, el Ministerio de Justicia hab\u00eda recibido 15 solicitudes de protecci\u00f3n, m\u00e1s de la mitad procedentes de personas defensoras del medio ambiente o de ind\u00edgenas. Se aprobaron cuatro solicitudes, cuyos detalles se mantienen en secreto para proteger a los y las activistas.<\/p>\n\n\n\n<p>\u00abLas herramientas est\u00e1n ah\u00ed. Ahora hay que hacerlas funcionar efectivamente con recursos y capacidades, para no tener que lamentar m\u00e1s muertes\u00bb, dijo Silvana Baldovino, de la Sociedad Peruana de Derecho Ambiental, en el portal de noticias Actualidad Ambiental. \u00abEste mecanismo nos da esperanza y fuerza para seguir trabajando juntos para proteger y salvaguardar la vida y los derechos de los y las activistas\u00bb.<\/p>\n\n\n\n<p>Daniel S\u00e1nchez, ex funcionario del Ministerio de Justicia que ahora trabaja en el Instituto de Debate y Desarrollo, dijo a Actualidad Ambiental que el Decreto obliga a la polic\u00eda a intervenir r\u00e1pidamente cuando un defensor de los derechos humanos est\u00e1 en peligro. Seg\u00fan el Decreto, los activistas medioambientales y los conservacionistas -incluidos los ind\u00edgenas que protegen sus tierras- son considerados personas defensoras de los derechos humanos.<\/p>\n\n\n\n<p>El Decreto se present\u00f3 en septiembre en el Congreso Mundial de Conservaci\u00f3n de la IUCN, que se celebra cada cuatro a\u00f1os en Marsella. En el evento, al que asistieron 6.000 personas y 3.500 m\u00e1s por Internet, los miembros de la IUCN aprobaron una resoluci\u00f3n sobre la protecci\u00f3n de los y las denunciantes y las personas defensoras del medio ambiente y los derechos humanos. Esto sigui\u00f3 a las cuatro resoluciones de la IUCN aprobadas en enero en apoyo de los programas de recompensa a los y las denunciantes, y de la protecci\u00f3n, la habilitaci\u00f3n y la incentivaci\u00f3n de los denunciantes de la vida silvestre y los recursos naturales.<\/p>\n\n\n\n<p>El profesor de la Universidad de Ginebra Peter Larsen destac\u00f3 en el Congreso de la IUCN el creciente problema de las amenazas a los y las activistas. Seg\u00fan la encuesta mundial realizada por Larson entre 249 miembros de la IUCN, un tercio de los encuestados afirm\u00f3 que el trabajo de conservaci\u00f3n se ha vuelto menos seguro. La mitad de los encuestados de las ONG de Europa del Este y Asia del Norte\/Central afirmaron haber sido atacados, amenazados o intimidados, seg\u00fan la encuesta.<\/p>\n\n\n\n<p>Encuentren el art\u00edculo original <a href=\"http:\/\/whistleblowersblog.org\/global-whistleblowers\/shields-up-perus-new-effort-to-defend-the-defenders\/\" target=\"_blank\" rel=\"noreferrer noopener\">aqu\u00ed<\/a> en ingl\u00e9s (<a href=\"https:\/\/whistleblowersblog.org\/\" target=\"_blank\" rel=\"noreferrer noopener\">Whistleblower Network News<\/a>). <\/p>\n","protected":false},"template":"","document-original-language":[350],"authorship":[138],"type-of-document":[145],"progress":[],"location":[169,268],"class_list":["post-4315","documents","type-documents","status-publish","hentry","document-original-language-en-es","authorship-prensa","type-of-document-noticia","location-americas","location-peru"],"_links":{"self":[{"href":"https:\/\/www.focus-obs.org\/es\/wp-json\/wp\/v2\/documents\/4315","targetHints":{"allow":["GET"]}}],"collection":[{"href":"https:\/\/www.focus-obs.org\/es\/wp-json\/wp\/v2\/documents"}],"about":[{"href":"https:\/\/www.focus-obs.org\/es\/wp-json\/wp\/v2\/types\/documents"}],"version-history":[{"count":3,"href":"https:\/\/www.focus-obs.org\/es\/wp-json\/wp\/v2\/documents\/4315\/revisions"}],"predecessor-version":[{"id":8386,"href":"https:\/\/www.focus-obs.org\/es\/wp-json\/wp\/v2\/documents\/4315\/revisions\/8386"}],"wp:attachment":[{"href":"https:\/\/www.focus-obs.org\/es\/wp-json\/wp\/v2\/media?parent=4315"}],"wp:term":[{"taxonomy":"document-original-language","embeddable":true,"href":"https:\/\/www.focus-obs.org\/es\/wp-json\/wp\/v2\/document-original-language?post=4315"},{"taxonomy":"authorship","embeddable":true,"href":"https:\/\/www.focus-obs.org\/es\/wp-json\/wp\/v2\/authorship?post=4315"},{"taxonomy":"type-of-document","embeddable":true,"href":"https:\/\/www.focus-obs.org\/es\/wp-json\/wp\/v2\/type-of-document?post=4315"},{"taxonomy":"progress","embeddable":true,"href":"https:\/\/www.focus-obs.org\/es\/wp-json\/wp\/v2\/progress?post=4315"},{"taxonomy":"location","embeddable":true,"href":"https:\/\/www.focus-obs.org\/es\/wp-json\/wp\/v2\/location?post=4315"}],"curies":[{"name":"wp","href":"https:\/\/api.w.org\/{rel}","templated":true}]}}

Perú: Nuevo esfuerzo para defender a las personas defensoras

<p>Perú ha sido durante mucho tiempo uno de los países más peligrosos del mundo para los y las activistas y líderes indígenas. Al menos 57 activistas medioambientales fueron asesinados allí entre 2002 y 14, según Global Witness, con la muerte a tiros de cuatro líderes indígenas ashaninkas en la selva de Ucayal.</p>



<p>Este año han sido asesinados/as tres activistas indígenas en Perú: Herasmo García Grau y Yenes Ríos Bonsano de Ucayali, y Estela Casanto Mauricio de Junín, según la Coordinadora de Organizaciones Indígenas de la Amazonía. Forman parte de los 19 indígenas asesinados/as en la región en 2021.</p>



<p>Los y las activistas de todo el mundo siguen llorando el asesinato de Roberto Pacheco. El hijo de Demetrio Pacheco, de 34 años, fue asesinado a tiros en septiembre de 2020 en el bosque que él y su familia protegen de los madereros. Su padre es un líder del Comité de Gestión Tambopata, que trabaja para oponerse a la minería ilegal de oro en la región de Madre de Dios.</p>



<p>«Durante años, Roberto ayudó a su padre a proteger el bosque», explica Liliana Jauregui, del Comité Nacional Holandés de la Unión Internacional para la Conservación de la Naturaleza (IUCN). «Ambos plantearon el problema de los intrusos durante años, pero las autoridades no tomaron medidas».</p>



<p>La última medida oficial para proteger a los y las activistas en Perú se tomó el pasado mes de abril. Un nuevo decreto supremo estableció un sistema de tipo de protección de los denunciantes conocido como Mecanismo intersectorial de protección de las personas defensoras de los derechos humanos. El Ministerio de Justicia y Derechos Humanos y otros siete organismos federales supervisan un programa para evitar represalias, intervenir rápidamente si alguien está en peligro y proporcionar acceso a la justicia. Las personas en peligro pueden recibir seguridad personal y ser ubicadas en casas de seguridad.</p>



<p>Hasta julio, el Ministerio de Justicia había recibido 15 solicitudes de protección, más de la mitad procedentes de personas defensoras del medio ambiente o de indígenas. Se aprobaron cuatro solicitudes, cuyos detalles se mantienen en secreto para proteger a los y las activistas.</p>



<p>«Las herramientas están ahí. Ahora hay que hacerlas funcionar efectivamente con recursos y capacidades, para no tener que lamentar más muertes», dijo Silvana Baldovino, de la Sociedad Peruana de Derecho Ambiental, en el portal de noticias Actualidad Ambiental. «Este mecanismo nos da esperanza y fuerza para seguir trabajando juntos para proteger y salvaguardar la vida y los derechos de los y las activistas».</p>



<p>Daniel Sánchez, ex funcionario del Ministerio de Justicia que ahora trabaja en el Instituto de Debate y Desarrollo, dijo a Actualidad Ambiental que el Decreto obliga a la policía a intervenir rápidamente cuando un defensor de los derechos humanos está en peligro. Según el Decreto, los activistas medioambientales y los conservacionistas -incluidos los indígenas que protegen sus tierras- son considerados personas defensoras de los derechos humanos.</p>



<p>El Decreto se presentó en septiembre en el Congreso Mundial de Conservación de la IUCN, que se celebra cada cuatro años en Marsella. En el evento, al que asistieron 6.000 personas y 3.500 más por Internet, los miembros de la IUCN aprobaron una resolución sobre la protección de los y las denunciantes y las personas defensoras del medio ambiente y los derechos humanos. Esto siguió a las cuatro resoluciones de la IUCN aprobadas en enero en apoyo de los programas de recompensa a los y las denunciantes, y de la protección, la habilitación y la incentivación de los denunciantes de la vida silvestre y los recursos naturales.</p>



<p>El profesor de la Universidad de Ginebra Peter Larsen destacó en el Congreso de la IUCN el creciente problema de las amenazas a los y las activistas. Según la encuesta mundial realizada por Larson entre 249 miembros de la IUCN, un tercio de los encuestados afirmó que el trabajo de conservación se ha vuelto menos seguro. La mitad de los encuestados de las ONG de Europa del Este y Asia del Norte/Central afirmaron haber sido atacados, amenazados o intimidados, según la encuesta.</p>



<p>Encuentren el artículo original <a href="http://whistleblowersblog.org/global-whistleblowers/shields-up-perus-new-effort-to-defend-the-defenders/" target="_blank" rel="noreferrer noopener">aquí</a> en inglés (<a href="https://whistleblowersblog.org/" target="_blank" rel="noreferrer noopener">Whistleblower Network News</a>). </p>
