{"id":3159,"date":"2021-06-18T13:07:43","date_gmt":"2021-06-18T11:07:43","guid":{"rendered":"https:\/\/www.focus-obs.org\/documents\/la-onu-pide-que-se-apruebe-una-ley-de-proteccion-de-las-defensoras\/"},"modified":"2022-11-08T16:05:32","modified_gmt":"2022-11-08T15:05:32","slug":"la-onu-pide-que-se-apruebe-una-ley-de-proteccion-de-las-defensoras","status":"publish","type":"documents","link":"https:\/\/www.focus-obs.org\/es\/documents\/la-onu-pide-que-se-apruebe-una-ley-de-proteccion-de-las-defensoras\/","title":{"rendered":"Rep\u00fablica del Congo: La ONU pide la adopci\u00f3n de una ley de protecci\u00f3n de las defensoras"},"content":{"rendered":"\n<p class=\"wp-block-paragraph\"><strong>ISHR y su socio Rencontre pour la Paix et les Droits de l&#8217;Homme (RPDH) se congratulan de <a href=\"https:\/\/tbinternet.ohchr.org\/Treaties\/CEDAW\/Shared%20Documents\/COG\/CEDAW_C_COG_CO_7_29749_E.docx\" target=\"_blank\" rel=\"noreferrer noopener\">las recomendaciones<\/a> adoptadas por el Comit\u00e9 para la Eliminaci\u00f3n de la Discriminaci\u00f3n contra la Mujer en las que se pide al Congo Brazzaville que adopte una ley para proteger a las defensoras.<\/strong><\/p>\n\n\n\n<p class=\"wp-block-paragraph\">Encuentre el documento completo aqu\u00ed en ingl\u00e9s y franc\u00e9s (<a href=\"http:\/\/www.ishr.ch\/news\/republique-du-congo-lonu-demande-ladoption-dune-loi-sur-la-protection-des-femmes-defenseures\" data-type=\"URL\" data-id=\"http:\/\/www.ishr.ch\/news\/republique-du-congo-lonu-demande-ladoption-dune-loi-sur-la-protection-des-femmes-defenseures\" target=\"_blank\" rel=\"noreferrer noopener\"><a href=\"http:\/\/Service international pour les droits de l'homme\" target=\"_blank\" rel=\"noreferrer noopener\">ISHR<\/a><\/a>). <\/p>\n","protected":false},"template":"","document-original-language":[355],"authorship":[139],"type-of-document":[145],"progress":[],"location":[186,289],"class_list":["post-3159","documents","type-documents","status-publish","hentry","document-original-language-fr-es","authorship-sociedad-civil-y-mundo-academico","type-of-document-noticia","location-africa","location-republica-del-congo"],"yoast_head":"<!-- This site is optimized with the Yoast SEO plugin v28.4 - https:\/\/yoast.com\/product\/yoast-seo-wordpress\/ -->\n<title>Rep\u00fablica del Congo: La ONU pide la adopci\u00f3n de una ley de protecci\u00f3n de las defensoras - Focus: The Observatory On Public Policies For Defenders<\/title>\n<meta name=\"robots\" content=\"index, follow, max-snippet:-1, max-image-preview:large, max-video-preview:-1\" \/>\n<link rel=\"canonical\" href=\"https:\/\/www.focus-obs.org\/es\/documents\/la-onu-pide-que-se-apruebe-una-ley-de-proteccion-de-las-defensoras\/\" \/>\n<meta property=\"og:locale\" content=\"es_ES\" \/>\n<meta property=\"og:type\" content=\"article\" \/>\n<meta property=\"og:title\" content=\"Rep\u00fablica del Congo: La ONU pide la adopci\u00f3n de una ley de protecci\u00f3n de las defensoras - Focus: The Observatory On Public Policies For Defenders\" \/>\n<meta property=\"og:description\" content=\"ISHR y su socio Rencontre pour la Paix et les Droits de l&#8217;Homme (RPDH) se congratulan de las recomendaciones adoptadas por el Comit\u00e9 para la Eliminaci\u00f3n de la Discriminaci\u00f3n contra la Mujer en las que se pide al Congo Brazzaville que adopte una ley para proteger a las defensoras. Encuentre el documento completo aqu\u00ed en [&hellip;]\" \/>\n<meta property=\"og:url\" content=\"https:\/\/www.focus-obs.org\/es\/documents\/la-onu-pide-que-se-apruebe-una-ley-de-proteccion-de-las-defensoras\/\" \/>\n<meta property=\"og:site_name\" content=\"Focus: The Observatory On Public Policies For Defenders\" \/>\n<meta property=\"article:modified_time\" content=\"2022-11-08T15:05:32+00:00\" \/>\n<meta name=\"twitter:card\" content=\"summary_large_image\" \/>\n<script type=\"application\/ld+json\" class=\"yoast-schema-graph\">{\"@context\":\"https:\\\/\\\/schema.org\",\"@graph\":[{\"@type\":\"WebPage\",\"@id\":\"https:\\\/\\\/www.focus-obs.org\\\/es\\\/documents\\\/la-onu-pide-que-se-apruebe-una-ley-de-proteccion-de-las-defensoras\\\/\",\"url\":\"https:\\\/\\\/www.focus-obs.org\\\/es\\\/documents\\\/la-onu-pide-que-se-apruebe-una-ley-de-proteccion-de-las-defensoras\\\/\",\"name\":\"Rep\u00fablica del Congo: La ONU pide la adopci\u00f3n de una ley de protecci\u00f3n de las defensoras - Focus: The Observatory On Public Policies For Defenders\",\"isPartOf\":{\"@id\":\"https:\\\/\\\/www.focus-obs.org\\\/es\\\/#website\"},\"datePublished\":\"2021-06-18T11:07:43+00:00\",\"dateModified\":\"2022-11-08T15:05:32+00:00\",\"breadcrumb\":{\"@id\":\"https:\\\/\\\/www.focus-obs.org\\\/es\\\/documents\\\/la-onu-pide-que-se-apruebe-una-ley-de-proteccion-de-las-defensoras\\\/#breadcrumb\"},\"inLanguage\":\"es\",\"potentialAction\":[{\"@type\":\"ReadAction\",\"target\":[\"https:\\\/\\\/www.focus-obs.org\\\/es\\\/documents\\\/la-onu-pide-que-se-apruebe-una-ley-de-proteccion-de-las-defensoras\\\/\"]}]},{\"@type\":\"BreadcrumbList\",\"@id\":\"https:\\\/\\\/www.focus-obs.org\\\/es\\\/documents\\\/la-onu-pide-que-se-apruebe-una-ley-de-proteccion-de-las-defensoras\\\/#breadcrumb\",\"itemListElement\":[{\"@type\":\"ListItem\",\"position\":1,\"name\":\"Home\",\"item\":\"https:\\\/\\\/www.focus-obs.org\\\/es\\\/\"},{\"@type\":\"ListItem\",\"position\":2,\"name\":\"Documents\",\"item\":\"https:\\\/\\\/www.focus-obs.org\\\/es\\\/documents\\\/\"},{\"@type\":\"ListItem\",\"position\":3,\"name\":\"Rep\u00fablica del Congo: La ONU pide la adopci\u00f3n de una ley de protecci\u00f3n de las defensoras\"}]},{\"@type\":\"WebSite\",\"@id\":\"https:\\\/\\\/www.focus-obs.org\\\/es\\\/#website\",\"url\":\"https:\\\/\\\/www.focus-obs.org\\\/es\\\/\",\"name\":\"Focus: The Observatory On Public Policies For Defenders\",\"description\":\"The Observatory On Public Policies For Defenders\",\"publisher\":{\"@id\":\"https:\\\/\\\/www.focus-obs.org\\\/es\\\/#organization\"},\"potentialAction\":[{\"@type\":\"SearchAction\",\"target\":{\"@type\":\"EntryPoint\",\"urlTemplate\":\"https:\\\/\\\/www.focus-obs.org\\\/es\\\/?s={search_term_string}\"},\"query-input\":{\"@type\":\"PropertyValueSpecification\",\"valueRequired\":true,\"valueName\":\"search_term_string\"}}],\"inLanguage\":\"es\"},{\"@type\":\"Organization\",\"@id\":\"https:\\\/\\\/www.focus-obs.org\\\/es\\\/#organization\",\"name\":\"Focus: The Observatory On Public Policies For Defenders\",\"url\":\"https:\\\/\\\/www.focus-obs.org\\\/es\\\/\",\"logo\":{\"@type\":\"ImageObject\",\"inLanguage\":\"es\",\"@id\":\"https:\\\/\\\/www.focus-obs.org\\\/es\\\/#\\\/schema\\\/logo\\\/image\\\/\",\"url\":\"https:\\\/\\\/www.focus-obs.org\\\/wp-content\\\/uploads\\\/2021\\\/01\\\/logo-focus-white-on-black-1.png\",\"contentUrl\":\"https:\\\/\\\/www.focus-obs.org\\\/wp-content\\\/uploads\\\/2021\\\/01\\\/logo-focus-white-on-black-1.png\",\"width\":2132,\"height\":735,\"caption\":\"Focus: The Observatory On Public Policies For Defenders\"},\"image\":{\"@id\":\"https:\\\/\\\/www.focus-obs.org\\\/es\\\/#\\\/schema\\\/logo\\\/image\\\/\"}}]}<\/script>\n<!-- \/ Yoast SEO plugin. -->","yoast_head_json":{"title":"Rep\u00fablica del Congo: La ONU pide la adopci\u00f3n de una ley de protecci\u00f3n de las defensoras - Focus: The Observatory On Public Policies For Defenders","robots":{"index":"index","follow":"follow","max-snippet":"max-snippet:-1","max-image-preview":"max-image-preview:large","max-video-preview":"max-video-preview:-1"},"canonical":"https:\/\/www.focus-obs.org\/es\/documents\/la-onu-pide-que-se-apruebe-una-ley-de-proteccion-de-las-defensoras\/","og_locale":"es_ES","og_type":"article","og_title":"Rep\u00fablica del Congo: La ONU pide la adopci\u00f3n de una ley de protecci\u00f3n de las defensoras - Focus: The Observatory On Public Policies For Defenders","og_description":"ISHR y su socio Rencontre pour la Paix et les Droits de l&#8217;Homme (RPDH) se congratulan de las recomendaciones adoptadas por el Comit\u00e9 para la Eliminaci\u00f3n de la Discriminaci\u00f3n contra la Mujer en las que se pide al Congo Brazzaville que adopte una ley para proteger a las defensoras. Encuentre el documento completo aqu\u00ed en [&hellip;]","og_url":"https:\/\/www.focus-obs.org\/es\/documents\/la-onu-pide-que-se-apruebe-una-ley-de-proteccion-de-las-defensoras\/","og_site_name":"Focus: The Observatory On Public Policies For Defenders","article_modified_time":"2022-11-08T15:05:32+00:00","twitter_card":"summary_large_image","schema":{"@context":"https:\/\/schema.org","@graph":[{"@type":"WebPage","@id":"https:\/\/www.focus-obs.org\/es\/documents\/la-onu-pide-que-se-apruebe-una-ley-de-proteccion-de-las-defensoras\/","url":"https:\/\/www.focus-obs.org\/es\/documents\/la-onu-pide-que-se-apruebe-una-ley-de-proteccion-de-las-defensoras\/","name":"Rep\u00fablica del Congo: La ONU pide la adopci\u00f3n de una ley de protecci\u00f3n de las defensoras - Focus: The Observatory On Public Policies For Defenders","isPartOf":{"@id":"https:\/\/www.focus-obs.org\/es\/#website"},"datePublished":"2021-06-18T11:07:43+00:00","dateModified":"2022-11-08T15:05:32+00:00","breadcrumb":{"@id":"https:\/\/www.focus-obs.org\/es\/documents\/la-onu-pide-que-se-apruebe-una-ley-de-proteccion-de-las-defensoras\/#breadcrumb"},"inLanguage":"es","potentialAction":[{"@type":"ReadAction","target":["https:\/\/www.focus-obs.org\/es\/documents\/la-onu-pide-que-se-apruebe-una-ley-de-proteccion-de-las-defensoras\/"]}]},{"@type":"BreadcrumbList","@id":"https:\/\/www.focus-obs.org\/es\/documents\/la-onu-pide-que-se-apruebe-una-ley-de-proteccion-de-las-defensoras\/#breadcrumb","itemListElement":[{"@type":"ListItem","position":1,"name":"Home","item":"https:\/\/www.focus-obs.org\/es\/"},{"@type":"ListItem","position":2,"name":"Documents","item":"https:\/\/www.focus-obs.org\/es\/documents\/"},{"@type":"ListItem","position":3,"name":"Rep\u00fablica del Congo: La ONU pide la adopci\u00f3n de una ley de protecci\u00f3n de las defensoras"}]},{"@type":"WebSite","@id":"https:\/\/www.focus-obs.org\/es\/#website","url":"https:\/\/www.focus-obs.org\/es\/","name":"Focus: The Observatory On Public Policies For Defenders","description":"The Observatory On Public Policies For Defenders","publisher":{"@id":"https:\/\/www.focus-obs.org\/es\/#organization"},"potentialAction":[{"@type":"SearchAction","target":{"@type":"EntryPoint","urlTemplate":"https:\/\/www.focus-obs.org\/es\/?s={search_term_string}"},"query-input":{"@type":"PropertyValueSpecification","valueRequired":true,"valueName":"search_term_string"}}],"inLanguage":"es"},{"@type":"Organization","@id":"https:\/\/www.focus-obs.org\/es\/#organization","name":"Focus: The Observatory On Public Policies For Defenders","url":"https:\/\/www.focus-obs.org\/es\/","logo":{"@type":"ImageObject","inLanguage":"es","@id":"https:\/\/www.focus-obs.org\/es\/#\/schema\/logo\/image\/","url":"https:\/\/www.focus-obs.org\/wp-content\/uploads\/2021\/01\/logo-focus-white-on-black-1.png","contentUrl":"https:\/\/www.focus-obs.org\/wp-content\/uploads\/2021\/01\/logo-focus-white-on-black-1.png","width":2132,"height":735,"caption":"Focus: The Observatory On Public Policies For Defenders"},"image":{"@id":"https:\/\/www.focus-obs.org\/es\/#\/schema\/logo\/image\/"}}]}},"_links":{"self":[{"href":"https:\/\/www.focus-obs.org\/es\/wp-json\/wp\/v2\/documents\/3159","targetHints":{"allow":["GET"]}}],"collection":[{"href":"https:\/\/www.focus-obs.org\/es\/wp-json\/wp\/v2\/documents"}],"about":[{"href":"https:\/\/www.focus-obs.org\/es\/wp-json\/wp\/v2\/types\/documents"}],"version-history":[{"count":4,"href":"https:\/\/www.focus-obs.org\/es\/wp-json\/wp\/v2\/documents\/3159\/revisions"}],"predecessor-version":[{"id":8524,"href":"https:\/\/www.focus-obs.org\/es\/wp-json\/wp\/v2\/documents\/3159\/revisions\/8524"}],"wp:attachment":[{"href":"https:\/\/www.focus-obs.org\/es\/wp-json\/wp\/v2\/media?parent=3159"}],"wp:term":[{"taxonomy":"document-original-language","embeddable":true,"href":"https:\/\/www.focus-obs.org\/es\/wp-json\/wp\/v2\/document-original-language?post=3159"},{"taxonomy":"authorship","embeddable":true,"href":"https:\/\/www.focus-obs.org\/es\/wp-json\/wp\/v2\/authorship?post=3159"},{"taxonomy":"type-of-document","embeddable":true,"href":"https:\/\/www.focus-obs.org\/es\/wp-json\/wp\/v2\/type-of-document?post=3159"},{"taxonomy":"progress","embeddable":true,"href":"https:\/\/www.focus-obs.org\/es\/wp-json\/wp\/v2\/progress?post=3159"},{"taxonomy":"location","embeddable":true,"href":"https:\/\/www.focus-obs.org\/es\/wp-json\/wp\/v2\/location?post=3159"}],"curies":[{"name":"wp","href":"https:\/\/api.w.org\/{rel}","templated":true}]}}

República del Congo: La ONU pide la adopción de una ley de protección de las defensoras

<p class="wp-block-paragraph"><strong>ISHR y su socio Rencontre pour la Paix et les Droits de l&#8217;Homme (RPDH) se congratulan de <a href="https://tbinternet.ohchr.org/Treaties/CEDAW/Shared%20Documents/COG/CEDAW_C_COG_CO_7_29749_E.docx" target="_blank" rel="noreferrer noopener">las recomendaciones</a> adoptadas por el Comité para la Eliminación de la Discriminación contra la Mujer en las que se pide al Congo Brazzaville que adopte una ley para proteger a las defensoras.</strong></p>



<p class="wp-block-paragraph">Encuentre el documento completo aquí en inglés y francés (<a href="http://www.ishr.ch/news/republique-du-congo-lonu-demande-ladoption-dune-loi-sur-la-protection-des-femmes-defenseures" data-type="URL" data-id="http://www.ishr.ch/news/republique-du-congo-lonu-demande-ladoption-dune-loi-sur-la-protection-des-femmes-defenseures" target="_blank" rel="noreferrer noopener"><a href="http://Service international pour les droits de l'homme" target="_blank" rel="noreferrer noopener">ISHR</a></a>). </p>

<!-- This site is optimized with the Yoast SEO plugin v28.4 - https://yoast.com/product/yoast-seo-wordpress/ -->
<title>República del Congo: La ONU pide la adopción de una ley de protección de las defensoras - Focus: The Observatory On Public Policies For Defenders</title>
<meta name="robots" content="index, follow, max-snippet:-1, max-image-preview:large, max-video-preview:-1" />
<link rel="canonical" href="https://www.focus-obs.org/es/documents/la-onu-pide-que-se-apruebe-una-ley-de-proteccion-de-las-defensoras/" />
<meta property="og:locale" content="es_ES" />
<meta property="og:type" content="article" />
<meta property="og:title" content="República del Congo: La ONU pide la adopción de una ley de protección de las defensoras - Focus: The Observatory On Public Policies For Defenders" />
<meta property="og:description" content="ISHR y su socio Rencontre pour la Paix et les Droits de l&#8217;Homme (RPDH) se congratulan de las recomendaciones adoptadas por el Comité para la Eliminación de la Discriminación contra la Mujer en las que se pide al Congo Brazzaville que adopte una ley para proteger a las defensoras. Encuentre el documento completo aquí en [&hellip;]" />
<meta property="og:url" content="https://www.focus-obs.org/es/documents/la-onu-pide-que-se-apruebe-una-ley-de-proteccion-de-las-defensoras/" />
<meta property="og:site_name" content="Focus: The Observatory On Public Policies For Defenders" />
<meta property="article:modified_time" content="2022-11-08T15:05:32+00:00" />
<meta name="twitter:card" content="summary_large_image" />
<script type="application/ld+json" class="yoast-schema-graph">{"@context":"https:\/\/schema.org","@graph":[{"@type":"WebPage","@id":"https:\/\/www.focus-obs.org\/es\/documents\/la-onu-pide-que-se-apruebe-una-ley-de-proteccion-de-las-defensoras\/","url":"https:\/\/www.focus-obs.org\/es\/documents\/la-onu-pide-que-se-apruebe-una-ley-de-proteccion-de-las-defensoras\/","name":"República del Congo: La ONU pide la adopción de una ley de protección de las defensoras - Focus: The Observatory On Public Policies For Defenders","isPartOf":{"@id":"https:\/\/www.focus-obs.org\/es\/#website"},"datePublished":"2021-06-18T11:07:43+00:00","dateModified":"2022-11-08T15:05:32+00:00","breadcrumb":{"@id":"https:\/\/www.focus-obs.org\/es\/documents\/la-onu-pide-que-se-apruebe-una-ley-de-proteccion-de-las-defensoras\/#breadcrumb"},"inLanguage":"es","potentialAction":[{"@type":"ReadAction","target":["https:\/\/www.focus-obs.org\/es\/documents\/la-onu-pide-que-se-apruebe-una-ley-de-proteccion-de-las-defensoras\/"]}]},{"@type":"BreadcrumbList","@id":"https:\/\/www.focus-obs.org\/es\/documents\/la-onu-pide-que-se-apruebe-una-ley-de-proteccion-de-las-defensoras\/#breadcrumb","itemListElement":[{"@type":"ListItem","position":1,"name":"Home","item":"https:\/\/www.focus-obs.org\/es\/"},{"@type":"ListItem","position":2,"name":"Documents","item":"https:\/\/www.focus-obs.org\/es\/documents\/"},{"@type":"ListItem","position":3,"name":"República del Congo: La ONU pide la adopción de una ley de protección de las defensoras"}]},{"@type":"WebSite","@id":"https:\/\/www.focus-obs.org\/es\/#website","url":"https:\/\/www.focus-obs.org\/es\/","name":"Focus: The Observatory On Public Policies For Defenders","description":"The Observatory On Public Policies For Defenders","publisher":{"@id":"https:\/\/www.focus-obs.org\/es\/#organization"},"potentialAction":[{"@type":"SearchAction","target":{"@type":"EntryPoint","urlTemplate":"https:\/\/www.focus-obs.org\/es\/?s={search_term_string}"},"query-input":{"@type":"PropertyValueSpecification","valueRequired":true,"valueName":"search_term_string"}}],"inLanguage":"es"},{"@type":"Organization","@id":"https:\/\/www.focus-obs.org\/es\/#organization","name":"Focus: The Observatory On Public Policies For Defenders","url":"https:\/\/www.focus-obs.org\/es\/","logo":{"@type":"ImageObject","inLanguage":"es","@id":"https:\/\/www.focus-obs.org\/es\/#\/schema\/logo\/image\/","url":"https:\/\/www.focus-obs.org\/wp-content\/uploads\/2021\/01\/logo-focus-white-on-black-1.png","contentUrl":"https:\/\/www.focus-obs.org\/wp-content\/uploads\/2021\/01\/logo-focus-white-on-black-1.png","width":2132,"height":735,"caption":"Focus: The Observatory On Public Policies For Defenders"},"image":{"@id":"https:\/\/www.focus-obs.org\/es\/#\/schema\/logo\/image\/"}}]}</script>
<!-- / Yoast SEO plugin. -->

República del Congo: La ONU pide la adopción de una ley de protección de las defensoras - Focus: The Observatory On Public Policies For Defenders

ISHR y su socio Rencontre pour la Paix et les Droits de l&#8217;Homme (RPDH) se congratulan de las recomendaciones adoptadas por el Comité para la Eliminación de la Discriminación contra la Mujer en las que se pide al Congo Brazzaville que adopte una ley para proteger a las defensoras. Encuentre el documento completo aquí en [&hellip;]
