{"id":1902,"date":"2021-05-31T12:54:50","date_gmt":"2021-05-31T10:54:50","guid":{"rendered":"https:\/\/www.focus-obs.org\/documents\/la-situacion-de-los-defensores-de-los-derechos-humanos-en-sudafrica\/"},"modified":"2022-11-08T15:54:29","modified_gmt":"2022-11-08T14:54:29","slug":"sudafrica-la-situacion-de-las-personas-defensoras-de-los-derechos-humanos","status":"publish","type":"documents","link":"https:\/\/www.focus-obs.org\/es\/documents\/sudafrica-la-situacion-de-las-personas-defensoras-de-los-derechos-humanos\/","title":{"rendered":"Sud\u00e1frica: La situaci\u00f3n de las personas defensoras de los derechos humanos"},"content":{"rendered":"\n<p class=\"wp-block-paragraph\">En abril de 2018, la Comisi\u00f3n Sudafricana de Derechos Humanos (SAHRC) public\u00f3 <em>The Status of Human Rights Defenders in South Africa<\/em>, un informe sobre la protecci\u00f3n de los derechos humanos en Sud\u00e1frica. El informe pretende ofrecer una visi\u00f3n general de los retos a los que se enfrentan las personas defensoras de los derechos humanos en Sud\u00e1frica, as\u00ed como identificar las lagunas en la protecci\u00f3n, los fallos legales y morales del contexto sudafricano y destacar las funciones y responsabilidades de los distintos actores para proteger a las personas defensoras.<\/p>\n\n\n\n<p class=\"wp-block-paragraph\">Encuentren el documento original <a href=\"https:\/\/www.google.com\/url?sa=t&amp;rct=j&amp;q=&amp;esrc=s&amp;source=web&amp;cd=&amp;cad=rja&amp;uact=8&amp;ved=2ahUKEwjA65n65sjvAhVSt3EKHRcdCy4QFjAAegQIBBAD&amp;url=https%3A%2F%2Fwww.sahrc.org.za%2Fhome%2F21%2Ffiles%2FHuman%2520Rights%2520Defenders%2520Publication.pdf&amp;usg=AOvVaw2QnSowIGekyWpyknh1NEJq\" data-type=\"URL\" data-id=\"https:\/\/www.google.com\/url?sa=t&amp;rct=j&amp;q=&amp;esrc=s&amp;source=web&amp;cd=&amp;cad=rja&amp;uact=8&amp;ved=2ahUKEwjA65n65sjvAhVSt3EKHRcdCy4QFjAAegQIBBAD&amp;url=https%3A%2F%2Fwww.sahrc.org.za%2Fhome%2F21%2Ffiles%2FHuman%2520Rights%2520Defenders%2520Publication.pdf&amp;usg=AOvVaw2QnSowIGekyWpyknh1NEJq\" target=\"_blank\" rel=\"noreferrer noopener\">aqu\u00ed<\/a> en ingl\u00e9s (<a href=\"http:\/\/www.sahrc.org.za\" target=\"_blank\" rel=\"noreferrer noopener\">South African Human Rights Commission (SAHRC)<\/a>) o de manera alternativa <a href=\"https:\/\/ohchr.org\/Documents\/Issues\/CivicSpace\/20Anniversary\/12.NHRI_SouthAfrica.pdf\" data-type=\"URL\" data-id=\"https:\/\/ohchr.org\/Documents\/Issues\/CivicSpace\/20Anniversary\/12.NHRI_SouthAfrica.pdf\" target=\"_blank\" rel=\"noreferrer noopener\">aqu\u00ed<\/a> (<a href=\"https:\/\/www.ohchr.org\/en\/about-us\" target=\"_blank\" rel=\"noreferrer noopener\">OHCHR<\/a>)<\/p>\n","protected":false},"template":"","document-original-language":[350],"authorship":[139],"type-of-document":[144],"progress":[],"location":[186,233],"class_list":["post-1902","documents","type-documents","status-publish","hentry","document-original-language-en-es","authorship-sociedad-civil-y-mundo-academico","type-of-document-d-estudio-o-analisis","location-africa","location-sudafrica"],"yoast_head":"<!-- This site is optimized with the Yoast SEO plugin v28.4 - https:\/\/yoast.com\/product\/yoast-seo-wordpress\/ -->\n<title>Sud\u00e1frica: La situaci\u00f3n de las personas defensoras de los derechos humanos - Focus: The Observatory On Public Policies For Defenders<\/title>\n<meta name=\"robots\" content=\"index, follow, max-snippet:-1, max-image-preview:large, max-video-preview:-1\" \/>\n<link rel=\"canonical\" href=\"https:\/\/www.focus-obs.org\/es\/documents\/sudafrica-la-situacion-de-las-personas-defensoras-de-los-derechos-humanos\/\" \/>\n<meta property=\"og:locale\" content=\"es_ES\" \/>\n<meta property=\"og:type\" content=\"article\" \/>\n<meta property=\"og:title\" content=\"Sud\u00e1frica: La situaci\u00f3n de las personas defensoras de los derechos humanos - Focus: The Observatory On Public Policies For Defenders\" \/>\n<meta property=\"og:description\" content=\"En abril de 2018, la Comisi\u00f3n Sudafricana de Derechos Humanos (SAHRC) public\u00f3 The Status of Human Rights Defenders in South Africa, un informe sobre la protecci\u00f3n de los derechos humanos en Sud\u00e1frica. El informe pretende ofrecer una visi\u00f3n general de los retos a los que se enfrentan las personas defensoras de los derechos humanos en [&hellip;]\" \/>\n<meta property=\"og:url\" content=\"https:\/\/www.focus-obs.org\/es\/documents\/sudafrica-la-situacion-de-las-personas-defensoras-de-los-derechos-humanos\/\" \/>\n<meta property=\"og:site_name\" content=\"Focus: The Observatory On Public Policies For Defenders\" \/>\n<meta property=\"article:modified_time\" content=\"2022-11-08T14:54:29+00:00\" \/>\n<meta name=\"twitter:card\" content=\"summary_large_image\" \/>\n<meta name=\"twitter:label1\" content=\"Tiempo de lectura\" \/>\n\t<meta name=\"twitter:data1\" content=\"1 minuto\" \/>\n<script type=\"application\/ld+json\" class=\"yoast-schema-graph\">{\"@context\":\"https:\\\/\\\/schema.org\",\"@graph\":[{\"@type\":\"WebPage\",\"@id\":\"https:\\\/\\\/www.focus-obs.org\\\/es\\\/documents\\\/sudafrica-la-situacion-de-las-personas-defensoras-de-los-derechos-humanos\\\/\",\"url\":\"https:\\\/\\\/www.focus-obs.org\\\/es\\\/documents\\\/sudafrica-la-situacion-de-las-personas-defensoras-de-los-derechos-humanos\\\/\",\"name\":\"Sud\u00e1frica: La situaci\u00f3n de las personas defensoras de los derechos humanos - Focus: The Observatory On Public Policies For Defenders\",\"isPartOf\":{\"@id\":\"https:\\\/\\\/www.focus-obs.org\\\/es\\\/#website\"},\"datePublished\":\"2021-05-31T10:54:50+00:00\",\"dateModified\":\"2022-11-08T14:54:29+00:00\",\"breadcrumb\":{\"@id\":\"https:\\\/\\\/www.focus-obs.org\\\/es\\\/documents\\\/sudafrica-la-situacion-de-las-personas-defensoras-de-los-derechos-humanos\\\/#breadcrumb\"},\"inLanguage\":\"es\",\"potentialAction\":[{\"@type\":\"ReadAction\",\"target\":[\"https:\\\/\\\/www.focus-obs.org\\\/es\\\/documents\\\/sudafrica-la-situacion-de-las-personas-defensoras-de-los-derechos-humanos\\\/\"]}]},{\"@type\":\"BreadcrumbList\",\"@id\":\"https:\\\/\\\/www.focus-obs.org\\\/es\\\/documents\\\/sudafrica-la-situacion-de-las-personas-defensoras-de-los-derechos-humanos\\\/#breadcrumb\",\"itemListElement\":[{\"@type\":\"ListItem\",\"position\":1,\"name\":\"Home\",\"item\":\"https:\\\/\\\/www.focus-obs.org\\\/es\\\/\"},{\"@type\":\"ListItem\",\"position\":2,\"name\":\"Documents\",\"item\":\"https:\\\/\\\/www.focus-obs.org\\\/es\\\/documents\\\/\"},{\"@type\":\"ListItem\",\"position\":3,\"name\":\"Sud\u00e1frica: La situaci\u00f3n de las personas defensoras de los derechos humanos\"}]},{\"@type\":\"WebSite\",\"@id\":\"https:\\\/\\\/www.focus-obs.org\\\/es\\\/#website\",\"url\":\"https:\\\/\\\/www.focus-obs.org\\\/es\\\/\",\"name\":\"Focus: The Observatory On Public Policies For Defenders\",\"description\":\"The Observatory On Public Policies For Defenders\",\"publisher\":{\"@id\":\"https:\\\/\\\/www.focus-obs.org\\\/es\\\/#organization\"},\"potentialAction\":[{\"@type\":\"SearchAction\",\"target\":{\"@type\":\"EntryPoint\",\"urlTemplate\":\"https:\\\/\\\/www.focus-obs.org\\\/es\\\/?s={search_term_string}\"},\"query-input\":{\"@type\":\"PropertyValueSpecification\",\"valueRequired\":true,\"valueName\":\"search_term_string\"}}],\"inLanguage\":\"es\"},{\"@type\":\"Organization\",\"@id\":\"https:\\\/\\\/www.focus-obs.org\\\/es\\\/#organization\",\"name\":\"Focus: The Observatory On Public Policies For Defenders\",\"url\":\"https:\\\/\\\/www.focus-obs.org\\\/es\\\/\",\"logo\":{\"@type\":\"ImageObject\",\"inLanguage\":\"es\",\"@id\":\"https:\\\/\\\/www.focus-obs.org\\\/es\\\/#\\\/schema\\\/logo\\\/image\\\/\",\"url\":\"https:\\\/\\\/www.focus-obs.org\\\/wp-content\\\/uploads\\\/2021\\\/01\\\/logo-focus-white-on-black-1.png\",\"contentUrl\":\"https:\\\/\\\/www.focus-obs.org\\\/wp-content\\\/uploads\\\/2021\\\/01\\\/logo-focus-white-on-black-1.png\",\"width\":2132,\"height\":735,\"caption\":\"Focus: The Observatory On Public Policies For Defenders\"},\"image\":{\"@id\":\"https:\\\/\\\/www.focus-obs.org\\\/es\\\/#\\\/schema\\\/logo\\\/image\\\/\"}}]}<\/script>\n<!-- \/ Yoast SEO plugin. -->","yoast_head_json":{"title":"Sud\u00e1frica: La situaci\u00f3n de las personas defensoras de los derechos humanos - Focus: The Observatory On Public Policies For Defenders","robots":{"index":"index","follow":"follow","max-snippet":"max-snippet:-1","max-image-preview":"max-image-preview:large","max-video-preview":"max-video-preview:-1"},"canonical":"https:\/\/www.focus-obs.org\/es\/documents\/sudafrica-la-situacion-de-las-personas-defensoras-de-los-derechos-humanos\/","og_locale":"es_ES","og_type":"article","og_title":"Sud\u00e1frica: La situaci\u00f3n de las personas defensoras de los derechos humanos - Focus: The Observatory On Public Policies For Defenders","og_description":"En abril de 2018, la Comisi\u00f3n Sudafricana de Derechos Humanos (SAHRC) public\u00f3 The Status of Human Rights Defenders in South Africa, un informe sobre la protecci\u00f3n de los derechos humanos en Sud\u00e1frica. El informe pretende ofrecer una visi\u00f3n general de los retos a los que se enfrentan las personas defensoras de los derechos humanos en [&hellip;]","og_url":"https:\/\/www.focus-obs.org\/es\/documents\/sudafrica-la-situacion-de-las-personas-defensoras-de-los-derechos-humanos\/","og_site_name":"Focus: The Observatory On Public Policies For Defenders","article_modified_time":"2022-11-08T14:54:29+00:00","twitter_card":"summary_large_image","twitter_misc":{"Tiempo de lectura":"1 minuto"},"schema":{"@context":"https:\/\/schema.org","@graph":[{"@type":"WebPage","@id":"https:\/\/www.focus-obs.org\/es\/documents\/sudafrica-la-situacion-de-las-personas-defensoras-de-los-derechos-humanos\/","url":"https:\/\/www.focus-obs.org\/es\/documents\/sudafrica-la-situacion-de-las-personas-defensoras-de-los-derechos-humanos\/","name":"Sud\u00e1frica: La situaci\u00f3n de las personas defensoras de los derechos humanos - Focus: The Observatory On Public Policies For Defenders","isPartOf":{"@id":"https:\/\/www.focus-obs.org\/es\/#website"},"datePublished":"2021-05-31T10:54:50+00:00","dateModified":"2022-11-08T14:54:29+00:00","breadcrumb":{"@id":"https:\/\/www.focus-obs.org\/es\/documents\/sudafrica-la-situacion-de-las-personas-defensoras-de-los-derechos-humanos\/#breadcrumb"},"inLanguage":"es","potentialAction":[{"@type":"ReadAction","target":["https:\/\/www.focus-obs.org\/es\/documents\/sudafrica-la-situacion-de-las-personas-defensoras-de-los-derechos-humanos\/"]}]},{"@type":"BreadcrumbList","@id":"https:\/\/www.focus-obs.org\/es\/documents\/sudafrica-la-situacion-de-las-personas-defensoras-de-los-derechos-humanos\/#breadcrumb","itemListElement":[{"@type":"ListItem","position":1,"name":"Home","item":"https:\/\/www.focus-obs.org\/es\/"},{"@type":"ListItem","position":2,"name":"Documents","item":"https:\/\/www.focus-obs.org\/es\/documents\/"},{"@type":"ListItem","position":3,"name":"Sud\u00e1frica: La situaci\u00f3n de las personas defensoras de los derechos humanos"}]},{"@type":"WebSite","@id":"https:\/\/www.focus-obs.org\/es\/#website","url":"https:\/\/www.focus-obs.org\/es\/","name":"Focus: The Observatory On Public Policies For Defenders","description":"The Observatory On Public Policies For Defenders","publisher":{"@id":"https:\/\/www.focus-obs.org\/es\/#organization"},"potentialAction":[{"@type":"SearchAction","target":{"@type":"EntryPoint","urlTemplate":"https:\/\/www.focus-obs.org\/es\/?s={search_term_string}"},"query-input":{"@type":"PropertyValueSpecification","valueRequired":true,"valueName":"search_term_string"}}],"inLanguage":"es"},{"@type":"Organization","@id":"https:\/\/www.focus-obs.org\/es\/#organization","name":"Focus: The Observatory On Public Policies For Defenders","url":"https:\/\/www.focus-obs.org\/es\/","logo":{"@type":"ImageObject","inLanguage":"es","@id":"https:\/\/www.focus-obs.org\/es\/#\/schema\/logo\/image\/","url":"https:\/\/www.focus-obs.org\/wp-content\/uploads\/2021\/01\/logo-focus-white-on-black-1.png","contentUrl":"https:\/\/www.focus-obs.org\/wp-content\/uploads\/2021\/01\/logo-focus-white-on-black-1.png","width":2132,"height":735,"caption":"Focus: The Observatory On Public Policies For Defenders"},"image":{"@id":"https:\/\/www.focus-obs.org\/es\/#\/schema\/logo\/image\/"}}]}},"_links":{"self":[{"href":"https:\/\/www.focus-obs.org\/es\/wp-json\/wp\/v2\/documents\/1902","targetHints":{"allow":["GET"]}}],"collection":[{"href":"https:\/\/www.focus-obs.org\/es\/wp-json\/wp\/v2\/documents"}],"about":[{"href":"https:\/\/www.focus-obs.org\/es\/wp-json\/wp\/v2\/types\/documents"}],"version-history":[{"count":3,"href":"https:\/\/www.focus-obs.org\/es\/wp-json\/wp\/v2\/documents\/1902\/revisions"}],"predecessor-version":[{"id":8504,"href":"https:\/\/www.focus-obs.org\/es\/wp-json\/wp\/v2\/documents\/1902\/revisions\/8504"}],"wp:attachment":[{"href":"https:\/\/www.focus-obs.org\/es\/wp-json\/wp\/v2\/media?parent=1902"}],"wp:term":[{"taxonomy":"document-original-language","embeddable":true,"href":"https:\/\/www.focus-obs.org\/es\/wp-json\/wp\/v2\/document-original-language?post=1902"},{"taxonomy":"authorship","embeddable":true,"href":"https:\/\/www.focus-obs.org\/es\/wp-json\/wp\/v2\/authorship?post=1902"},{"taxonomy":"type-of-document","embeddable":true,"href":"https:\/\/www.focus-obs.org\/es\/wp-json\/wp\/v2\/type-of-document?post=1902"},{"taxonomy":"progress","embeddable":true,"href":"https:\/\/www.focus-obs.org\/es\/wp-json\/wp\/v2\/progress?post=1902"},{"taxonomy":"location","embeddable":true,"href":"https:\/\/www.focus-obs.org\/es\/wp-json\/wp\/v2\/location?post=1902"}],"curies":[{"name":"wp","href":"https:\/\/api.w.org\/{rel}","templated":true}]}}

Sudáfrica: La situación de las personas defensoras de los derechos humanos

<p class="wp-block-paragraph">En abril de 2018, la Comisión Sudafricana de Derechos Humanos (SAHRC) publicó <em>The Status of Human Rights Defenders in South Africa</em>, un informe sobre la protección de los derechos humanos en Sudáfrica. El informe pretende ofrecer una visión general de los retos a los que se enfrentan las personas defensoras de los derechos humanos en Sudáfrica, así como identificar las lagunas en la protección, los fallos legales y morales del contexto sudafricano y destacar las funciones y responsabilidades de los distintos actores para proteger a las personas defensoras.</p>



<p class="wp-block-paragraph">Encuentren el documento original <a href="https://www.google.com/url?sa=t&amp;rct=j&amp;q=&amp;esrc=s&amp;source=web&amp;cd=&amp;cad=rja&amp;uact=8&amp;ved=2ahUKEwjA65n65sjvAhVSt3EKHRcdCy4QFjAAegQIBBAD&amp;url=https%3A%2F%2Fwww.sahrc.org.za%2Fhome%2F21%2Ffiles%2FHuman%2520Rights%2520Defenders%2520Publication.pdf&amp;usg=AOvVaw2QnSowIGekyWpyknh1NEJq" data-type="URL" data-id="https://www.google.com/url?sa=t&amp;rct=j&amp;q=&amp;esrc=s&amp;source=web&amp;cd=&amp;cad=rja&amp;uact=8&amp;ved=2ahUKEwjA65n65sjvAhVSt3EKHRcdCy4QFjAAegQIBBAD&amp;url=https%3A%2F%2Fwww.sahrc.org.za%2Fhome%2F21%2Ffiles%2FHuman%2520Rights%2520Defenders%2520Publication.pdf&amp;usg=AOvVaw2QnSowIGekyWpyknh1NEJq" target="_blank" rel="noreferrer noopener">aquí</a> en inglés (<a href="http://www.sahrc.org.za" target="_blank" rel="noreferrer noopener">South African Human Rights Commission (SAHRC)</a>) o de manera alternativa <a href="https://ohchr.org/Documents/Issues/CivicSpace/20Anniversary/12.NHRI_SouthAfrica.pdf" data-type="URL" data-id="https://ohchr.org/Documents/Issues/CivicSpace/20Anniversary/12.NHRI_SouthAfrica.pdf" target="_blank" rel="noreferrer noopener">aquí</a> (<a href="https://www.ohchr.org/en/about-us" target="_blank" rel="noreferrer noopener">OHCHR</a>)</p>

<!-- This site is optimized with the Yoast SEO plugin v28.4 - https://yoast.com/product/yoast-seo-wordpress/ -->
<title>Sudáfrica: La situación de las personas defensoras de los derechos humanos - Focus: The Observatory On Public Policies For Defenders</title>
<meta name="robots" content="index, follow, max-snippet:-1, max-image-preview:large, max-video-preview:-1" />
<link rel="canonical" href="https://www.focus-obs.org/es/documents/sudafrica-la-situacion-de-las-personas-defensoras-de-los-derechos-humanos/" />
<meta property="og:locale" content="es_ES" />
<meta property="og:type" content="article" />
<meta property="og:title" content="Sudáfrica: La situación de las personas defensoras de los derechos humanos - Focus: The Observatory On Public Policies For Defenders" />
<meta property="og:description" content="En abril de 2018, la Comisión Sudafricana de Derechos Humanos (SAHRC) publicó The Status of Human Rights Defenders in South Africa, un informe sobre la protección de los derechos humanos en Sudáfrica. El informe pretende ofrecer una visión general de los retos a los que se enfrentan las personas defensoras de los derechos humanos en [&hellip;]" />
<meta property="og:url" content="https://www.focus-obs.org/es/documents/sudafrica-la-situacion-de-las-personas-defensoras-de-los-derechos-humanos/" />
<meta property="og:site_name" content="Focus: The Observatory On Public Policies For Defenders" />
<meta property="article:modified_time" content="2022-11-08T14:54:29+00:00" />
<meta name="twitter:card" content="summary_large_image" />
<meta name="twitter:label1" content="Tiempo de lectura" />
	<meta name="twitter:data1" content="1 minuto" />
<script type="application/ld+json" class="yoast-schema-graph">{"@context":"https:\/\/schema.org","@graph":[{"@type":"WebPage","@id":"https:\/\/www.focus-obs.org\/es\/documents\/sudafrica-la-situacion-de-las-personas-defensoras-de-los-derechos-humanos\/","url":"https:\/\/www.focus-obs.org\/es\/documents\/sudafrica-la-situacion-de-las-personas-defensoras-de-los-derechos-humanos\/","name":"Sudáfrica: La situación de las personas defensoras de los derechos humanos - Focus: The Observatory On Public Policies For Defenders","isPartOf":{"@id":"https:\/\/www.focus-obs.org\/es\/#website"},"datePublished":"2021-05-31T10:54:50+00:00","dateModified":"2022-11-08T14:54:29+00:00","breadcrumb":{"@id":"https:\/\/www.focus-obs.org\/es\/documents\/sudafrica-la-situacion-de-las-personas-defensoras-de-los-derechos-humanos\/#breadcrumb"},"inLanguage":"es","potentialAction":[{"@type":"ReadAction","target":["https:\/\/www.focus-obs.org\/es\/documents\/sudafrica-la-situacion-de-las-personas-defensoras-de-los-derechos-humanos\/"]}]},{"@type":"BreadcrumbList","@id":"https:\/\/www.focus-obs.org\/es\/documents\/sudafrica-la-situacion-de-las-personas-defensoras-de-los-derechos-humanos\/#breadcrumb","itemListElement":[{"@type":"ListItem","position":1,"name":"Home","item":"https:\/\/www.focus-obs.org\/es\/"},{"@type":"ListItem","position":2,"name":"Documents","item":"https:\/\/www.focus-obs.org\/es\/documents\/"},{"@type":"ListItem","position":3,"name":"Sudáfrica: La situación de las personas defensoras de los derechos humanos"}]},{"@type":"WebSite","@id":"https:\/\/www.focus-obs.org\/es\/#website","url":"https:\/\/www.focus-obs.org\/es\/","name":"Focus: The Observatory On Public Policies For Defenders","description":"The Observatory On Public Policies For Defenders","publisher":{"@id":"https:\/\/www.focus-obs.org\/es\/#organization"},"potentialAction":[{"@type":"SearchAction","target":{"@type":"EntryPoint","urlTemplate":"https:\/\/www.focus-obs.org\/es\/?s={search_term_string}"},"query-input":{"@type":"PropertyValueSpecification","valueRequired":true,"valueName":"search_term_string"}}],"inLanguage":"es"},{"@type":"Organization","@id":"https:\/\/www.focus-obs.org\/es\/#organization","name":"Focus: The Observatory On Public Policies For Defenders","url":"https:\/\/www.focus-obs.org\/es\/","logo":{"@type":"ImageObject","inLanguage":"es","@id":"https:\/\/www.focus-obs.org\/es\/#\/schema\/logo\/image\/","url":"https:\/\/www.focus-obs.org\/wp-content\/uploads\/2021\/01\/logo-focus-white-on-black-1.png","contentUrl":"https:\/\/www.focus-obs.org\/wp-content\/uploads\/2021\/01\/logo-focus-white-on-black-1.png","width":2132,"height":735,"caption":"Focus: The Observatory On Public Policies For Defenders"},"image":{"@id":"https:\/\/www.focus-obs.org\/es\/#\/schema\/logo\/image\/"}}]}</script>
<!-- / Yoast SEO plugin. -->

Sudáfrica: La situación de las personas defensoras de los derechos humanos - Focus: The Observatory On Public Policies For Defenders

En abril de 2018, la Comisión Sudafricana de Derechos Humanos (SAHRC) publicó The Status of Human Rights Defenders in South Africa, un informe sobre la protección de los derechos humanos en Sudáfrica. El informe pretende ofrecer una visión general de los retos a los que se enfrentan las personas defensoras de los derechos humanos en [&hellip;]
