{"id":1839,"date":"2021-05-28T10:31:41","date_gmt":"2021-05-28T08:31:41","guid":{"rendered":"https:\/\/www.focus-obs.org\/?post_type=documents&#038;p=1839"},"modified":"2023-02-28T16:51:54","modified_gmt":"2023-02-28T15:51:54","slug":"en-busqueda-de-proteccion-un-libro-que-ayuda-a-periodistas-y-personas-defensoras-de-derechos-humanos","status":"publish","type":"documents","link":"https:\/\/www.focus-obs.org\/es\/documents\/en-busqueda-de-proteccion-un-libro-que-ayuda-a-periodistas-y-personas-defensoras-de-derechos-humanos\/","title":{"rendered":"Mexico: En B\u00fasqueda de Protecci\u00f3n, un libro que ayuda a periodistas y personas defensoras de derechos humanos"},"content":{"rendered":"\n<p>En esta obra, el Centro de Investigaci\u00f3n y Capacitaci\u00f3n Propuesta C\u00edvica (CIC Propuesta C\u00edvica), presenta de manera puntual los aspectos de mayor relevancia sobre el Mecanismo de Protecci\u00f3n para Personas Defensoras de Derechos Humanos y Periodistas (Mecanismo Federal), y es una gu\u00eda para que cualquier persona interesada en el tema pueda aproximarse al mismo con facilidad, en especial aquellas personas que buscan ser protegidas por el Mecanismo o que actualmente son beneficiarias del mismo.<\/p>\n\n\n\n<p>La publicaci\u00f3n original sol\u00eda ser accesible <a href=\"https:\/\/propuestacivica.org.mx\/proyecto\/en-busqueda-de-proteccion-un-libro-que-ayuda-a-periodistas-y-personas-defensoras-de-derechos-humanos#image-65\" target=\"_blank\" rel=\"noreferrer noopener\">aqu\u00ed<\/a> en espa\u00f1ol (<a href=\"https:\/\/propuestacivica.org.mx\/\" target=\"_blank\" rel=\"noreferrer noopener\">Propuesta C\u00edvica<\/a>). Ahora parece inaccesible por razones desconocidas.<\/p>\n","protected":false},"template":"","document-original-language":[352],"authorship":[139],"type-of-document":[144],"progress":[],"location":[169,228],"class_list":["post-1839","documents","type-documents","status-publish","hentry","document-original-language-es-es","authorship-sociedad-civil-y-mundo-academico","type-of-document-d-estudio-o-analisis","location-americas","location-mexico"],"_links":{"self":[{"href":"https:\/\/www.focus-obs.org\/es\/wp-json\/wp\/v2\/documents\/1839","targetHints":{"allow":["GET"]}}],"collection":[{"href":"https:\/\/www.focus-obs.org\/es\/wp-json\/wp\/v2\/documents"}],"about":[{"href":"https:\/\/www.focus-obs.org\/es\/wp-json\/wp\/v2\/types\/documents"}],"version-history":[{"count":2,"href":"https:\/\/www.focus-obs.org\/es\/wp-json\/wp\/v2\/documents\/1839\/revisions"}],"predecessor-version":[{"id":7660,"href":"https:\/\/www.focus-obs.org\/es\/wp-json\/wp\/v2\/documents\/1839\/revisions\/7660"}],"wp:attachment":[{"href":"https:\/\/www.focus-obs.org\/es\/wp-json\/wp\/v2\/media?parent=1839"}],"wp:term":[{"taxonomy":"document-original-language","embeddable":true,"href":"https:\/\/www.focus-obs.org\/es\/wp-json\/wp\/v2\/document-original-language?post=1839"},{"taxonomy":"authorship","embeddable":true,"href":"https:\/\/www.focus-obs.org\/es\/wp-json\/wp\/v2\/authorship?post=1839"},{"taxonomy":"type-of-document","embeddable":true,"href":"https:\/\/www.focus-obs.org\/es\/wp-json\/wp\/v2\/type-of-document?post=1839"},{"taxonomy":"progress","embeddable":true,"href":"https:\/\/www.focus-obs.org\/es\/wp-json\/wp\/v2\/progress?post=1839"},{"taxonomy":"location","embeddable":true,"href":"https:\/\/www.focus-obs.org\/es\/wp-json\/wp\/v2\/location?post=1839"}],"curies":[{"name":"wp","href":"https:\/\/api.w.org\/{rel}","templated":true}]}}

Mexico: En Búsqueda de Protección, un libro que ayuda a periodistas y personas defensoras de derechos humanos

<p>En esta obra, el Centro de Investigación y Capacitación Propuesta Cívica (CIC Propuesta Cívica), presenta de manera puntual los aspectos de mayor relevancia sobre el Mecanismo de Protección para Personas Defensoras de Derechos Humanos y Periodistas (Mecanismo Federal), y es una guía para que cualquier persona interesada en el tema pueda aproximarse al mismo con facilidad, en especial aquellas personas que buscan ser protegidas por el Mecanismo o que actualmente son beneficiarias del mismo.</p>



<p>La publicación original solía ser accesible <a href="https://propuestacivica.org.mx/proyecto/en-busqueda-de-proteccion-un-libro-que-ayuda-a-periodistas-y-personas-defensoras-de-derechos-humanos#image-65" target="_blank" rel="noreferrer noopener">aquí</a> en español (<a href="https://propuestacivica.org.mx/" target="_blank" rel="noreferrer noopener">Propuesta Cívica</a>). Ahora parece inaccesible por razones desconocidas.</p>
