{"id":1393,"date":"2021-05-05T16:46:02","date_gmt":"2021-05-05T14:46:02","guid":{"rendered":"https:\/\/www.focus-obs.org\/?post_type=documents&#038;p=1393"},"modified":"2022-09-01T17:06:21","modified_gmt":"2022-09-01T15:06:21","slug":"la-politica-publica-de-proteccion-de-los-defensores-de-los-derechos-humanos-en-brasil","status":"publish","type":"documents","link":"https:\/\/www.focus-obs.org\/es\/documents\/la-politica-publica-de-proteccion-de-los-defensores-de-los-derechos-humanos-en-brasil\/","title":{"rendered":"Brasil: Estudio sobre la pol\u00edtica p\u00fablica de protecci\u00f3n de las personas defensoras de los derechos humanos por Ulisses Neto"},"content":{"rendered":"\n<p><strong>Ulisses Terto Neto, abogado brasile\u00f1o de derechos humanos e investigador y profesor de derecho de la Universidad Estatal de Goi\u00e1s (UEG), comenta la pol\u00edtica p\u00fablica de protecci\u00f3n de las personas defensoras de los derechos humanos (DDHs o personas defensoras) existente en Brasil. Neto comparti\u00f3 con nosotros esta breve nota en torno a los mecanismos de protecci\u00f3n brasile\u00f1os para <strong>las personas defensoras <\/strong>de los derechos humanos, que contiene una versi\u00f3n de los hechos sobre el desarrollo de la pol\u00edtica p\u00fablica de protecci\u00f3n de <strong>las personas defensoras <\/strong>en Brasil.<\/strong><\/p>\n\n\n\n<p>\u00abLa aplicaci\u00f3n de la Pol\u00edtica Nacional de Protecci\u00f3n de las personas Defensoras de los Derechos Humanos (PNPDDH), se ha producido a trav\u00e9s de un proceso tortuoso en Brasil. Aunque el gobierno federal la ha apoyado formalmente desde 2004, nunca ha habido suficiente voluntad pol\u00edtica por parte de las autoridades estatales para aplicarla plenamente. [\u2026] Por lo tanto, no cabe duda de que las personas defensoras de los derechos humanos brasile\u00f1os deben continuar sus luchas sociales por la democracia, los derechos humanos y la justicia social, no s\u00f3lo para hacer frente al autoritarismo social, sino tambi\u00e9n para construir una cultura nacional de derechos humanos. Por eso deben ser protegidos por el Estado y la sociedad civil organizada en su conjunto\u00bb.<\/p>\n\n\n\n<p>Ulisses ha publicado numerosos art\u00edculos sobre las pol\u00edticas de protecci\u00f3n de las personas defensoras en Brasil y otros pa\u00edses de Am\u00e9rica Latina. Para un an\u00e1lisis completo de la historia pol\u00edtica del PPPHRD ver Ulisses Terto Neto, <em>The Protection<\/em> <em>of Human Rights Defenders in Latin America: A Legal and Socio-Political Analysis of Brazil<\/em> (2018). <\/p>\n\n\n\n<p>Encuentre una lista completa de publicaciones de Ulisses Terto Neto <a href=\"https:\/\/www.researchgate.net\/profile\/Ulisses-Terto-Neto-2\" target=\"_blank\" rel=\"noreferrer noopener\">aqu\u00ed<\/a>.<\/p>\n","protected":false},"template":"","document-original-language":[350],"authorship":[139],"type-of-document":[88,144],"progress":[],"location":[169,216],"class_list":["post-1393","documents","type-documents","status-publish","hentry","document-original-language-en-es","authorship-sociedad-civil-y-mundo-academico","type-of-document-paper-or-analysis","type-of-document-d-estudio-o-analisis","location-americas","location-brasil"],"_links":{"self":[{"href":"https:\/\/www.focus-obs.org\/es\/wp-json\/wp\/v2\/documents\/1393","targetHints":{"allow":["GET"]}}],"collection":[{"href":"https:\/\/www.focus-obs.org\/es\/wp-json\/wp\/v2\/documents"}],"about":[{"href":"https:\/\/www.focus-obs.org\/es\/wp-json\/wp\/v2\/types\/documents"}],"version-history":[{"count":3,"href":"https:\/\/www.focus-obs.org\/es\/wp-json\/wp\/v2\/documents\/1393\/revisions"}],"predecessor-version":[{"id":6739,"href":"https:\/\/www.focus-obs.org\/es\/wp-json\/wp\/v2\/documents\/1393\/revisions\/6739"}],"wp:attachment":[{"href":"https:\/\/www.focus-obs.org\/es\/wp-json\/wp\/v2\/media?parent=1393"}],"wp:term":[{"taxonomy":"document-original-language","embeddable":true,"href":"https:\/\/www.focus-obs.org\/es\/wp-json\/wp\/v2\/document-original-language?post=1393"},{"taxonomy":"authorship","embeddable":true,"href":"https:\/\/www.focus-obs.org\/es\/wp-json\/wp\/v2\/authorship?post=1393"},{"taxonomy":"type-of-document","embeddable":true,"href":"https:\/\/www.focus-obs.org\/es\/wp-json\/wp\/v2\/type-of-document?post=1393"},{"taxonomy":"progress","embeddable":true,"href":"https:\/\/www.focus-obs.org\/es\/wp-json\/wp\/v2\/progress?post=1393"},{"taxonomy":"location","embeddable":true,"href":"https:\/\/www.focus-obs.org\/es\/wp-json\/wp\/v2\/location?post=1393"}],"curies":[{"name":"wp","href":"https:\/\/api.w.org\/{rel}","templated":true}]}}

Brasil: Estudio sobre la política pública de protección de las personas defensoras de los derechos humanos por Ulisses Neto

<p><strong>Ulisses Terto Neto, abogado brasileño de derechos humanos e investigador y profesor de derecho de la Universidad Estatal de Goiás (UEG), comenta la política pública de protección de las personas defensoras de los derechos humanos (DDHs o personas defensoras) existente en Brasil. Neto compartió con nosotros esta breve nota en torno a los mecanismos de protección brasileños para <strong>las personas defensoras </strong>de los derechos humanos, que contiene una versión de los hechos sobre el desarrollo de la política pública de protección de <strong>las personas defensoras </strong>en Brasil.</strong></p>



<p>«La aplicación de la Política Nacional de Protección de las personas Defensoras de los Derechos Humanos (PNPDDH), se ha producido a través de un proceso tortuoso en Brasil. Aunque el gobierno federal la ha apoyado formalmente desde 2004, nunca ha habido suficiente voluntad política por parte de las autoridades estatales para aplicarla plenamente. […] Por lo tanto, no cabe duda de que las personas defensoras de los derechos humanos brasileños deben continuar sus luchas sociales por la democracia, los derechos humanos y la justicia social, no sólo para hacer frente al autoritarismo social, sino también para construir una cultura nacional de derechos humanos. Por eso deben ser protegidos por el Estado y la sociedad civil organizada en su conjunto».</p>



<p>Ulisses ha publicado numerosos artículos sobre las políticas de protección de las personas defensoras en Brasil y otros países de América Latina. Para un análisis completo de la historia política del PPPHRD ver Ulisses Terto Neto, <em>The Protection</em> <em>of Human Rights Defenders in Latin America: A Legal and Socio-Political Analysis of Brazil</em> (2018). </p>



<p>Encuentre una lista completa de publicaciones de Ulisses Terto Neto <a href="https://www.researchgate.net/profile/Ulisses-Terto-Neto-2" target="_blank" rel="noreferrer noopener">aquí</a>.</p>
