{"id":12340,"date":"2023-10-27T14:10:00","date_gmt":"2023-10-27T12:10:00","guid":{"rendered":"https:\/\/www.focus-obs.org\/?post_type=documents&#038;p=12340"},"modified":"2025-10-27T14:43:35","modified_gmt":"2025-10-27T13:43:35","slug":"analisis-a-la-politica-publica-de-proteccion-a-personas-defensoras-en-riesgo","status":"publish","type":"documents","link":"https:\/\/www.focus-obs.org\/es\/documents\/analisis-a-la-politica-publica-de-proteccion-a-personas-defensoras-en-riesgo\/","title":{"rendered":"An\u00e1lisis a la pol\u00edtica p\u00fablica de protecci\u00f3n a personas defensoras en riesgo"},"content":{"rendered":"\n<p>Informe de la Contralor\u00eda a la pol\u00edtica p\u00fablica de protecci\u00f3n a personas defensoras en riesgo &#8211; Colombia<\/p>\n\n\n\n<p>El presente estudio sectorial tiene como objetivo analizar el dise\u00f1o e implementaci\u00f3n de la pol\u00edtica p\u00fablica de protecci\u00f3n a personas en riesgo, en el periodo entre 2019 y 2022. Consta de tres cap\u00edtulos: el primero, presenta un estado del arte sobre la violencia contra defensores de derechos humanos y l\u00edderes sociales en Colombia, a partir de la revisi\u00f3n de estudios acad\u00e9micos que identifican los principales factores que han influido en esta problem\u00e1tica y el papel del Estado frente a los mismos. <\/p>\n\n\n\n<p><\/p>\n\n\n\n<p>El segundo, contiene el marco normativo y de pol\u00edtica p\u00fablica, en el cual se describen y analizan los mecanismos e instancias institucionales vigentes, se revisan las estrategias y acciones propuestas en los \u00faltimos dos planes nacionales de desarrollo, al igual que sentencias de la Corte Constitucional, y pronunciamientos de organismos del Sistema Interamericano de Derechos Humanos (SIDH), sobre el cumplimiento de los compromisos del Estado colombiano para garantizar la vida e integridad de esta poblaci\u00f3n.<\/p>\n\n\n\n<p><\/p>\n\n\n\n<p>El tercero, da cuenta del an\u00e1lisis de la eficacia y eficiencia en la asignaci\u00f3n e implementaci\u00f3n de medidas de protecci\u00f3n; aqu\u00ed se examinan las solicitudes presentadas por personas y colectivos, las evaluaciones de riesgo realizadas y el otorgamiento de dichas medidas. Posteriormente, se calculan los costos de las medidas para cada una de las poblaciones objetivo de la pol\u00edtica y se determina si existe una relaci\u00f3n con los niveles de riesgo. Por \u00faltimo, se presentan las conclusiones del estudio.<\/p>\n\n\n\n<p><\/p>\n","protected":false},"template":"","document-original-language":[352],"authorship":[136],"type-of-document":[144],"progress":[149],"location":[262],"class_list":["post-12340","documents","type-documents","status-publish","hentry","document-original-language-es-es","authorship-autoridades-e-instituciones-nacionales","type-of-document-d-estudio-o-analisis","progress-promulgado","location-colombia"],"_links":{"self":[{"href":"https:\/\/www.focus-obs.org\/es\/wp-json\/wp\/v2\/documents\/12340","targetHints":{"allow":["GET"]}}],"collection":[{"href":"https:\/\/www.focus-obs.org\/es\/wp-json\/wp\/v2\/documents"}],"about":[{"href":"https:\/\/www.focus-obs.org\/es\/wp-json\/wp\/v2\/types\/documents"}],"version-history":[{"count":2,"href":"https:\/\/www.focus-obs.org\/es\/wp-json\/wp\/v2\/documents\/12340\/revisions"}],"predecessor-version":[{"id":12342,"href":"https:\/\/www.focus-obs.org\/es\/wp-json\/wp\/v2\/documents\/12340\/revisions\/12342"}],"wp:attachment":[{"href":"https:\/\/www.focus-obs.org\/es\/wp-json\/wp\/v2\/media?parent=12340"}],"wp:term":[{"taxonomy":"document-original-language","embeddable":true,"href":"https:\/\/www.focus-obs.org\/es\/wp-json\/wp\/v2\/document-original-language?post=12340"},{"taxonomy":"authorship","embeddable":true,"href":"https:\/\/www.focus-obs.org\/es\/wp-json\/wp\/v2\/authorship?post=12340"},{"taxonomy":"type-of-document","embeddable":true,"href":"https:\/\/www.focus-obs.org\/es\/wp-json\/wp\/v2\/type-of-document?post=12340"},{"taxonomy":"progress","embeddable":true,"href":"https:\/\/www.focus-obs.org\/es\/wp-json\/wp\/v2\/progress?post=12340"},{"taxonomy":"location","embeddable":true,"href":"https:\/\/www.focus-obs.org\/es\/wp-json\/wp\/v2\/location?post=12340"}],"curies":[{"name":"wp","href":"https:\/\/api.w.org\/{rel}","templated":true}]}}

Análisis a la política pública de protección a personas defensoras en riesgo

<p>Informe de la Contraloría a la política pública de protección a personas defensoras en riesgo &#8211; Colombia</p>



<p>El presente estudio sectorial tiene como objetivo analizar el diseño e implementación de la política pública de protección a personas en riesgo, en el periodo entre 2019 y 2022. Consta de tres capítulos: el primero, presenta un estado del arte sobre la violencia contra defensores de derechos humanos y líderes sociales en Colombia, a partir de la revisión de estudios académicos que identifican los principales factores que han influido en esta problemática y el papel del Estado frente a los mismos. </p>



<p></p>



<p>El segundo, contiene el marco normativo y de política pública, en el cual se describen y analizan los mecanismos e instancias institucionales vigentes, se revisan las estrategias y acciones propuestas en los últimos dos planes nacionales de desarrollo, al igual que sentencias de la Corte Constitucional, y pronunciamientos de organismos del Sistema Interamericano de Derechos Humanos (SIDH), sobre el cumplimiento de los compromisos del Estado colombiano para garantizar la vida e integridad de esta población.</p>



<p></p>



<p>El tercero, da cuenta del análisis de la eficacia y eficiencia en la asignación e implementación de medidas de protección; aquí se examinan las solicitudes presentadas por personas y colectivos, las evaluaciones de riesgo realizadas y el otorgamiento de dichas medidas. Posteriormente, se calculan los costos de las medidas para cada una de las poblaciones objetivo de la política y se determina si existe una relación con los niveles de riesgo. Por último, se presentan las conclusiones del estudio.</p>



<p></p>
